000
CDUS41 KALY 310626
CLIDDH


CLIMATE REPORT
NATIONAL WEATHER SERVICE ALBANY NY
122 AM EST TUE JAN 31 2017


...................................

...THE BENNINGTON VT CLIMATE SUMMARY FOR JANUARY 30 2017...

CLIMATE NORMAL PERIOD 1981 TO 2010
CLIMATE RECORD PERIOD 9999 TO 9999


WEATHER ITEM   OBSERVED TIME   NORMAL DEPARTURE LAST
                VALUE   (LST)  VALUE  FROM      YEAR
                                      NORMAL
......................................................
TEMPERATURE (F)
 YESTERDAY
  MAXIMUM         28    205 PM  32     -4       38
  MINIMUM         16   1157 PM  12      4       21
  AVERAGE         22            22      0       30

PRECIPITATION (IN)
  YESTERDAY        0.00          0.07  -0.07     0.00
  MONTH TO DATE    1.71          2.67  -0.96     1.11
  SINCE DEC 1      3.80          5.46  -1.66     4.86
  SINCE JAN 1      1.71          2.67  -0.96     1.11

DEGREE DAYS
 HEATING
  YESTERDAY       43            43      0       35
  MONTH TO DATE 1054          1313   -259     1194
  SINCE DEC 1   2177          2472   -295     1939
  SINCE JUL 1   3547          4085   -538     3282

 COOLING
  YESTERDAY        0             0      0        0
  MONTH TO DATE    0             0      0        0
  SINCE DEC 1      0             0      0        0
  SINCE JAN 1      0             0      0        0
......................................................


WIND (MPH)
  HIGHEST WIND SPEED    17   HIGHEST WIND DIRECTION     W (280)
  HIGHEST GUST SPEED    27   HIGHEST GUST DIRECTION     W (260)
  AVERAGE WIND SPEED     6.3


SKY COVER
  AVERAGE SKY COVER 0.6



RELATIVE HUMIDITY (PERCENT)
 HIGHEST    71           800 AM
 LOWEST     46           100 PM
 AVERAGE    59

..........................................................


THE BENNINGTON VT CLIMATE NORMALS FOR TODAY
                         NORMAL
 MAXIMUM TEMPERATURE (F)   32
 MINIMUM TEMPERATURE (F)   13


SUNRISE AND SUNSET
JANUARY 31 2017.......SUNRISE   709 AM EST   SUNSET   505 PM EST
FEBRUARY  1 2017......SUNRISE   707 AM EST   SUNSET   506 PM EST


-  INDICATES NEGATIVE NUMBERS.
R  INDICATES RECORD WAS SET OR TIED.
MM INDICATES DATA IS MISSING.
T  INDICATES TRACE AMOUNT.




$$
