000
CDUS41 KALY 280625
CLIDDH


CLIMATE REPORT
NATIONAL WEATHER SERVICE ALBANY NY
123 AM EST THU JAN 28 2016


...................................

...THE BENNINGTON VT CLIMATE SUMMARY FOR JANUARY 27 2016...

CLIMATE NORMAL PERIOD 1981 TO 2010
CLIMATE RECORD PERIOD 9999 TO 9999


WEATHER ITEM   OBSERVED TIME   NORMAL DEPARTURE LAST
                VALUE   (LST)  VALUE  FROM      YEAR
                                      NORMAL
......................................................
TEMPERATURE (F)
 YESTERDAY
  MAXIMUM         40    216 PM  31      9       19
  MINIMUM         19   1159 PM  12      7        8
  AVERAGE         30            22      8       14

PRECIPITATION (IN)
  YESTERDAY        0.00          0.08  -0.08     0.04
  MONTH TO DATE    0.99          2.44  -1.45     2.21
  SINCE DEC 1      4.74          5.23  -0.49     6.12
  SINCE JAN 1      0.99          2.44  -1.45     2.21

DEGREE DAYS
 HEATING
  YESTERDAY       35            44     -9       51
  MONTH TO DATE 1086          1184    -98     1246
  SINCE DEC 1   1831          2343   -512     2270
  SINCE JUL 1   3174          3956   -782     3763

 COOLING
  YESTERDAY        0             0      0        0
  MONTH TO DATE    0             0      0        0
  SINCE DEC 1      0             0      0        0
  SINCE JAN 1      0             0      0        0
......................................................


WIND (MPH)
  HIGHEST WIND SPEED    21   HIGHEST WIND DIRECTION     W (280)
  HIGHEST GUST SPEED    30   HIGHEST GUST DIRECTION     W (270)
  AVERAGE WIND SPEED     7.0


SKY COVER
  AVERAGE SKY COVER 0.7



RELATIVE HUMIDITY (PERCENT)
 HIGHEST    77          1100 PM
 LOWEST     43           400 PM
 AVERAGE    60

..........................................................


THE BENNINGTON VT CLIMATE NORMALS FOR TODAY
                         NORMAL
 MAXIMUM TEMPERATURE (F)   31
 MINIMUM TEMPERATURE (F)   12


SUNRISE AND SUNSET
JANUARY 28 2016.......SUNRISE   712 AM EST   SUNSET   500 PM EST
JANUARY 29 2016.......SUNRISE   711 AM EST   SUNSET   501 PM EST


-  INDICATES NEGATIVE NUMBERS.
R  INDICATES RECORD WAS SET OR TIED.
MM INDICATES DATA IS MISSING.
T  INDICATES TRACE AMOUNT.




$$
