360
CDUS41 KALY 130622
CLIDDH


CLIMATE REPORT
NATIONAL WEATHER SERVICE ALBANY NY
221 AM EDT TUE JUN 13 2017


...................................

...THE BENNINGTON VT CLIMATE SUMMARY FOR JUNE 12 2017...

CLIMATE NORMAL PERIOD 1981 TO 2010
CLIMATE RECORD PERIOD 9999 TO 9999


WEATHER ITEM   OBSERVED TIME   NORMAL DEPARTURE LAST
                VALUE   (LST)  VALUE  FROM      YEAR
                                      NORMAL
......................................................
TEMPERATURE (F)
 YESTERDAY
  MAXIMUM         90    336 PM  74     16       69
  MINIMUM         62    451 AM  52     10       51
  AVERAGE         76            63     13       60

PRECIPITATION (IN)
  YESTERDAY        0.00          0.13  -0.13      T
  MONTH TO DATE    2.10          1.70   0.40     1.34
  SINCE JUN 1      2.10          1.70   0.40     1.34
  SINCE JAN 1     18.34         16.77   1.57    14.39

DEGREE DAYS
 HEATING
  YESTERDAY        0             4     -4        5
  MONTH TO DATE   70            60     10       41
  SINCE JUN 1     70            60     10       41
  SINCE JUL 1   6469          7199   -730     6077

 COOLING
  YESTERDAY       11             2      9        0
  MONTH TO DATE   20            15      5       16
  SINCE JUN 1     20            15      5       16
  SINCE JAN 1     35            29      6       58
......................................................


WIND (MPH)
  HIGHEST WIND SPEED    13   HIGHEST WIND DIRECTION    NW (310)
  HIGHEST GUST SPEED    20   HIGHEST GUST DIRECTION    NW (310)
  AVERAGE WIND SPEED     3.4


SKY COVER
  AVERAGE SKY COVER 0.1



RELATIVE HUMIDITY (PERCENT)
 HIGHEST    93           400 AM
 LOWEST     38           300 PM
 AVERAGE    66

..........................................................


THE BENNINGTON VT CLIMATE NORMALS FOR TODAY
                         NORMAL
 MAXIMUM TEMPERATURE (F)   75
 MINIMUM TEMPERATURE (F)   52


SUNRISE AND SUNSET
JUNE 13 2017..........SUNRISE   514 AM EDT   SUNSET   833 PM EDT
JUNE 14 2017..........SUNRISE   514 AM EDT   SUNSET   833 PM EDT


-  INDICATES NEGATIVE NUMBERS.
R  INDICATES RECORD WAS SET OR TIED.
MM INDICATES DATA IS MISSING.
T  INDICATES TRACE AMOUNT.




$$
