000
CDUS41 KALY 300622
CLIDDH


CLIMATE REPORT
NATIONAL WEATHER SERVICE ALBANY NY
222 AM EDT MON JUN 30 2014


...................................

...THE BENNINGTON VT CLIMATE SUMMARY FOR JUNE 29 2014...

CLIMATE NORMAL PERIOD 1981 TO 2010
CLIMATE RECORD PERIOD 9999 TO 9999


WEATHER ITEM   OBSERVED TIME   NORMAL DEPARTURE LAST
                VALUE   (LST)  VALUE  FROM      YEAR
                                      NORMAL
......................................................
TEMPERATURE (F)
 YESTERDAY
  MAXIMUM         85    332 PM  78      7       82
  MINIMUM         54    417 AM  56     -2       64
  AVERAGE         70            67      3       73

PRECIPITATION (IN)
  YESTERDAY        0.00          0.12  -0.12     0.01
  MONTH TO DATE    3.33          4.01  -0.68     7.16
  SINCE JUN 1      3.33          4.01  -0.68     7.16
  SINCE JAN 1     16.16         19.08  -2.92    21.63

DEGREE DAYS
 HEATING
  YESTERDAY        0             1     -1        0
  MONTH TO DATE   47            95    -48      100
  SINCE JUN 1     47            95    -48      100
  SINCE JUL 1   7298          7234     64     6750

 COOLING
  YESTERDAY        5             3      2        8
  MONTH TO DATE   55            55      0       90
  SINCE JUN 1     55            55      0       90
  SINCE JAN 1     71            69      2      122
......................................................


WIND (MPH)
  HIGHEST WIND SPEED    15   HIGHEST WIND DIRECTION     S (200)
  HIGHEST GUST SPEED    23   HIGHEST GUST DIRECTION     S (190)
  AVERAGE WIND SPEED     2.4


SKY COVER
  AVERAGE SKY COVER 0.2



RELATIVE HUMIDITY (PERCENT)
 HIGHEST    93          1200 AM
 LOWEST     40           300 PM
 AVERAGE    67

..........................................................


THE BENNINGTON VT CLIMATE NORMALS FOR TODAY
                         NORMAL
 MAXIMUM TEMPERATURE (F)   78
 MINIMUM TEMPERATURE (F)   56


SUNRISE AND SUNSET
JUNE 30 2014..........SUNRISE   518 AM EDT   SUNSET   836 PM EDT
JULY  1 2014..........SUNRISE   518 AM EDT   SUNSET   835 PM EDT


-  INDICATES NEGATIVE NUMBERS.
R  INDICATES RECORD WAS SET OR TIED.
MM INDICATES DATA IS MISSING.
T  INDICATES TRACE AMOUNT.




$$
