000
CDUS41 KALY 180734
CLIDDH


CLIMATE REPORT
NATIONAL WEATHER SERVICE ALBANY NY
233 AM EST SUN JAN 18 2015


...................................

...THE BENNINGTON VT CLIMATE SUMMARY FOR JANUARY 17 2015...

CLIMATE NORMAL PERIOD 1981 TO 2010
CLIMATE RECORD PERIOD 9999 TO 9999


WEATHER ITEM   OBSERVED TIME   NORMAL DEPARTURE LAST
                VALUE   (LST)  VALUE  FROM      YEAR
                                      NORMAL
......................................................
TEMPERATURE (F)
 YESTERDAY
  MAXIMUM         26   1152 PM  30     -4       38
  MINIMUM         -7    737 AM  11    -18       20
  AVERAGE         10            21    -11       29

PRECIPITATION (IN)
  YESTERDAY        0.00          0.09  -0.09     0.01
  MONTH TO DATE    0.81          1.67  -0.86     2.73
  SINCE DEC 1      4.72          4.46   0.26     5.61
  SINCE JAN 1      0.81          1.67  -0.86     2.73

DEGREE DAYS
 HEATING
  YESTERDAY       55            44     11       36
  MONTH TO DATE  813           744     69      701
  SINCE DEC 1   1837          1903    -66     1833
  SINCE JUL 1   3330          3516   -186     3364

 COOLING
  YESTERDAY        0             0      0        0
  MONTH TO DATE    0             0      0        0
  SINCE DEC 1      0             0      0        0
  SINCE JAN 1      0             0      0        0
......................................................


WIND (MPH)
  HIGHEST WIND SPEED    18   HIGHEST WIND DIRECTION     S (180)
  HIGHEST GUST SPEED    28   HIGHEST GUST DIRECTION     S (190)
  AVERAGE WIND SPEED     3.9


SKY COVER
  AVERAGE SKY COVER 0.1



RELATIVE HUMIDITY (PERCENT)
 HIGHEST    75           800 AM
 LOWEST     30           800 PM
 AVERAGE    53

..........................................................


THE BENNINGTON VT CLIMATE NORMALS FOR TODAY
                         NORMAL
 MAXIMUM TEMPERATURE (F)   30
 MINIMUM TEMPERATURE (F)   11


SUNRISE AND SUNSET
JANUARY 18 2015.......SUNRISE   720 AM EST   SUNSET   447 PM EST
JANUARY 19 2015.......SUNRISE   719 AM EST   SUNSET   449 PM EST


-  INDICATES NEGATIVE NUMBERS.
R  INDICATES RECORD WAS SET OR TIED.
MM INDICATES DATA IS MISSING.
T  INDICATES TRACE AMOUNT.




$$
