000
CDUS41 KALY 110622
CLIDDH


CLIMATE REPORT
NATIONAL WEATHER SERVICE ALBANY NY
121 AM EST SAT MAR 11 2017


...................................

...THE BENNINGTON VT CLIMATE SUMMARY FOR MARCH 10 2017...

CLIMATE NORMAL PERIOD 1981 TO 2010
CLIMATE RECORD PERIOD 9999 TO 9999


WEATHER ITEM   OBSERVED TIME   NORMAL DEPARTURE LAST
                VALUE   (LST)  VALUE  FROM      YEAR
                                      NORMAL
......................................................
TEMPERATURE (F)
 YESTERDAY
  MAXIMUM         33    319 PM  41     -8       66
  MINIMUM         15   1159 PM  21     -6       51
  AVERAGE         24            31     -7       59

PRECIPITATION (IN)
  YESTERDAY        T             0.09  -0.09     0.55
  MONTH TO DATE    0.47          0.91  -0.44     0.81
  SINCE MAR 1      0.47          0.91  -0.44     0.81
  SINCE JAN 1      4.10          5.90  -1.80     5.85

DEGREE DAYS
 HEATING
  YESTERDAY       41            34      7        6
  MONTH TO DATE  326           354    -28      287
  SINCE MAR 1    326           354    -28      287
  SINCE JUL 1   4861          5605   -744     4620

 COOLING
  YESTERDAY        0             0      0        0
  MONTH TO DATE    0             0      0        0
  SINCE MAR 1      0             0      0        0
  SINCE JAN 1      0             0      0        0
......................................................


WIND (MPH)
  HIGHEST WIND SPEED    26   HIGHEST WIND DIRECTION     W (270)
  HIGHEST GUST SPEED    39   HIGHEST GUST DIRECTION     W (270)
  AVERAGE WIND SPEED     8.3


SKY COVER
  AVERAGE SKY COVER 0.7



RELATIVE HUMIDITY (PERCENT)
 HIGHEST    69           100 AM
 LOWEST     33           800 PM
 AVERAGE    51

..........................................................


THE BENNINGTON VT CLIMATE NORMALS FOR TODAY
                         NORMAL
 MAXIMUM TEMPERATURE (F)   42
 MINIMUM TEMPERATURE (F)   21


SUNRISE AND SUNSET
MARCH 11 2017.........SUNRISE   612 AM EST   SUNSET   555 PM EST
MARCH 12 2017.........SUNRISE   710 AM EDT   SUNSET   656 PM EDT


-  INDICATES NEGATIVE NUMBERS.
R  INDICATES RECORD WAS SET OR TIED.
MM INDICATES DATA IS MISSING.
T  INDICATES TRACE AMOUNT.




$$
