000
CDUS41 KALY 310651
CLIDDH


CLIMATE REPORT
NATIONAL WEATHER SERVICE ALBANY NY
151 AM EST WED JAN 31 2018


...................................

...THE BENNINGTON VT CLIMATE SUMMARY FOR JANUARY 30 2018...

CLIMATE NORMAL PERIOD 1981 TO 2010
CLIMATE RECORD PERIOD 9999 TO 9999


WEATHER ITEM   OBSERVED TIME   NORMAL DEPARTURE LAST
                VALUE   (LST)  VALUE  FROM      YEAR
                                      NORMAL
......................................................
TEMPERATURE (F)
 YESTERDAY
  MAXIMUM         31   1238 AM  32     -1       28
  MINIMUM         16   1159 PM  12      4       16
  AVERAGE         24            22      2       22

PRECIPITATION (IN)
  YESTERDAY        T             0.07  -0.07     0.00
  MONTH TO DATE    3.05          2.67   0.38     1.71
  SINCE DEC 1      5.19          5.46  -0.27     3.80
  SINCE JAN 1      3.05          2.67   0.38     1.71

DEGREE DAYS
 HEATING
  YESTERDAY       41            43     -2       43
  MONTH TO DATE 1300          1313    -13     1054
  SINCE DEC 1   2560          2472     88     2177
  SINCE JUL 1   3860          4085   -225     3547

 COOLING
  YESTERDAY        0             0      0        0
  MONTH TO DATE    0             0      0        0
  SINCE DEC 1      0             0      0        0
  SINCE JAN 1      0             0      0        0
......................................................


WIND (MPH)
  HIGHEST WIND SPEED    12   HIGHEST WIND DIRECTION    NW (320)
  HIGHEST GUST SPEED    17   HIGHEST GUST DIRECTION    NW (320)
  AVERAGE WIND SPEED     5.4


SKY COVER
  AVERAGE SKY COVER 1.0



RELATIVE HUMIDITY (PERCENT)
 HIGHEST    81           900 AM
 LOWEST     60           200 PM
 AVERAGE    71

..........................................................


THE BENNINGTON VT CLIMATE NORMALS FOR TODAY
                         NORMAL
 MAXIMUM TEMPERATURE (F)   32
 MINIMUM TEMPERATURE (F)   13


SUNRISE AND SUNSET
JANUARY 31 2018.......SUNRISE   709 AM EST   SUNSET   505 PM EST
FEBRUARY  1 2018......SUNRISE   708 AM EST   SUNSET   506 PM EST


-  INDICATES NEGATIVE NUMBERS.
R  INDICATES RECORD WAS SET OR TIED.
MM INDICATES DATA IS MISSING.
T  INDICATES TRACE AMOUNT.




$$
