000
CDUS41 KALY 292055
CLIDDH


CLIMATE REPORT
NATIONAL WEATHER SERVICE ALBANY NY
454 PM EDT SAT JUL 29 2017


...................................

...THE BENNINGTON VT CLIMATE SUMMARY FOR JULY 29 2017...
VALID TODAY AS OF 0400 PM LOCAL TIME.

CLIMATE NORMAL PERIOD 1981 TO 2010
CLIMATE RECORD PERIOD 9999 TO 9999


WEATHER ITEM   OBSERVED TIME   NORMAL DEPARTURE LAST
                VALUE   (LST)  VALUE  FROM      YEAR
                                      NORMAL
......................................................
TEMPERATURE (F)
 TODAY
  MAXIMUM         74    347 PM  79     -5       86
  MINIMUM         51    441 AM  57     -6       59
  AVERAGE         63            68     -5       73

PRECIPITATION (IN)
  TODAY            0.00          0.14  -0.14      T
  MONTH TO DATE    6.20          4.06   2.14     1.60
  SINCE JUN 1     13.28          8.19   5.09     3.34
  SINCE JAN 1     29.52         23.26   6.26    16.39

DEGREE DAYS
 HEATING
  TODAY            2             1      1        0
  MONTH TO DATE   10            29    -19       10
  SINCE JUN 1    105           126    -21       79
  SINCE JUL 1     10            29    -19       10

 COOLING
  TODAY            0             4     -4        8
  MONTH TO DATE  117           115      2      159
  SINCE JUN 1    204           173     31      217
  SINCE JAN 1    219           187     32      259
......................................................


WIND (MPH)
  HIGHEST WIND SPEED    12   HIGHEST WIND DIRECTION     N (360)
  HIGHEST GUST SPEED    16   HIGHEST GUST DIRECTION     N (350)
  AVERAGE WIND SPEED     4.2


SKY COVER
  AVERAGE SKY COVER 0.0



RELATIVE HUMIDITY (PERCENT)
 HIGHEST    96
 LOWEST     41
 AVERAGE    69

..........................................................


THE BENNINGTON VT CLIMATE NORMALS FOR TOMORROW
                         NORMAL
 MAXIMUM TEMPERATURE (F)   79
 MINIMUM TEMPERATURE (F)   57


SUNRISE AND SUNSET
JULY 29 2017..........SUNRISE   541 AM EDT   SUNSET   817 PM EDT
JULY 30 2017..........SUNRISE   542 AM EDT   SUNSET   816 PM EDT


-  INDICATES NEGATIVE NUMBERS.
R  INDICATES RECORD WAS SET OR TIED.
MM INDICATES DATA IS MISSING.
T  INDICATES TRACE AMOUNT.




$$
