000
CDUS41 KALY 100623
CLIDDH


CLIMATE REPORT
NATIONAL WEATHER SERVICE ALBANY NY
222 AM EDT SUN APR 10 2016


...................................

...THE BENNINGTON VT CLIMATE SUMMARY FOR APRIL 9 2016...

CLIMATE NORMAL PERIOD 1981 TO 2010
CLIMATE RECORD PERIOD 9999 TO 9999


WEATHER ITEM   OBSERVED TIME   NORMAL DEPARTURE LAST
                VALUE   (LST)  VALUE  FROM      YEAR
                                      NORMAL
......................................................
TEMPERATURE (F)
 YESTERDAY
  MAXIMUM         43    427 PM  54    -11       40
  MINIMUM         23    437 AM  32     -9       33
  AVERAGE         33            43    -10       37

PRECIPITATION (IN)
  YESTERDAY        0.00          0.12  -0.12     0.01
  MONTH TO DATE    1.48          1.12   0.36     0.47
  SINCE MAR 1      3.94          4.27  -0.33     1.61
  SINCE JAN 1      8.98          9.26  -0.28     5.02

DEGREE DAYS
 HEATING
  YESTERDAY       32            22     10       28
  MONTH TO DATE  273           213     60      229
  SINCE MAR 1   1037          1197   -160     1400
  SINCE JUL 1   5370          6448  -1078     6902

 COOLING
  YESTERDAY        0             0      0        0
  MONTH TO DATE    0             0      0        0
  SINCE MAR 1      0             0      0        0
  SINCE JAN 1      0             0      0        0
......................................................


WIND (MPH)
  HIGHEST WIND SPEED    15   HIGHEST WIND DIRECTION     N (340)
  HIGHEST GUST SPEED    21   HIGHEST GUST DIRECTION     N (350)
  AVERAGE WIND SPEED     7.2


SKY COVER
  AVERAGE SKY COVER 0.2



RELATIVE HUMIDITY (PERCENT)
 HIGHEST    88           500 AM
 LOWEST     33           400 PM
 AVERAGE    61

..........................................................


THE BENNINGTON VT CLIMATE NORMALS FOR TODAY
                         NORMAL
 MAXIMUM TEMPERATURE (F)   54
 MINIMUM TEMPERATURE (F)   33


SUNRISE AND SUNSET
APRIL 10 2016.........SUNRISE   619 AM EDT   SUNSET   730 PM EDT
APRIL 11 2016.........SUNRISE   617 AM EDT   SUNSET   731 PM EDT


-  INDICATES NEGATIVE NUMBERS.
R  INDICATES RECORD WAS SET OR TIED.
MM INDICATES DATA IS MISSING.
T  INDICATES TRACE AMOUNT.




$$
