000
CDUS41 KALY 030624
CLIDDH


CLIMATE REPORT
NATIONAL WEATHER SERVICE ALBANY NY
224 AM EDT WED MAY 3 2017


...................................

...THE BENNINGTON VT CLIMATE SUMMARY FOR MAY 2 2017...

CLIMATE NORMAL PERIOD 1981 TO 2010
CLIMATE RECORD PERIOD 9999 TO 9999


WEATHER ITEM   OBSERVED TIME   NORMAL DEPARTURE LAST
                VALUE   (LST)  VALUE  FROM      YEAR
                                      NORMAL
......................................................
TEMPERATURE (F)
 YESTERDAY
  MAXIMUM         62    336 AM  63     -1       50
  MINIMUM         47    930 PM  40      7       44
  AVERAGE         55            51      4       47

PRECIPITATION (IN)
  YESTERDAY        0.68          0.09   0.59     0.49
  MONTH TO DATE    1.81          0.19   1.62     0.59
  SINCE MAR 1      7.29          6.61   0.68     5.68
  SINCE JAN 1     10.92         11.60  -0.68    10.72

DEGREE DAYS
 HEATING
  YESTERDAY       10            14     -4       18
  MONTH TO DATE   11            28    -17       36
  SINCE MAR 1   1555          1600    -45     1444
  SINCE JUL 1   6090          6851   -761     5777

 COOLING
  YESTERDAY        0             0      0        0
  MONTH TO DATE    0             0      0        0
  SINCE MAR 1      3             3      0        1
  SINCE JAN 1      3             3      0        1
......................................................


WIND (MPH)
  HIGHEST WIND SPEED    17   HIGHEST WIND DIRECTION     W (280)
  HIGHEST GUST SPEED    25   HIGHEST GUST DIRECTION     W (280)
  AVERAGE WIND SPEED     4.9


SKY COVER
  AVERAGE SKY COVER 1.0



RELATIVE HUMIDITY (PERCENT)
 HIGHEST    90          1200 AM
 LOWEST     64           200 PM
 AVERAGE    77

..........................................................


THE BENNINGTON VT CLIMATE NORMALS FOR TODAY
                         NORMAL
 MAXIMUM TEMPERATURE (F)   63
 MINIMUM TEMPERATURE (F)   40


SUNRISE AND SUNSET
MAY  3 2017...........SUNRISE   544 AM EDT   SUNSET   756 PM EDT
MAY  4 2017...........SUNRISE   543 AM EDT   SUNSET   757 PM EDT


-  INDICATES NEGATIVE NUMBERS.
R  INDICATES RECORD WAS SET OR TIED.
MM INDICATES DATA IS MISSING.
T  INDICATES TRACE AMOUNT.




$$
