000
CDUS41 KALY 200624
CLIDDH


CLIMATE REPORT
NATIONAL WEATHER SERVICE ALBANY NY
223 AM EDT SAT JUN 20 2015


...................................

...THE BENNINGTON VT CLIMATE SUMMARY FOR JUNE 19 2015...

CLIMATE NORMAL PERIOD 1981 TO 2010
CLIMATE RECORD PERIOD 9999 TO 9999


WEATHER ITEM   OBSERVED TIME   NORMAL DEPARTURE LAST
                VALUE   (LST)  VALUE  FROM      YEAR
                                      NORMAL
......................................................
TEMPERATURE (F)
 YESTERDAY
  MAXIMUM         76    210 PM  76      0       78
  MINIMUM         46   1127 PM  54     -8       48
  AVERAGE         61            65     -4       63

PRECIPITATION (IN)
  YESTERDAY        0.02          0.15  -0.13     0.00
  MONTH TO DATE    1.89          2.71  -0.82     1.58
  SINCE JUN 1      1.89          2.71  -0.82     1.58
  SINCE JAN 1      9.45         17.78  -8.33    14.41

DEGREE DAYS
 HEATING
  YESTERDAY        4             2      2        2
  MONTH TO DATE   71            80     -9       30
  SINCE JUN 1     71            80     -9       30
  SINCE JUL 1   7513          7219    294     7281

 COOLING
  YESTERDAY        0             2     -2        0
  MONTH TO DATE   24            29     -5       27
  SINCE JUN 1     24            29     -5       27
  SINCE JAN 1     88            43     45       43
......................................................


WIND (MPH)
  HIGHEST WIND SPEED    14   HIGHEST WIND DIRECTION     N (360)
  HIGHEST GUST SPEED    19   HIGHEST GUST DIRECTION     N (360)
  AVERAGE WIND SPEED     5.0


SKY COVER
  AVERAGE SKY COVER 0.5



RELATIVE HUMIDITY (PERCENT)
 HIGHEST    93           200 AM
 LOWEST     48           700 PM
 AVERAGE    71

..........................................................


THE BENNINGTON VT CLIMATE NORMALS FOR TODAY
                         NORMAL
 MAXIMUM TEMPERATURE (F)   76
 MINIMUM TEMPERATURE (F)   54


SUNRISE AND SUNSET
JUNE 20 2015..........SUNRISE   514 AM EDT   SUNSET   835 PM EDT
JUNE 21 2015..........SUNRISE   514 AM EDT   SUNSET   835 PM EDT


-  INDICATES NEGATIVE NUMBERS.
R  INDICATES RECORD WAS SET OR TIED.
MM INDICATES DATA IS MISSING.
T  INDICATES TRACE AMOUNT.




$$
