000
CDUS41 KALY 170623
CLIDDH


CLIMATE REPORT
NATIONAL WEATHER SERVICE ALBANY NY
222 AM EDT FRI MAR 17 2017


...................................

...THE BENNINGTON VT CLIMATE SUMMARY FOR MARCH 16 2017...

CLIMATE NORMAL PERIOD 1981 TO 2010
CLIMATE RECORD PERIOD 9999 TO 9999


WEATHER ITEM   OBSERVED TIME   NORMAL DEPARTURE LAST
                VALUE   (LST)  VALUE  FROM      YEAR
                                      NORMAL
......................................................
TEMPERATURE (F)
 YESTERDAY
  MAXIMUM         29    400 PM  44    -15       66
  MINIMUM         15    806 AM  22     -7       32
  AVERAGE         22            33    -11       49

PRECIPITATION (IN)
  YESTERDAY        T             0.11  -0.11     0.29
  MONTH TO DATE    0.85          1.49  -0.64     1.52
  SINCE MAR 1      0.85          1.49  -0.64     1.52
  SINCE JAN 1      4.48          6.48  -2.00     6.56

DEGREE DAYS
 HEATING
  YESTERDAY       43            32     11       16
  MONTH TO DATE  620           551     69      408
  SINCE MAR 1    620           551     69      408
  SINCE JUL 1   5155          5802   -647     4741

 COOLING
  YESTERDAY        0             0      0        0
  MONTH TO DATE    0             0      0        0
  SINCE MAR 1      0             0      0        0
  SINCE JAN 1      0             0      0        0
......................................................


WIND (MPH)
  HIGHEST WIND SPEED    18   HIGHEST WIND DIRECTION    NW (300)
  HIGHEST GUST SPEED    28   HIGHEST GUST DIRECTION     W (290)
  AVERAGE WIND SPEED    10.3


SKY COVER
  AVERAGE SKY COVER 0.1



RELATIVE HUMIDITY (PERCENT)
 HIGHEST    74          1200 AM
 LOWEST     38           700 PM
 AVERAGE    56

..........................................................


THE BENNINGTON VT CLIMATE NORMALS FOR TODAY
                         NORMAL
 MAXIMUM TEMPERATURE (F)   44
 MINIMUM TEMPERATURE (F)   23


SUNRISE AND SUNSET
MARCH 17 2017.........SUNRISE   701 AM EDT   SUNSET   702 PM EDT
MARCH 18 2017.........SUNRISE   659 AM EDT   SUNSET   703 PM EDT


-  INDICATES NEGATIVE NUMBERS.
R  INDICATES RECORD WAS SET OR TIED.
MM INDICATES DATA IS MISSING.
T  INDICATES TRACE AMOUNT.




$$
