951
CDUS41 KALY 242157
CLIDDH


CLIMATE REPORT
NATIONAL WEATHER SERVICE ALBANY NY
457 PM EST THU NOV 24 2016


...................................

...THE BENNINGTON VT CLIMATE SUMMARY FOR NOVEMBER 24 2016...
VALID TODAY AS OF 0400 PM LOCAL TIME.

CLIMATE NORMAL PERIOD 1981 TO 2010
CLIMATE RECORD PERIOD 9999 TO 9999


WEATHER ITEM   OBSERVED TIME   NORMAL DEPARTURE LAST
                VALUE   (LST)  VALUE  FROM      YEAR
                                      NORMAL
......................................................
TEMPERATURE (F)
 TODAY
  MAXIMUM         39   1259 PM  44     -5       41
  MINIMUM         22   1212 AM  28     -6       16
  AVERAGE         31            36     -5       29

PRECIPITATION (IN)
  TODAY            0.02          0.10  -0.08     0.00
  MONTH TO DATE    1.77          2.46  -0.69     1.17
  SINCE SEP 1      8.37          9.72  -1.35    10.89
  SINCE JAN 1     29.68         37.26  -7.58    25.12

DEGREE DAYS
 HEATING
  TODAY           34            29      5       36
  MONTH TO DATE  609           611     -2      496
  SINCE SEP 1   1186          1360   -174     1147
  SINCE JUL 1   1208          1432   -224     1186

 COOLING
  TODAY            0             0      0        0
  MONTH TO DATE    0             0      0        0
  SINCE SEP 1     49            25     24       76
  SINCE JAN 1    488           313    175      444
......................................................


WIND (MPH)
  HIGHEST WIND SPEED    15   HIGHEST WIND DIRECTION    SE (140)
  HIGHEST GUST SPEED    18   HIGHEST GUST DIRECTION    SE (140)
  AVERAGE WIND SPEED     3.9


SKY COVER
  AVERAGE SKY COVER 0.8



RELATIVE HUMIDITY (PERCENT)
 HIGHEST    88
 LOWEST     59
 AVERAGE    74

..........................................................


THE BENNINGTON VT CLIMATE NORMALS FOR TOMORROW
                         NORMAL
 MAXIMUM TEMPERATURE (F)   44
 MINIMUM TEMPERATURE (F)   28


SUNRISE AND SUNSET
NOVEMBER 24 2016......SUNRISE   657 AM EST   SUNSET   423 PM EST
NOVEMBER 25 2016......SUNRISE   658 AM EST   SUNSET   422 PM EST


-  INDICATES NEGATIVE NUMBERS.
R  INDICATES RECORD WAS SET OR TIED.
MM INDICATES DATA IS MISSING.
T  INDICATES TRACE AMOUNT.




$$
