000
CDUS41 KALY 040627
CLIDDH


CLIMATE REPORT
NATIONAL WEATHER SERVICE ALBANY NY
226 AM EDT MON JUL 4 2016


...................................

...THE BENNINGTON VT CLIMATE SUMMARY FOR JULY 3 2016...

CLIMATE NORMAL PERIOD 1981 TO 2010
CLIMATE RECORD PERIOD 9999 TO 9999


WEATHER ITEM   OBSERVED TIME   NORMAL DEPARTURE LAST
                VALUE   (LST)  VALUE  FROM      YEAR
                                      NORMAL
......................................................
TEMPERATURE (F)
 YESTERDAY
  MAXIMUM         79    233 PM  79      0       75
  MINIMUM         49    457 AM  56     -7       44
  AVERAGE         64            68     -4       60

PRECIPITATION (IN)
  YESTERDAY        0.00          0.13  -0.13     0.00
  MONTH TO DATE    0.31          0.39  -0.08     0.60
  SINCE JUN 1      2.05          4.52  -2.47     3.55
  SINCE JAN 1     15.10         19.59  -4.49    11.11

DEGREE DAYS
 HEATING
  YESTERDAY        1             1      0        5
  MONTH TO DATE    1             3     -2        7
  SINCE JUN 1     70           100    -30      102
  SINCE JUL 1      1             3     -2        7

 COOLING
  YESTERDAY        0             4     -4        0
  MONTH TO DATE    2            11     -9        4
  SINCE JUN 1     60            69     -9       51
  SINCE JAN 1    102            83     19      115
......................................................


WIND (MPH)
  HIGHEST WIND SPEED    16   HIGHEST WIND DIRECTION     W (270)
  HIGHEST GUST SPEED    23   HIGHEST GUST DIRECTION     W (270)
  AVERAGE WIND SPEED     4.0


SKY COVER
  AVERAGE SKY COVER 0.2



RELATIVE HUMIDITY (PERCENT)
 HIGHEST    93           300 AM
 LOWEST     31           500 PM
 AVERAGE    62

..........................................................


THE BENNINGTON VT CLIMATE NORMALS FOR TODAY
                         NORMAL
 MAXIMUM TEMPERATURE (F)   79
 MINIMUM TEMPERATURE (F)   57


SUNRISE AND SUNSET
JULY  4 2016..........SUNRISE   520 AM EDT   SUNSET   835 PM EDT
JULY  5 2016..........SUNRISE   521 AM EDT   SUNSET   834 PM EDT


-  INDICATES NEGATIVE NUMBERS.
R  INDICATES RECORD WAS SET OR TIED.
MM INDICATES DATA IS MISSING.
T  INDICATES TRACE AMOUNT.




$$
