449
CDUS41 KALY 090626
CLIDDH


CLIMATE REPORT
NATIONAL WEATHER SERVICE ALBANY NY
225 AM EDT SUN JUL 9 2017


...................................

...THE BENNINGTON VT CLIMATE SUMMARY FOR JULY 8 2017...

CLIMATE NORMAL PERIOD 1981 TO 2010
CLIMATE RECORD PERIOD 9999 TO 9999


WEATHER ITEM   OBSERVED TIME   NORMAL DEPARTURE LAST
                VALUE   (LST)  VALUE  FROM      YEAR
                                      NORMAL
......................................................
TEMPERATURE (F)
 YESTERDAY
  MAXIMUM         77    215 PM  79     -2       85
  MINIMUM         61    304 AM  57      4       65
  AVERAGE         69            68      1       75

PRECIPITATION (IN)
  YESTERDAY        0.29          0.14   0.15     0.04
  MONTH TO DATE    3.76          1.05   2.71     0.39
  SINCE JUN 1     10.84          5.18   5.66     2.13
  SINCE JAN 1     27.08         20.25   6.83    15.18

DEGREE DAYS
 HEATING
  YESTERDAY        0             1     -1        0
  MONTH TO DATE    0             8     -8        1
  SINCE JUN 1     95           105    -10       70
  SINCE JUL 1      0             8     -8        1

 COOLING
  YESTERDAY        4             4      0       10
  MONTH TO DATE   37            31      6       41
  SINCE JUN 1    124            89     35       99
  SINCE JAN 1    139           103     36      141
......................................................


WIND (MPH)
  HIGHEST WIND SPEED    12   HIGHEST WIND DIRECTION     W (260)
  HIGHEST GUST SPEED    18   HIGHEST GUST DIRECTION    NW (310)
  AVERAGE WIND SPEED     3.9


SKY COVER
  AVERAGE SKY COVER 0.6



RELATIVE HUMIDITY (PERCENT)
 HIGHEST    93          1200 AM
 LOWEST     64           200 PM
 AVERAGE    79

..........................................................


THE BENNINGTON VT CLIMATE NORMALS FOR TODAY
                         NORMAL
 MAXIMUM TEMPERATURE (F)   79
 MINIMUM TEMPERATURE (F)   57


SUNRISE AND SUNSET
JULY  9 2017..........SUNRISE   523 AM EDT   SUNSET   833 PM EDT
JULY 10 2017..........SUNRISE   524 AM EDT   SUNSET   832 PM EDT


-  INDICATES NEGATIVE NUMBERS.
R  INDICATES RECORD WAS SET OR TIED.
MM INDICATES DATA IS MISSING.
T  INDICATES TRACE AMOUNT.




$$
