000
CDUS41 KALY 022147
CLIDDH


CLIMATE REPORT
NATIONAL WEATHER SERVICE ALBANY NY
447 PM EST FRI FEB 2 2018


...................................

...THE BENNINGTON VT CLIMATE SUMMARY FOR FEBRUARY 2 2018...
VALID TODAY AS OF 0400 PM LOCAL TIME.

CLIMATE NORMAL PERIOD 1981 TO 2010
CLIMATE RECORD PERIOD 9999 TO 9999


WEATHER ITEM   OBSERVED TIME   NORMAL DEPARTURE LAST
                VALUE   (LST)  VALUE  FROM      YEAR
                                      NORMAL
......................................................
TEMPERATURE (F)
 TODAY
  MAXIMUM         36   1206 AM  32      4       32
  MINIMUM         12    443 PM  13     -1       23
  AVERAGE         24            22      2       28

PRECIPITATION (IN)
  TODAY            0.19          0.07   0.12      T
  MONTH TO DATE    0.22          0.13   0.09     0.01
  SINCE DEC 1      5.41          5.67  -0.26     3.81
  SINCE JAN 1      3.27          2.88   0.39     1.72

DEGREE DAYS
 HEATING
  TODAY           41            43     -2       37
  MONTH TO DATE   71            86    -15       71
  SINCE DEC 1   2676          2604     72     2295
  SINCE JUL 1   3976          4217   -241     3665

 COOLING
  TODAY            0             0      0        0
  MONTH TO DATE    0             0      0        0
  SINCE DEC 1      0             0      0        0
  SINCE JAN 1      0             0      0        0
......................................................


WIND (MPH)
  HIGHEST WIND SPEED    17   HIGHEST WIND DIRECTION     W (280)
  HIGHEST GUST SPEED    38   HIGHEST GUST DIRECTION    NW (300)
  AVERAGE WIND SPEED    12.3


SKY COVER
  AVERAGE SKY COVER 0.7



RELATIVE HUMIDITY (PERCENT)
 HIGHEST    89
 LOWEST     43
 AVERAGE    66

..........................................................


THE BENNINGTON VT CLIMATE NORMALS FOR TOMORROW
                         NORMAL
 MAXIMUM TEMPERATURE (F)   32
 MINIMUM TEMPERATURE (F)   13


SUNRISE AND SUNSET
FEBRUARY  2 2018......SUNRISE   707 AM EST   SUNSET   507 PM EST
FEBRUARY  3 2018......SUNRISE   706 AM EST   SUNSET   509 PM EST


-  INDICATES NEGATIVE NUMBERS.
R  INDICATES RECORD WAS SET OR TIED.
MM INDICATES DATA IS MISSING.
T  INDICATES TRACE AMOUNT.




$$
