000
CDUS41 KALY 242143
CLIDDH


CLIMATE REPORT
NATIONAL WEATHER SERVICE ALBANY NY
443 PM EST SAT DEC 24 2016


...................................

...THE BENNINGTON VT CLIMATE SUMMARY FOR DECEMBER 24 2016...
VALID TODAY AS OF 0400 PM LOCAL TIME.

CLIMATE NORMAL PERIOD 1981 TO 2010
CLIMATE RECORD PERIOD 9999 TO 9999


WEATHER ITEM   OBSERVED TIME   NORMAL DEPARTURE LAST
                VALUE   (LST)  VALUE  FROM      YEAR
                                      NORMAL
......................................................
TEMPERATURE (F)
 TODAY
  MAXIMUM         44    626 AM  33     11       70
  MINIMUM         26    106 AM  16     10       44
  AVERAGE         35            24     11       57

PRECIPITATION (IN)
  TODAY            0.07          0.09  -0.02     0.01
  MONTH TO DATE    1.88          2.21  -0.33     2.42
  SINCE DEC 1      1.88          2.21  -0.33     2.42
  SINCE JAN 1     32.42         40.12  -7.70    27.63

DEGREE DAYS
 HEATING
  TODAY           30            41    -11        8
  MONTH TO DATE  885           869     16      550
  SINCE DEC 1    885           869     16      550
  SINCE JUL 1   2255          2482   -227     1893

 COOLING
  TODAY            0             0      0        0
  MONTH TO DATE    0             0      0        0
  SINCE DEC 1      0             0      0        0
  SINCE JAN 1    488           313    175      444
......................................................


WIND (MPH)
  HIGHEST WIND SPEED    10   HIGHEST WIND DIRECTION     S (160)
  HIGHEST GUST SPEED    20   HIGHEST GUST DIRECTION     S (160)
  AVERAGE WIND SPEED     3.6


SKY COVER
  AVERAGE SKY COVER 0.8



RELATIVE HUMIDITY (PERCENT)
 HIGHEST    92
 LOWEST     27
 AVERAGE    60

..........................................................


THE BENNINGTON VT CLIMATE NORMALS FOR TOMORROW
                         NORMAL
 MAXIMUM TEMPERATURE (F)   33
 MINIMUM TEMPERATURE (F)   16


SUNRISE AND SUNSET
DECEMBER 24 2016......SUNRISE   722 AM EST   SUNSET   424 PM EST
DECEMBER 25 2016......SUNRISE   723 AM EST   SUNSET   424 PM EST


-  INDICATES NEGATIVE NUMBERS.
R  INDICATES RECORD WAS SET OR TIED.
MM INDICATES DATA IS MISSING.
T  INDICATES TRACE AMOUNT.




$$
