000
CDUS41 KALY 022058
CLIDDH


CLIMATE REPORT
NATIONAL WEATHER SERVICE ALBANY NY
458 PM EDT SUN APR 2 2017


...................................

...THE BENNINGTON VT CLIMATE SUMMARY FOR APRIL 2 2017...
VALID TODAY AS OF 0400 PM LOCAL TIME.

CLIMATE NORMAL PERIOD 1981 TO 2010
CLIMATE RECORD PERIOD 9999 TO 9999


WEATHER ITEM   OBSERVED TIME   NORMAL DEPARTURE LAST
                VALUE   (LST)  VALUE  FROM      YEAR
                                      NORMAL
......................................................
TEMPERATURE (F)
 TODAY
  MAXIMUM         55    249 PM  51      4       52
  MINIMUM         34    642 AM  29      5       32
  AVERAGE         45            40      5       42

PRECIPITATION (IN)
  TODAY            T             0.13  -0.13     0.05
  MONTH TO DATE    0.09          0.26  -0.17     0.36
  SINCE MAR 1      3.20          3.41  -0.21     2.82
  SINCE JAN 1      6.83          8.40  -1.57     7.86

DEGREE DAYS
 HEATING
  TODAY           20            25     -5       23
  MONTH TO DATE   48            50     -2       30
  SINCE MAR 1   1154          1034    120      794
  SINCE JUL 1   5689          6285   -596     5127

 COOLING
  TODAY            0             0      0        0
  MONTH TO DATE    0             0      0        0
  SINCE MAR 1      0             0      0        0
  SINCE JAN 1      0             0      0        0
......................................................


WIND (MPH)
  HIGHEST WIND SPEED    15   HIGHEST WIND DIRECTION     W (290)
  HIGHEST GUST SPEED    20   HIGHEST GUST DIRECTION     W (270)
  AVERAGE WIND SPEED     4.2


SKY COVER
  AVERAGE SKY COVER 0.8



RELATIVE HUMIDITY (PERCENT)
 HIGHEST    96
 LOWEST     38
 AVERAGE    67

..........................................................


THE BENNINGTON VT CLIMATE NORMALS FOR TOMORROW
                         NORMAL
 MAXIMUM TEMPERATURE (F)   51
 MINIMUM TEMPERATURE (F)   30


SUNRISE AND SUNSET
APRIL  2 2017.........SUNRISE   633 AM EDT   SUNSET   721 PM EDT
APRIL  3 2017.........SUNRISE   631 AM EDT   SUNSET   722 PM EDT


-  INDICATES NEGATIVE NUMBERS.
R  INDICATES RECORD WAS SET OR TIED.
MM INDICATES DATA IS MISSING.
T  INDICATES TRACE AMOUNT.




$$
