000
CDUS41 KALY 232055
CLIDDH


CLIMATE REPORT
NATIONAL WEATHER SERVICE ALBANY NY
454 PM EDT TUE JUN 23 2015


...................................

...THE BENNINGTON VT CLIMATE SUMMARY FOR JUNE 23 2015...
VALID TODAY AS OF 0400 PM LOCAL TIME.

CLIMATE NORMAL PERIOD 1981 TO 2010
CLIMATE RECORD PERIOD 9999 TO 9999


WEATHER ITEM   OBSERVED TIME   NORMAL DEPARTURE LAST
                VALUE   (LST)  VALUE  FROM      YEAR
                                      NORMAL
......................................................
TEMPERATURE (F)
 TODAY
  MAXIMUM         84    324 PM  77      7       81
  MINIMUM         63    234 AM  55      8       50
  AVERAGE         74            66      8       66

PRECIPITATION (IN)
  TODAY            0.11          0.13  -0.02     0.00
  MONTH TO DATE    2.07          3.25  -1.18     1.58
  SINCE JUN 1      2.07          3.25  -1.18     1.58
  SINCE JAN 1      9.63         18.32  -8.69    14.41

DEGREE DAYS
 HEATING
  TODAY            0             2     -2        0
  MONTH TO DATE   76            88    -12       47
  SINCE JUN 1     76            88    -12       47
  SINCE JUL 1   7518          7227    291     7298

 COOLING
  TODAY            9             2      7        1
  MONTH TO DATE   47            37     10       28
  SINCE JUN 1     47            37     10       28
  SINCE JAN 1    111            51     60       44
......................................................


WIND (MPH)
  HIGHEST WIND SPEED    18   HIGHEST WIND DIRECTION     W (260)
  HIGHEST GUST SPEED    26   HIGHEST GUST DIRECTION     W (270)
  AVERAGE WIND SPEED     7.7


SKY COVER
  AVERAGE SKY COVER 0.6



RELATIVE HUMIDITY (PERCENT)
 HIGHEST    84
 LOWEST     57
 AVERAGE    71

..........................................................


THE BENNINGTON VT CLIMATE NORMALS FOR TOMORROW
                         NORMAL
 MAXIMUM TEMPERATURE (F)   77
 MINIMUM TEMPERATURE (F)   55


SUNRISE AND SUNSET
JUNE 23 2015..........SUNRISE   515 AM EDT   SUNSET   836 PM EDT
JUNE 24 2015..........SUNRISE   515 AM EDT   SUNSET   836 PM EDT


-  INDICATES NEGATIVE NUMBERS.
R  INDICATES RECORD WAS SET OR TIED.
MM INDICATES DATA IS MISSING.
T  INDICATES TRACE AMOUNT.




$$
