009
CDUS41 KALY 130629
CLIDDH


CLIMATE REPORT
NATIONAL WEATHER SERVICE ALBANY NY
229 AM EDT WED JUL 13 2016


...................................

...THE BENNINGTON VT CLIMATE SUMMARY FOR JULY 12 2016...

CLIMATE NORMAL PERIOD 1981 TO 2010
CLIMATE RECORD PERIOD 9999 TO 9999


WEATHER ITEM   OBSERVED TIME   NORMAL DEPARTURE LAST
                VALUE   (LST)  VALUE  FROM      YEAR
                                      NORMAL
......................................................
TEMPERATURE (F)
 YESTERDAY
  MAXIMUM         76   1000 AM  80     -4       84
  MINIMUM         50        MM  57     -7       55
  AVERAGE         63            68     -5       70

PRECIPITATION (IN)
  YESTERDAY        0.00          0.14  -0.14     0.00
  MONTH TO DATE    0.68          1.63  -0.95     0.90
  SINCE JUN 1      2.42          5.76  -3.34     3.85
  SINCE JAN 1     15.47         20.83  -5.36    11.41

DEGREE DAYS
 HEATING
  YESTERDAY        2             1      1        0
  MONTH TO DATE    4            12     -8       14
  SINCE JUN 1     73           109    -36      109
  SINCE JUL 1      4            12     -8       14

 COOLING
  YESTERDAY        0             4     -4        5
  MONTH TO DATE   43            47     -4       32
  SINCE JUN 1    101           105     -4       79
  SINCE JAN 1    143           119     24      143
......................................................


WIND (MPH)
  HIGHEST WIND SPEED     4   HIGHEST WIND DIRECTION     E (99)
  HIGHEST GUST SPEED    MM   HIGHEST GUST DIRECTION    MM
  AVERAGE WIND SPEED     0.3


SKY COVER
  AVERAGE SKY COVER 0.1



RELATIVE HUMIDITY (PERCENT)
 HIGHEST   100           100 AM
 LOWEST     53           900 AM
 AVERAGE    77

..........................................................


THE BENNINGTON VT CLIMATE NORMALS FOR TODAY
                         NORMAL
 MAXIMUM TEMPERATURE (F)   80
 MINIMUM TEMPERATURE (F)   57


SUNRISE AND SUNSET
JULY 13 2016..........SUNRISE   527 AM EDT   SUNSET   831 PM EDT
JULY 14 2016..........SUNRISE   527 AM EDT   SUNSET   830 PM EDT


-  INDICATES NEGATIVE NUMBERS.
R  INDICATES RECORD WAS SET OR TIED.
MM INDICATES DATA IS MISSING.
T  INDICATES TRACE AMOUNT.




$$
