000
CDUS41 KALY 092046
CLIDDH


CLIMATE REPORT
NATIONAL WEATHER SERVICE ALBANY NY
446 PM EDT SAT MAY 9 2015


...................................

...THE BENNINGTON VT CLIMATE SUMMARY FOR MAY 9 2015...
VALID TODAY AS OF 0400 PM LOCAL TIME.

CLIMATE NORMAL PERIOD 1981 TO 2010
CLIMATE RECORD PERIOD 9999 TO 9999


WEATHER ITEM   OBSERVED TIME   NORMAL DEPARTURE LAST
                VALUE   (LST)  VALUE  FROM      YEAR
                                      NORMAL
......................................................
TEMPERATURE (F)
 TODAY
  MAXIMUM         83    256 PM  65     18       64
  MINIMUM         58    531 AM  41     17       51
  AVERAGE         71            53     18       58

PRECIPITATION (IN)
  TODAY            0.00          0.10  -0.10     0.00
  MONTH TO DATE    0.00          0.91  -0.91     0.43
  SINCE MAR 1      3.18          7.33  -4.15     5.04
  SINCE JAN 1      6.59         12.32  -5.73    10.90

DEGREE DAYS
 HEATING
  TODAY            0            12    -12        7
  MONTH TO DATE   44           118    -74      114
  SINCE MAR 1   1824          1690    134     1859
  SINCE JUL 1   7326          6941    385     7107

 COOLING
  TODAY            6             0      6        0
  MONTH TO DATE    9             0      9        0
  SINCE MAR 1      9             3      6        4
  SINCE JAN 1      9             3      6        4
......................................................


WIND (MPH)
  HIGHEST WIND SPEED    14   HIGHEST WIND DIRECTION     S (200)
  HIGHEST GUST SPEED    21   HIGHEST GUST DIRECTION     E (100)
  AVERAGE WIND SPEED     6.7


SKY COVER
  AVERAGE SKY COVER 0.0



RELATIVE HUMIDITY (PERCENT)
 HIGHEST    67
 LOWEST     31
 AVERAGE    49

..........................................................


THE BENNINGTON VT CLIMATE NORMALS FOR TOMORROW
                         NORMAL
 MAXIMUM TEMPERATURE (F)   66
 MINIMUM TEMPERATURE (F)   42


SUNRISE AND SUNSET
MAY  9 2015...........SUNRISE   537 AM EDT   SUNSET   802 PM EDT
MAY 10 2015...........SUNRISE   536 AM EDT   SUNSET   804 PM EDT


-  INDICATES NEGATIVE NUMBERS.
R  INDICATES RECORD WAS SET OR TIED.
MM INDICATES DATA IS MISSING.
T  INDICATES TRACE AMOUNT.




$$
