000
CDUS41 KALY 160629
CLIDDH


CLIMATE REPORT
NATIONAL WEATHER SERVICE ALBANY NY
227 AM EDT SAT JUL 16 2016


...................................

...THE BENNINGTON VT CLIMATE SUMMARY FOR JULY 15 2016...

CLIMATE NORMAL PERIOD 1981 TO 2010
CLIMATE RECORD PERIOD 9999 TO 9999


WEATHER ITEM   OBSERVED TIME   NORMAL DEPARTURE LAST
                VALUE   (LST)  VALUE  FROM      YEAR
                                      NORMAL
......................................................
TEMPERATURE (F)
 YESTERDAY
  MAXIMUM         86    247 PM  80      6       73
  MINIMUM         62   1159 PM  57      5       48
  AVERAGE         74            68      6       61

PRECIPITATION (IN)
  YESTERDAY        0.34          0.14   0.20      T
  MONTH TO DATE    1.20          2.08  -0.88     0.90
  SINCE JUN 1      2.94          6.21  -3.27     3.85
  SINCE JAN 1     15.99         21.28  -5.29    11.41

DEGREE DAYS
 HEATING
  YESTERDAY        0             1     -1        4
  MONTH TO DATE    4            15    -11       18
  SINCE JUN 1     73           112    -39      113
  SINCE JUL 1      4            15    -11       18

 COOLING
  YESTERDAY        9             4      5        0
  MONTH TO DATE   76            59     17       47
  SINCE JUN 1    134           117     17       94
  SINCE JAN 1    176           131     45      158
......................................................


WIND (MPH)
  HIGHEST WIND SPEED    21   HIGHEST WIND DIRECTION     W (270)
  HIGHEST GUST SPEED    28   HIGHEST GUST DIRECTION    NW (330)
  AVERAGE WIND SPEED     3.1


SKY COVER
  AVERAGE SKY COVER 0.4



RELATIVE HUMIDITY (PERCENT)
 HIGHEST    97           600 AM
 LOWEST     51           300 PM
 AVERAGE    74

..........................................................


THE BENNINGTON VT CLIMATE NORMALS FOR TODAY
                         NORMAL
 MAXIMUM TEMPERATURE (F)   80
 MINIMUM TEMPERATURE (F)   57


SUNRISE AND SUNSET
JULY 16 2016..........SUNRISE   529 AM EDT   SUNSET   829 PM EDT
JULY 17 2016..........SUNRISE   530 AM EDT   SUNSET   828 PM EDT


-  INDICATES NEGATIVE NUMBERS.
R  INDICATES RECORD WAS SET OR TIED.
MM INDICATES DATA IS MISSING.
T  INDICATES TRACE AMOUNT.




$$
