000
CDUS41 KALY 150623
CLIDDH


CLIMATE REPORT
NATIONAL WEATHER SERVICE ALBANY NY
222 AM EDT THU JUN 15 2017


...................................

...THE BENNINGTON VT CLIMATE SUMMARY FOR JUNE 14 2017...

CLIMATE NORMAL PERIOD 1981 TO 2010
CLIMATE RECORD PERIOD 9999 TO 9999


WEATHER ITEM   OBSERVED TIME   NORMAL DEPARTURE LAST
                VALUE   (LST)  VALUE  FROM      YEAR
                                      NORMAL
......................................................
TEMPERATURE (F)
 YESTERDAY
  MAXIMUM         76    338 PM  75      1       76
  MINIMUM         50    517 AM  52     -2       43
  AVERAGE         63            64     -1       60

PRECIPITATION (IN)
  YESTERDAY        0.00          0.14  -0.14     0.00
  MONTH TO DATE    2.12          1.98   0.14     1.39
  SINCE JUN 1      2.12          1.98   0.14     1.39
  SINCE JAN 1     18.36         17.05   1.31    14.44

DEGREE DAYS
 HEATING
  YESTERDAY        2             3     -1        5
  MONTH TO DATE   72            67      5       53
  SINCE JUN 1     72            67      5       53
  SINCE JUL 1   6471          7206   -735     6089

 COOLING
  YESTERDAY        0             2     -2        0
  MONTH TO DATE   29            19     10       16
  SINCE JUN 1     29            19     10       16
  SINCE JAN 1     44            33     11       58
......................................................


WIND (MPH)
  HIGHEST WIND SPEED    13   HIGHEST WIND DIRECTION     N (360)
  HIGHEST GUST SPEED    19   HIGHEST GUST DIRECTION     N (10)
  AVERAGE WIND SPEED     3.2


SKY COVER
  AVERAGE SKY COVER 0.0



RELATIVE HUMIDITY (PERCENT)
 HIGHEST    93           200 AM
 LOWEST     25           200 PM
 AVERAGE    59

..........................................................


THE BENNINGTON VT CLIMATE NORMALS FOR TODAY
                         NORMAL
 MAXIMUM TEMPERATURE (F)   75
 MINIMUM TEMPERATURE (F)   53


SUNRISE AND SUNSET
JUNE 15 2017..........SUNRISE   514 AM EDT   SUNSET   834 PM EDT
JUNE 16 2017..........SUNRISE   514 AM EDT   SUNSET   834 PM EDT


-  INDICATES NEGATIVE NUMBERS.
R  INDICATES RECORD WAS SET OR TIED.
MM INDICATES DATA IS MISSING.
T  INDICATES TRACE AMOUNT.




$$
