000
CDUS41 KALY 052051
CLIDDH


CLIMATE REPORT
NATIONAL WEATHER SERVICE ALBANY NY
450 PM EDT THU MAY 5 2016


...................................

...THE BENNINGTON VT CLIMATE SUMMARY FOR MAY 5 2016...
VALID TODAY AS OF 0400 PM LOCAL TIME.

CLIMATE NORMAL PERIOD 1981 TO 2010
CLIMATE RECORD PERIOD 9999 TO 9999


WEATHER ITEM   OBSERVED TIME   NORMAL DEPARTURE LAST
                VALUE   (LST)  VALUE  FROM      YEAR
                                      NORMAL
......................................................
TEMPERATURE (F)
 TODAY
  MAXIMUM         55    346 PM  64     -9       75
  MINIMUM         45    536 AM  40      5       48
  AVERAGE         50            52     -2       62

PRECIPITATION (IN)
  TODAY            0.00          0.10  -0.10     0.00
  MONTH TO DATE    0.88          0.50   0.38     0.00
  SINCE MAR 1      5.97          6.92  -0.95     3.18
  SINCE JAN 1     11.01         11.91  -0.90     6.59

DEGREE DAYS
 HEATING
  TODAY           15            13      2        3
  MONTH TO DATE   83            68     15       36
  SINCE MAR 1   1491          1640   -149     1816
  SINCE JUL 1   5824          6891  -1067     7318

 COOLING
  TODAY            0             0      0        0
  MONTH TO DATE    0             0      0        0
  SINCE MAR 1      1             3     -2        0
  SINCE JAN 1      1             3     -2        0
......................................................


WIND (MPH)
  HIGHEST WIND SPEED    13   HIGHEST WIND DIRECTION     N (10)
  HIGHEST GUST SPEED    19   HIGHEST GUST DIRECTION     N (20)
  AVERAGE WIND SPEED     5.8


SKY COVER
  AVERAGE SKY COVER 1.0



RELATIVE HUMIDITY (PERCENT)
 HIGHEST    82
 LOWEST     61
 AVERAGE    72

..........................................................


THE BENNINGTON VT CLIMATE NORMALS FOR TOMORROW
                         NORMAL
 MAXIMUM TEMPERATURE (F)   64
 MINIMUM TEMPERATURE (F)   41


SUNRISE AND SUNSET
MAY  5 2016...........SUNRISE   541 AM EDT   SUNSET   759 PM EDT
MAY  6 2016...........SUNRISE   540 AM EDT   SUNSET   800 PM EDT


-  INDICATES NEGATIVE NUMBERS.
R  INDICATES RECORD WAS SET OR TIED.
MM INDICATES DATA IS MISSING.
T  INDICATES TRACE AMOUNT.




$$
