171
CDUS41 KALY 070622
CLIDDH


CLIMATE REPORT
NATIONAL WEATHER SERVICE ALBANY NY
222 AM EDT SAT OCT 7 2017


...................................

...THE BENNINGTON VT CLIMATE SUMMARY FOR OCTOBER 6 2017...

CLIMATE NORMAL PERIOD 1981 TO 2010
CLIMATE RECORD PERIOD 9999 TO 9999


WEATHER ITEM   OBSERVED TIME   NORMAL DEPARTURE LAST
                VALUE   (LST)  VALUE  FROM      YEAR
                                      NORMAL
......................................................
TEMPERATURE (F)
 YESTERDAY
  MAXIMUM         63    422 PM  62      1       72
  MINIMUM         45    358 AM  40      5       38
  AVERAGE         54            51      3       55

PRECIPITATION (IN)
  YESTERDAY        0.13          0.12   0.01     0.00
  MONTH TO DATE    0.14          0.76  -0.62     0.36
  SINCE SEP 1      3.64          4.33  -0.69     3.39
  SINCE JAN 1     35.99         31.87   4.12    24.70

DEGREE DAYS
 HEATING
  YESTERDAY       11            14     -3       10
  MONTH TO DATE   62            79    -17       50
  SINCE SEP 1    198           285    -87      173
  SINCE JUL 1    265           357    -92      195

 COOLING
  YESTERDAY        0             0      0        0
  MONTH TO DATE    0             0      0        0
  SINCE SEP 1     76            23     53       45
  SINCE JAN 1    383           311     72      484
......................................................


WIND (MPH)
  HIGHEST WIND SPEED     7   HIGHEST WIND DIRECTION     N (350)
  HIGHEST GUST SPEED     9   HIGHEST GUST DIRECTION     W (250)
  AVERAGE WIND SPEED     0.9


SKY COVER
  AVERAGE SKY COVER 0.8



RELATIVE HUMIDITY (PERCENT)
 HIGHEST    93          1200 AM
 LOWEST     78           300 PM
 AVERAGE    86

..........................................................


THE BENNINGTON VT CLIMATE NORMALS FOR TODAY
                         NORMAL
 MAXIMUM TEMPERATURE (F)   62
 MINIMUM TEMPERATURE (F)   39


SUNRISE AND SUNSET
OCTOBER  7 2017.......SUNRISE   657 AM EDT   SUNSET   623 PM EDT
OCTOBER  8 2017.......SUNRISE   658 AM EDT   SUNSET   622 PM EDT


-  INDICATES NEGATIVE NUMBERS.
R  INDICATES RECORD WAS SET OR TIED.
MM INDICATES DATA IS MISSING.
T  INDICATES TRACE AMOUNT.




$$
