000
CDUS41 KALY 220623
CLIDDH


CLIMATE REPORT
NATIONAL WEATHER SERVICE ALBANY NY
223 AM EDT FRI AUG 22 2014


...................................

...THE BENNINGTON VT CLIMATE SUMMARY FOR AUGUST 21 2014...

CLIMATE NORMAL PERIOD 1981 TO 2010
CLIMATE RECORD PERIOD 9999 TO 9999


WEATHER ITEM   OBSERVED TIME   NORMAL DEPARTURE LAST
                VALUE   (LST)  VALUE  FROM      YEAR
                                      NORMAL
......................................................
TEMPERATURE (F)
 YESTERDAY
  MAXIMUM         73    245 PM  77     -4       83
  MINIMUM         63   1158 PM  55      8       54
  AVERAGE         68            66      2       69

PRECIPITATION (IN)
  YESTERDAY        0.86          0.12   0.74     0.00
  MONTH TO DATE    1.82          2.84  -1.02     2.64
  SINCE JUN 1     13.10         11.31   1.79    15.53
  SINCE JAN 1     25.93         26.38  -0.45    30.00

DEGREE DAYS
 HEATING
  YESTERDAY        0             2     -2        0
  MONTH TO DATE   36            22     14       39
  SINCE JUN 1     94           143    -49      149
  SINCE JUL 1     47            46      1       49

 COOLING
  YESTERDAY        3             3      0        4
  MONTH TO DATE   33            75    -42       39
  SINCE JUN 1    219           256    -37      385
  SINCE JAN 1    235           270    -35      417
......................................................


WIND (MPH)
  HIGHEST WIND SPEED    15   HIGHEST WIND DIRECTION    SE (130)
  HIGHEST GUST SPEED    18   HIGHEST GUST DIRECTION    SE (140)
  AVERAGE WIND SPEED     4.9


SKY COVER
  AVERAGE SKY COVER 1.0



RELATIVE HUMIDITY (PERCENT)
 HIGHEST    93           300 AM
 LOWEST     68          1200 AM
 AVERAGE    81

..........................................................


THE BENNINGTON VT CLIMATE NORMALS FOR TODAY
                         NORMAL
 MAXIMUM TEMPERATURE (F)   77
 MINIMUM TEMPERATURE (F)   55


SUNRISE AND SUNSET
AUGUST 22 2014........SUNRISE   607 AM EDT   SUNSET   744 PM EDT
AUGUST 23 2014........SUNRISE   608 AM EDT   SUNSET   743 PM EDT


-  INDICATES NEGATIVE NUMBERS.
R  INDICATES RECORD WAS SET OR TIED.
MM INDICATES DATA IS MISSING.
T  INDICATES TRACE AMOUNT.




$$
