000
CDUS41 KALY 100624
CLIDDH


CLIMATE REPORT
NATIONAL WEATHER SERVICE ALBANY NY
123 AM EST SUN DEC 10 2017


...................................

...THE BENNINGTON VT CLIMATE SUMMARY FOR DECEMBER 9 2017...

CLIMATE NORMAL PERIOD 1981 TO 2010
CLIMATE RECORD PERIOD 9999 TO 9999


WEATHER ITEM   OBSERVED TIME   NORMAL DEPARTURE LAST
                VALUE   (LST)  VALUE  FROM      YEAR
                                      NORMAL
......................................................
TEMPERATURE (F)
 YESTERDAY
  MAXIMUM         32   1226 PM  38     -6       30
  MINIMUM         25    530 AM  23      2       20
  AVERAGE         29            30     -1       25

PRECIPITATION (IN)
  YESTERDAY        0.19          0.10   0.09      T
  MONTH TO DATE    0.70          0.87  -0.17     0.57
  SINCE DEC 1      0.70          0.87  -0.17     0.57
  SINCE JAN 1     40.26         38.78   1.48    31.11

DEGREE DAYS
 HEATING
  YESTERDAY       36            35      1       40
  MONTH TO DATE  256           299    -43      278
  SINCE DEC 1    256           299    -43      278
  SINCE JUL 1   1556          1912   -356     1648

 COOLING
  YESTERDAY        0             0      0        0
  MONTH TO DATE    0             0      0        0
  SINCE DEC 1      0             0      0        0
  SINCE JAN 1    395           313     82      488
......................................................


WIND (MPH)
  HIGHEST WIND SPEED     7   HIGHEST WIND DIRECTION    SE (130)
  HIGHEST GUST SPEED     9   HIGHEST GUST DIRECTION    SE (120)
  AVERAGE WIND SPEED     0.5


SKY COVER
  AVERAGE SKY COVER 0.8



RELATIVE HUMIDITY (PERCENT)
 HIGHEST    92           900 PM
 LOWEST     53          1100 AM
 AVERAGE    73

..........................................................


THE BENNINGTON VT CLIMATE NORMALS FOR TODAY
                         NORMAL
 MAXIMUM TEMPERATURE (F)   38
 MINIMUM TEMPERATURE (F)   22


SUNRISE AND SUNSET
DECEMBER 10 2017......SUNRISE   713 AM EST   SUNSET   419 PM EST
DECEMBER 11 2017......SUNRISE   714 AM EST   SUNSET   419 PM EST


-  INDICATES NEGATIVE NUMBERS.
R  INDICATES RECORD WAS SET OR TIED.
MM INDICATES DATA IS MISSING.
T  INDICATES TRACE AMOUNT.




$$
