000
CDUS41 KALY 260625
CLIDDH


CLIMATE REPORT
NATIONAL WEATHER SERVICE ALBANY NY
124 AM EST TUE JAN 26 2016


...................................

...THE BENNINGTON VT CLIMATE SUMMARY FOR JANUARY 25 2016...

CLIMATE NORMAL PERIOD 1981 TO 2010
CLIMATE RECORD PERIOD 9999 TO 9999


WEATHER ITEM   OBSERVED TIME   NORMAL DEPARTURE LAST
                VALUE   (LST)  VALUE  FROM      YEAR
                                      NORMAL
......................................................
TEMPERATURE (F)
 YESTERDAY
  MAXIMUM         36    302 PM  31      5       33
  MINIMUM         10    742 AM  12     -2        8
  AVERAGE         23            21      2       21

PRECIPITATION (IN)
  YESTERDAY        0.00          0.08  -0.08      T
  MONTH TO DATE    0.97          2.29  -1.32     2.17
  SINCE DEC 1      4.72          5.08  -0.36     6.08
  SINCE JAN 1      0.97          2.29  -1.32     2.17

DEGREE DAYS
 HEATING
  YESTERDAY       42            44     -2       44
  MONTH TO DATE 1026          1096    -70     1144
  SINCE DEC 1   1771          2255   -484     2168
  SINCE JUL 1   3114          3868   -754     3661

 COOLING
  YESTERDAY        0             0      0        0
  MONTH TO DATE    0             0      0        0
  SINCE DEC 1      0             0      0        0
  SINCE JAN 1      0             0      0        0
......................................................


WIND (MPH)
  HIGHEST WIND SPEED    13   HIGHEST WIND DIRECTION     S (180)
  HIGHEST GUST SPEED    17   HIGHEST GUST DIRECTION     S (180)
  AVERAGE WIND SPEED     1.1


SKY COVER
  AVERAGE SKY COVER 0.2



RELATIVE HUMIDITY (PERCENT)
 HIGHEST    92           400 AM
 LOWEST     51          1000 PM
 AVERAGE    72

..........................................................


THE BENNINGTON VT CLIMATE NORMALS FOR TODAY
                         NORMAL
 MAXIMUM TEMPERATURE (F)   31
 MINIMUM TEMPERATURE (F)   12


SUNRISE AND SUNSET
JANUARY 26 2016.......SUNRISE   714 AM EST   SUNSET   457 PM EST
JANUARY 27 2016.......SUNRISE   713 AM EST   SUNSET   459 PM EST


-  INDICATES NEGATIVE NUMBERS.
R  INDICATES RECORD WAS SET OR TIED.
MM INDICATES DATA IS MISSING.
T  INDICATES TRACE AMOUNT.




$$
