000
CDUS41 KALY 012151
CLIDDH


CLIMATE REPORT
NATIONAL WEATHER SERVICE ALBANY NY
451 PM EST WED MAR 1 2017


...................................

...THE BENNINGTON VT CLIMATE SUMMARY FOR MARCH 1 2017...
VALID TODAY AS OF 0400 PM LOCAL TIME.

CLIMATE NORMAL PERIOD 1981 TO 2010
CLIMATE RECORD PERIOD 9999 TO 9999


WEATHER ITEM   OBSERVED TIME   NORMAL DEPARTURE LAST
                VALUE   (LST)  VALUE  FROM      YEAR
                                      NORMAL
......................................................
TEMPERATURE (F)
 TODAY
  MAXIMUM         68   1259 PM  39     29       43
  MINIMUM         53    515 AM  18     35       20
  AVERAGE         61            28     33       32

PRECIPITATION (IN)
  TODAY            T             0.09  -0.09     0.00
  MONTH TO DATE    T             0.09  -0.09     0.00
  SINCE MAR 1      T             0.09  -0.09     0.00
  SINCE JAN 1      3.63          5.08  -1.45     5.04

DEGREE DAYS
 HEATING
  TODAY            4            37    -33       33
  MONTH TO DATE    4            37    -33       33
  SINCE MAR 1      4            37    -33       33
  SINCE JUL 1   4539          5288   -749     4366

 COOLING
  TODAY            0             0      0        0
  MONTH TO DATE    0             0      0        0
  SINCE MAR 1      0             0      0        0
  SINCE JAN 1      0             0      0        0
......................................................


WIND (MPH)
  HIGHEST WIND SPEED    21   HIGHEST WIND DIRECTION     S (190)
  HIGHEST GUST SPEED    30   HIGHEST GUST DIRECTION     S (180)
  AVERAGE WIND SPEED    11.7


SKY COVER
  AVERAGE SKY COVER 0.9



RELATIVE HUMIDITY (PERCENT)
 HIGHEST    83
 LOWEST     53
 AVERAGE    68

..........................................................


THE BENNINGTON VT CLIMATE NORMALS FOR TOMORROW
                         NORMAL
 MAXIMUM TEMPERATURE (F)   39
 MINIMUM TEMPERATURE (F)   18


SUNRISE AND SUNSET
MARCH  1 2017.........SUNRISE   628 AM EST   SUNSET   543 PM EST
MARCH  2 2017.........SUNRISE   627 AM EST   SUNSET   544 PM EST


-  INDICATES NEGATIVE NUMBERS.
R  INDICATES RECORD WAS SET OR TIED.
MM INDICATES DATA IS MISSING.
T  INDICATES TRACE AMOUNT.




$$
