000
CDUS41 KALY 060622
CLIDDH


CLIMATE REPORT
NATIONAL WEATHER SERVICE ALBANY NY
121 AM EST SAT DEC 6 2014


...................................

...THE BENNINGTON VT CLIMATE SUMMARY FOR DECEMBER 5 2014...

CLIMATE NORMAL PERIOD 1981 TO 2010
CLIMATE RECORD PERIOD 9999 TO 9999


WEATHER ITEM   OBSERVED TIME   NORMAL DEPARTURE LAST
                VALUE   (LST)  VALUE  FROM      YEAR
                                      NORMAL
......................................................
TEMPERATURE (F)
 YESTERDAY
  MAXIMUM         37    751 PM  40     -3       59
  MINIMUM         16    726 AM  24     -8       28
  AVERAGE         27            32     -5       44

PRECIPITATION (IN)
  YESTERDAY        0.24          0.09   0.15      T
  MONTH TO DATE    0.44          0.48  -0.04      T
  SINCE DEC 1      0.44          0.48  -0.04      T
  SINCE JAN 1     33.49         38.39  -4.90    41.90

DEGREE DAYS
 HEATING
  YESTERDAY       38            33      5       21
  MONTH TO DATE  161           162     -1      147
  SINCE DEC 1    161           162     -1      147
  SINCE JUL 1   1654          1775   -121     1678

 COOLING
  YESTERDAY        0             0      0        0
  MONTH TO DATE    0             0      0        0
  SINCE DEC 1      0             0      0        0
  SINCE JAN 1    308           313     -5      503
......................................................


WIND (MPH)
  HIGHEST WIND SPEED    16   HIGHEST WIND DIRECTION    SE (130)
  HIGHEST GUST SPEED    22   HIGHEST GUST DIRECTION    SE (140)
  AVERAGE WIND SPEED     6.0


SKY COVER
  AVERAGE SKY COVER 0.5



RELATIVE HUMIDITY (PERCENT)
 HIGHEST    89          1100 PM
 LOWEST     47          1200 PM
 AVERAGE    68

..........................................................


THE BENNINGTON VT CLIMATE NORMALS FOR TODAY
                         NORMAL
 MAXIMUM TEMPERATURE (F)   39
 MINIMUM TEMPERATURE (F)   24


SUNRISE AND SUNSET
DECEMBER  6 2014......SUNRISE   709 AM EST   SUNSET   419 PM EST
DECEMBER  7 2014......SUNRISE   710 AM EST   SUNSET   419 PM EST


-  INDICATES NEGATIVE NUMBERS.
R  INDICATES RECORD WAS SET OR TIED.
MM INDICATES DATA IS MISSING.
T  INDICATES TRACE AMOUNT.




$$
