000
CDUS41 KALY 010629
CLIDDH


CLIMATE REPORT
NATIONAL WEATHER SERVICE ALBANY NY
127 AM EST WED FEB 1 2017


...................................

...THE BENNINGTON VT CLIMATE SUMMARY FOR JANUARY 31 2017...

CLIMATE NORMAL PERIOD 1981 TO 2010
CLIMATE RECORD PERIOD 9999 TO 9999


WEATHER ITEM   OBSERVED TIME   NORMAL DEPARTURE LAST
                VALUE   (LST)  VALUE  FROM      YEAR
                                      NORMAL
......................................................
TEMPERATURE (F)
 YESTERDAY
  MAXIMUM         25   1159 PM  32     -7       54
  MINIMUM         10    746 AM  13     -3       29
  AVERAGE         18            22     -4       42

PRECIPITATION (IN)
  YESTERDAY        T             0.08  -0.08     0.00
  MONTH TO DATE    1.71          2.75  -1.04     1.11
  SINCE DEC 1      3.80          5.54  -1.74     4.86
  SINCE JAN 1      1.71          2.75  -1.04     1.11

DEGREE DAYS
 HEATING
  YESTERDAY       47            43      4       23
  MONTH TO DATE 1101          1356   -255     1217
  SINCE DEC 1   2224          2518   -294     1962
  SINCE JUL 1   3594          4131   -537     3305

 COOLING
  YESTERDAY        0             0      0        0
  MONTH TO DATE    0             0      0        0
  SINCE DEC 1      0             0      0        0
  SINCE JAN 1      0             0      0        0
......................................................


WIND (MPH)
  HIGHEST WIND SPEED    12   HIGHEST WIND DIRECTION     S (180)
  HIGHEST GUST SPEED    14   HIGHEST GUST DIRECTION     S (170)
  AVERAGE WIND SPEED     3.0


SKY COVER
  AVERAGE SKY COVER 0.7



RELATIVE HUMIDITY (PERCENT)
 HIGHEST    83           600 AM
 LOWEST     50          1200 PM
 AVERAGE    67

..........................................................


THE BENNINGTON VT CLIMATE NORMALS FOR TODAY
                         NORMAL
 MAXIMUM TEMPERATURE (F)   32
 MINIMUM TEMPERATURE (F)   13


SUNRISE AND SUNSET
FEBRUARY  1 2017......SUNRISE   707 AM EST   SUNSET   506 PM EST
FEBRUARY  2 2017......SUNRISE   706 AM EST   SUNSET   508 PM EST


-  INDICATES NEGATIVE NUMBERS.
R  INDICATES RECORD WAS SET OR TIED.
MM INDICATES DATA IS MISSING.
T  INDICATES TRACE AMOUNT.




$$
