000
CDUS41 KALY 050623
CLIDDH


CLIMATE REPORT
NATIONAL WEATHER SERVICE ALBANY NY
222 AM EDT THU OCT 5 2017


...................................

...THE BENNINGTON VT CLIMATE SUMMARY FOR OCTOBER 4 2017...

CLIMATE NORMAL PERIOD 1981 TO 2010
CLIMATE RECORD PERIOD 9999 TO 9999


WEATHER ITEM   OBSERVED TIME   NORMAL DEPARTURE LAST
                VALUE   (LST)  VALUE  FROM      YEAR
                                      NORMAL
......................................................
TEMPERATURE (F)
 YESTERDAY
  MAXIMUM         77    335 PM  63     14       65
  MINIMUM         40    628 AM  40      0       45
  AVERAGE         59            52      7       55

PRECIPITATION (IN)
  YESTERDAY        0.00          0.12  -0.12     0.00
  MONTH TO DATE    0.00          0.51  -0.51     0.35
  SINCE SEP 1      3.50          4.08  -0.58     3.38
  SINCE JAN 1     35.85         31.62   4.23    24.69

DEGREE DAYS
 HEATING
  YESTERDAY        6            13     -7       10
  MONTH TO DATE   45            51     -6       30
  SINCE SEP 1    181           257    -76      153
  SINCE JUL 1    248           329    -81      175

 COOLING
  YESTERDAY        0             0      0        0
  MONTH TO DATE    0             0      0        0
  SINCE SEP 1     76            23     53       45
  SINCE JAN 1    383           311     72      484
......................................................


WIND (MPH)
  HIGHEST WIND SPEED    10   HIGHEST WIND DIRECTION    SW (220)
  HIGHEST GUST SPEED    15   HIGHEST GUST DIRECTION    SW (220)
  AVERAGE WIND SPEED     3.5


SKY COVER
  AVERAGE SKY COVER 0.2



RELATIVE HUMIDITY (PERCENT)
 HIGHEST   100           600 AM
 LOWEST     46           200 PM
 AVERAGE    73

..........................................................


THE BENNINGTON VT CLIMATE NORMALS FOR TODAY
                         NORMAL
 MAXIMUM TEMPERATURE (F)   63
 MINIMUM TEMPERATURE (F)   40


SUNRISE AND SUNSET
OCTOBER  5 2017.......SUNRISE   655 AM EDT   SUNSET   627 PM EDT
OCTOBER  6 2017.......SUNRISE   656 AM EDT   SUNSET   625 PM EDT


-  INDICATES NEGATIVE NUMBERS.
R  INDICATES RECORD WAS SET OR TIED.
MM INDICATES DATA IS MISSING.
T  INDICATES TRACE AMOUNT.




$$
