000
CDUS41 KALY 240629
CLIDDH


CLIMATE REPORT
NATIONAL WEATHER SERVICE ALBANY NY
228 AM EDT WED AUG 24 2016


...................................

...THE BENNINGTON VT CLIMATE SUMMARY FOR AUGUST 23 2016...

CLIMATE NORMAL PERIOD 1981 TO 2010
CLIMATE RECORD PERIOD 9999 TO 9999


WEATHER ITEM   OBSERVED TIME   NORMAL DEPARTURE LAST
                VALUE   (LST)  VALUE  FROM      YEAR
                                      NORMAL
......................................................
TEMPERATURE (F)
 YESTERDAY
  MAXIMUM         76    458 PM  77     -1       81
  MINIMUM         44    527 AM  54    -10       53
  AVERAGE         60            66     -6       67

PRECIPITATION (IN)
  YESTERDAY        0.00          0.11  -0.11      T
  MONTH TO DATE    3.72          3.07   0.65     1.39
  SINCE JUN 1      7.85         11.54  -3.69     6.33
  SINCE JAN 1     20.90         26.61  -5.71    13.89

DEGREE DAYS
 HEATING
  YESTERDAY        5             2      3        0
  MONTH TO DATE   10            26    -16        4
  SINCE JUN 1     89           147    -58      126
  SINCE JUL 1     20            50    -30       31

 COOLING
  YESTERDAY        0             2     -2        2
  MONTH TO DATE  144            79     65       98
  SINCE JUN 1    368           260    108      282
  SINCE JAN 1    410           274    136      346
......................................................


WIND (MPH)
  HIGHEST WIND SPEED    12   HIGHEST WIND DIRECTION     W (250)
  HIGHEST GUST SPEED    15   HIGHEST GUST DIRECTION     W (270)
  AVERAGE WIND SPEED     2.4


SKY COVER
  AVERAGE SKY COVER 0.0



RELATIVE HUMIDITY (PERCENT)
 HIGHEST    93          1200 AM
 LOWEST     46           100 PM
 AVERAGE    70

..........................................................


THE BENNINGTON VT CLIMATE NORMALS FOR TODAY
                         NORMAL
 MAXIMUM TEMPERATURE (F)   77
 MINIMUM TEMPERATURE (F)   54


SUNRISE AND SUNSET
AUGUST 24 2016........SUNRISE   609 AM EDT   SUNSET   740 PM EDT
AUGUST 25 2016........SUNRISE   610 AM EDT   SUNSET   739 PM EDT


-  INDICATES NEGATIVE NUMBERS.
R  INDICATES RECORD WAS SET OR TIED.
MM INDICATES DATA IS MISSING.
T  INDICATES TRACE AMOUNT.




$$
