000
CDUS41 KALY 272044
CLIDDH


CLIMATE REPORT
NATIONAL WEATHER SERVICE ALBANY NY
444 PM EDT MON OCT 27 2014


...................................

...THE BENNINGTON VT CLIMATE SUMMARY FOR OCTOBER 27 2014...
VALID TODAY AS OF 0400 PM LOCAL TIME.

CLIMATE NORMAL PERIOD 1981 TO 2010
CLIMATE RECORD PERIOD 9999 TO 9999


WEATHER ITEM   OBSERVED TIME   NORMAL DEPARTURE LAST
                VALUE   (LST)  VALUE  FROM      YEAR
                                      NORMAL
......................................................
TEMPERATURE (F)
 TODAY
  MAXIMUM         57    155 PM  55      2       49
  MINIMUM         46    648 AM  33     13       30
  AVERAGE         52            44      8       40

PRECIPITATION (IN)
  TODAY            0.00          0.11  -0.11     0.00
  MONTH TO DATE    3.72          3.30   0.42     2.79
  SINCE SEP 1      4.74          6.87  -2.13     6.82
  SINCE JAN 1     30.70         34.41  -3.71    38.54

DEGREE DAYS
 HEATING
  TODAY           13            21     -8       25
  MONTH TO DATE  333           456   -123      330
  SINCE SEP 1    527           662   -135      589
  SINCE JUL 1    580           734   -154      652

 COOLING
  TODAY            0             0      0        0
  MONTH TO DATE   11             0     11        0
  SINCE SEP 1     55            23     32       44
  SINCE JAN 1    308           311     -3      503
......................................................


WIND (MPH)
  HIGHEST WIND SPEED    10   HIGHEST WIND DIRECTION    SW (220)
  HIGHEST GUST SPEED    18   HIGHEST GUST DIRECTION     E (99)
  AVERAGE WIND SPEED     6.9


SKY COVER
  AVERAGE SKY COVER 0.9



RELATIVE HUMIDITY (PERCENT)
 HIGHEST    82
 LOWEST     51
 AVERAGE    67

..........................................................


THE BENNINGTON VT CLIMATE NORMALS FOR TOMORROW
                         NORMAL
 MAXIMUM TEMPERATURE (F)   54
 MINIMUM TEMPERATURE (F)   33


SUNRISE AND SUNSET
OCTOBER 27 2014.......SUNRISE   721 AM EDT   SUNSET   552 PM EDT
OCTOBER 28 2014.......SUNRISE   722 AM EDT   SUNSET   551 PM EDT


-  INDICATES NEGATIVE NUMBERS.
R  INDICATES RECORD WAS SET OR TIED.
MM INDICATES DATA IS MISSING.
T  INDICATES TRACE AMOUNT.




$$
