000
CDUS41 KALY 160623
CLIDDH


CLIMATE REPORT
NATIONAL WEATHER SERVICE ALBANY NY
122 AM EST FRI FEB 16 2018


...................................

...THE BENNINGTON VT CLIMATE SUMMARY FOR FEBRUARY 15 2018...

CLIMATE NORMAL PERIOD 1981 TO 2010
CLIMATE RECORD PERIOD 9999 TO 9999


WEATHER ITEM   OBSERVED TIME   NORMAL DEPARTURE LAST
                VALUE   (LST)  VALUE  FROM      YEAR
                                      NORMAL
......................................................
TEMPERATURE (F)
 YESTERDAY
  MAXIMUM         58    432 PM  35     23       40
  MINIMUM         28    414 AM  15     13       31
  AVERAGE         43            25     18       36

PRECIPITATION (IN)
  YESTERDAY        0.00          0.07  -0.07     0.04
  MONTH TO DATE    1.73          1.08   0.65     1.25
  SINCE DEC 1      6.92          6.62   0.30     5.05
  SINCE JAN 1      4.78          3.83   0.95     2.96

DEGREE DAYS
 HEATING
  YESTERDAY       22            40    -18       29
  MONTH TO DATE  568           621    -53      601
  SINCE DEC 1   3173          3139     34     2825
  SINCE JUL 1   4473          4752   -279     4195

 COOLING
  YESTERDAY        0             0      0        0
  MONTH TO DATE    0             0      0        0
  SINCE DEC 1      0             0      0        0
  SINCE JAN 1      0             0      0        0
......................................................


WIND (MPH)
  HIGHEST WIND SPEED     8   HIGHEST WIND DIRECTION    SW (210)
  HIGHEST GUST SPEED    11   HIGHEST GUST DIRECTION     W (260)
  AVERAGE WIND SPEED     1.2


SKY COVER
  AVERAGE SKY COVER 0.6



RELATIVE HUMIDITY (PERCENT)
 HIGHEST    92           200 AM
 LOWEST     61           400 PM
 AVERAGE    77

..........................................................


THE BENNINGTON VT CLIMATE NORMALS FOR TODAY
                         NORMAL
 MAXIMUM TEMPERATURE (F)   35
 MINIMUM TEMPERATURE (F)   16


SUNRISE AND SUNSET
FEBRUARY 16 2018......SUNRISE   649 AM EST   SUNSET   526 PM EST
FEBRUARY 17 2018......SUNRISE   647 AM EST   SUNSET   527 PM EST


-  INDICATES NEGATIVE NUMBERS.
R  INDICATES RECORD WAS SET OR TIED.
MM INDICATES DATA IS MISSING.
T  INDICATES TRACE AMOUNT.




$$
