000
CDUS41 KALY 280624
CLIDDH


CLIMATE REPORT
NATIONAL WEATHER SERVICE ALBANY NY
223 AM EDT TUE MAR 28 2017


...................................

...THE BENNINGTON VT CLIMATE SUMMARY FOR MARCH 27 2017...

CLIMATE NORMAL PERIOD 1981 TO 2010
CLIMATE RECORD PERIOD 9999 TO 9999


WEATHER ITEM   OBSERVED TIME   NORMAL DEPARTURE LAST
                VALUE   (LST)  VALUE  FROM      YEAR
                                      NORMAL
......................................................
TEMPERATURE (F)
 YESTERDAY
  MAXIMUM         45    259 PM  48     -3       61
  MINIMUM         38    956 PM  27     11       27
  AVERAGE         42            37      5       44

PRECIPITATION (IN)
  YESTERDAY        0.56          0.11   0.45     0.00
  MONTH TO DATE    1.80          2.74  -0.94     1.91
  SINCE MAR 1      1.80          2.74  -0.94     1.91
  SINCE JAN 1      5.43          7.73  -2.30     6.95

DEGREE DAYS
 HEATING
  YESTERDAY       23            28     -5       21
  MONTH TO DATE  999           878    121      683
  SINCE MAR 1    999           878    121      683
  SINCE JUL 1   5534          6129   -595     5016

 COOLING
  YESTERDAY        0             0      0        0
  MONTH TO DATE    0             0      0        0
  SINCE MAR 1      0             0      0        0
  SINCE JAN 1      0             0      0        0
......................................................


WIND (MPH)
  HIGHEST WIND SPEED    17   HIGHEST WIND DIRECTION    SE (120)
  HIGHEST GUST SPEED    30   HIGHEST GUST DIRECTION     E (100)
  AVERAGE WIND SPEED     6.0


SKY COVER
  AVERAGE SKY COVER 1.0



RELATIVE HUMIDITY (PERCENT)
 HIGHEST    92           800 PM
 LOWEST     70           100 AM
 AVERAGE    81

..........................................................


THE BENNINGTON VT CLIMATE NORMALS FOR TODAY
                         NORMAL
 MAXIMUM TEMPERATURE (F)   49
 MINIMUM TEMPERATURE (F)   27


SUNRISE AND SUNSET
MARCH 28 2017.........SUNRISE   642 AM EDT   SUNSET   715 PM EDT
MARCH 29 2017.........SUNRISE   640 AM EDT   SUNSET   716 PM EDT


-  INDICATES NEGATIVE NUMBERS.
R  INDICATES RECORD WAS SET OR TIED.
MM INDICATES DATA IS MISSING.
T  INDICATES TRACE AMOUNT.




$$
