000
CDUS41 KALY 240622
CLIDDH


CLIMATE REPORT
NATIONAL WEATHER SERVICE ALBANY NY
221 AM EDT THU JUL 24 2014


...................................

...THE BENNINGTON VT CLIMATE SUMMARY FOR JULY 23 2014...

CLIMATE NORMAL PERIOD 1981 TO 2010
CLIMATE RECORD PERIOD 9999 TO 9999


WEATHER ITEM   OBSERVED TIME   NORMAL DEPARTURE LAST
                VALUE   (LST)  VALUE  FROM      YEAR
                                      NORMAL
......................................................
TEMPERATURE (F)
 YESTERDAY
  MAXIMUM         88    242 PM  80      8       79
  MINIMUM         66   1159 PM  57      9       64
  AVERAGE         77            68      9       72

PRECIPITATION (IN)
  YESTERDAY        0.60          0.15   0.45     2.58
  MONTH TO DATE    5.25          3.21   2.04     5.30
  SINCE JUN 1      8.58          7.34   1.24    12.59
  SINCE JAN 1     21.41         22.41  -1.00    27.06

DEGREE DAYS
 HEATING
  YESTERDAY        0             1     -1        0
  MONTH TO DATE    6            23    -17        0
  SINCE JUN 1     53           120    -67      100
  SINCE JUL 1      6            23    -17        0

 COOLING
  YESTERDAY       12             4      8        7
  MONTH TO DATE  115            91     24      241
  SINCE JUN 1    177           149     28      339
  SINCE JAN 1    193           163     30      371
......................................................


WIND (MPH)
  HIGHEST WIND SPEED    16   HIGHEST WIND DIRECTION     W (260)
  HIGHEST GUST SPEED    25   HIGHEST GUST DIRECTION    SW (220)
  AVERAGE WIND SPEED     4.6


SKY COVER
  AVERAGE SKY COVER 0.6



RELATIVE HUMIDITY (PERCENT)
 HIGHEST    93           500 AM
 LOWEST     55           100 PM
 AVERAGE    74

..........................................................


THE BENNINGTON VT CLIMATE NORMALS FOR TODAY
                         NORMAL
 MAXIMUM TEMPERATURE (F)   80
 MINIMUM TEMPERATURE (F)   57


SUNRISE AND SUNSET
JULY 24 2014..........SUNRISE   536 AM EDT   SUNSET   822 PM EDT
JULY 25 2014..........SUNRISE   537 AM EDT   SUNSET   821 PM EDT


-  INDICATES NEGATIVE NUMBERS.
R  INDICATES RECORD WAS SET OR TIED.
MM INDICATES DATA IS MISSING.
T  INDICATES TRACE AMOUNT.




$$
