000
CDUS41 KALY 310629
CLIDDH


CLIMATE REPORT
NATIONAL WEATHER SERVICE ALBANY NY
228 AM EDT SUN MAY 31 2015


...................................

...THE BENNINGTON VT CLIMATE SUMMARY FOR MAY 30 2015...

CLIMATE NORMAL PERIOD 1981 TO 2010
CLIMATE RECORD PERIOD 9999 TO 9999


WEATHER ITEM   OBSERVED TIME   NORMAL DEPARTURE LAST
                VALUE   (LST)  VALUE  FROM      YEAR
                                      NORMAL
......................................................
TEMPERATURE (F)
 YESTERDAY
  MAXIMUM         86    133 PM  71     15       72
  MINIMUM         58    422 AM  47     11       46
  AVERAGE         72            59     13       59

PRECIPITATION (IN)
  YESTERDAY        0.01          0.15  -0.14     0.01
  MONTH TO DATE    0.43          3.51  -3.08     2.36
  SINCE MAR 1      3.61          9.93  -6.32     6.97
  SINCE JAN 1      7.02         14.92  -7.90    12.83

DEGREE DAYS
 HEATING
  YESTERDAY        0             7     -7        6
  MONTH TO DATE  155           310   -155      251
  SINCE MAR 1   1935          1882     53     1996
  SINCE JUL 1   7437          7133    304     7244

 COOLING
  YESTERDAY        7             1      6        0
  MONTH TO DATE   64             3     61       12
  SINCE MAR 1     64             6     58       16
  SINCE JAN 1     64             6     58       16
......................................................


WIND (MPH)
  HIGHEST WIND SPEED    21   HIGHEST WIND DIRECTION     S (190)
  HIGHEST GUST SPEED    33   HIGHEST GUST DIRECTION     S (170)
  AVERAGE WIND SPEED     7.7


SKY COVER
  AVERAGE SKY COVER 0.3



RELATIVE HUMIDITY (PERCENT)
 HIGHEST    87           400 AM
 LOWEST     51          1200 PM
 AVERAGE    69

..........................................................


THE BENNINGTON VT CLIMATE NORMALS FOR TODAY
                         NORMAL
 MAXIMUM TEMPERATURE (F)   71
 MINIMUM TEMPERATURE (F)   48


SUNRISE AND SUNSET
MAY 31 2015...........SUNRISE   518 AM EDT   SUNSET   824 PM EDT
JUNE  1 2015..........SUNRISE   517 AM EDT   SUNSET   825 PM EDT


-  INDICATES NEGATIVE NUMBERS.
R  INDICATES RECORD WAS SET OR TIED.
MM INDICATES DATA IS MISSING.
T  INDICATES TRACE AMOUNT.




$$
