000
CDUS41 KALY 250629
CLIDDH


CLIMATE REPORT
NATIONAL WEATHER SERVICE ALBANY NY
128 AM EST SAT FEB 25 2017


...................................

...THE BENNINGTON VT CLIMATE SUMMARY FOR FEBRUARY 24 2017...

CLIMATE NORMAL PERIOD 1981 TO 2010
CLIMATE RECORD PERIOD 9999 TO 9999


WEATHER ITEM   OBSERVED TIME   NORMAL DEPARTURE LAST
                VALUE   (LST)  VALUE  FROM      YEAR
                                      NORMAL
......................................................
TEMPERATURE (F)
 YESTERDAY
  MAXIMUM         72    350 PM  37     35       58
  MINIMUM         40    719 AM  17     23       34
  AVERAGE         56            27     29       46

PRECIPITATION (IN)
  YESTERDAY        0.02          0.10  -0.08     0.99
  MONTH TO DATE    1.27          1.87  -0.60     2.82
  SINCE DEC 1      5.07          7.41  -2.34     7.68
  SINCE JAN 1      2.98          4.62  -1.64     3.93

DEGREE DAYS
 HEATING
  YESTERDAY        9            38    -29       19
  MONTH TO DATE  842           971   -129      880
  SINCE DEC 1   3066          3489   -423     2842
  SINCE JUL 1   4436          5102   -666     4185

 COOLING
  YESTERDAY        0             0      0        0
  MONTH TO DATE    0             0      0        0
  SINCE DEC 1      0             0      0        0
  SINCE JAN 1      0             0      0        0
......................................................


WIND (MPH)
  HIGHEST WIND SPEED    21   HIGHEST WIND DIRECTION     S (190)
  HIGHEST GUST SPEED    29   HIGHEST GUST DIRECTION     S (180)
  AVERAGE WIND SPEED     4.9


SKY COVER
  AVERAGE SKY COVER 0.4



RELATIVE HUMIDITY (PERCENT)
 HIGHEST    93           700 AM
 LOWEST     44           300 PM
 AVERAGE    69

..........................................................


THE BENNINGTON VT CLIMATE NORMALS FOR TODAY
                         NORMAL
 MAXIMUM TEMPERATURE (F)   37
 MINIMUM TEMPERATURE (F)   17


SUNRISE AND SUNSET
FEBRUARY 25 2017......SUNRISE   635 AM EST   SUNSET   538 PM EST
FEBRUARY 26 2017......SUNRISE   633 AM EST   SUNSET   539 PM EST


-  INDICATES NEGATIVE NUMBERS.
R  INDICATES RECORD WAS SET OR TIED.
MM INDICATES DATA IS MISSING.
T  INDICATES TRACE AMOUNT.




$$
