000
CDUS41 KALY 260625
CLIDDH


CLIMATE REPORT
NATIONAL WEATHER SERVICE ALBANY NY
125 AM EST FRI DEC 26 2014


...................................

...THE BENNINGTON VT CLIMATE SUMMARY FOR DECEMBER 25 2014...

CLIMATE NORMAL PERIOD 1981 TO 2010
CLIMATE RECORD PERIOD 9999 TO 9999


WEATHER ITEM   OBSERVED TIME   NORMAL DEPARTURE LAST
                VALUE   (LST)  VALUE  FROM      YEAR
                                      NORMAL
......................................................
TEMPERATURE (F)
 YESTERDAY
  MAXIMUM         64    253 AM  33     31       22
  MINIMUM         40   1159 PM  16     24        7
  AVERAGE         52            24     28       15

PRECIPITATION (IN)
  YESTERDAY        0.17          0.10   0.07     0.00
  MONTH TO DATE    3.35          2.31   1.04     1.96
  SINCE DEC 1      3.35          2.31   1.04     1.96
  SINCE JAN 1     36.40         40.22  -3.82    43.86

DEGREE DAYS
 HEATING
  YESTERDAY       13            41    -28       50
  MONTH TO DATE  810           910   -100      896
  SINCE DEC 1    810           910   -100      896
  SINCE JUL 1   2303          2523   -220     2427

 COOLING
  YESTERDAY        0             0      0        0
  MONTH TO DATE    0             0      0        0
  SINCE DEC 1      0             0      0        0
  SINCE JAN 1    308           313     -5      503
......................................................


WIND (MPH)
  HIGHEST WIND SPEED    25   HIGHEST WIND DIRECTION     W (280)
  HIGHEST GUST SPEED    39   HIGHEST GUST DIRECTION     W (270)
  AVERAGE WIND SPEED    11.1


SKY COVER
  AVERAGE SKY COVER 1.0



RELATIVE HUMIDITY (PERCENT)
 HIGHEST    80          1200 AM
 LOWEST     53           100 PM
 AVERAGE    67

..........................................................


THE BENNINGTON VT CLIMATE NORMALS FOR TODAY
                         NORMAL
 MAXIMUM TEMPERATURE (F)   33
 MINIMUM TEMPERATURE (F)   15


SUNRISE AND SUNSET
DECEMBER 26 2014......SUNRISE   723 AM EST   SUNSET   425 PM EST
DECEMBER 27 2014......SUNRISE   723 AM EST   SUNSET   425 PM EST


-  INDICATES NEGATIVE NUMBERS.
R  INDICATES RECORD WAS SET OR TIED.
MM INDICATES DATA IS MISSING.
T  INDICATES TRACE AMOUNT.




$$
