000
CDUS41 KALY 220624
CLIDDH


CLIMATE REPORT
NATIONAL WEATHER SERVICE ALBANY NY
223 AM EDT MON SEP 22 2014


...................................

...THE BENNINGTON VT CLIMATE SUMMARY FOR SEPTEMBER 21 2014...

CLIMATE NORMAL PERIOD 1981 TO 2010
CLIMATE RECORD PERIOD 9999 TO 9999


WEATHER ITEM   OBSERVED TIME   NORMAL DEPARTURE LAST
                VALUE   (LST)  VALUE  FROM      YEAR
                                      NORMAL
......................................................
TEMPERATURE (F)
 YESTERDAY
  MAXIMUM         79    227 PM  69     10       74
  MINIMUM         58    144 AM  46     12       52
  AVERAGE         69            57     12       63

PRECIPITATION (IN)
  YESTERDAY        0.02          0.12  -0.10     0.39
  MONTH TO DATE    1.01          2.36  -1.35     3.73
  SINCE SEP 1      1.01          2.36  -1.35     3.73
  SINCE JAN 1     26.97         29.90  -2.93    35.45

DEGREE DAYS
 HEATING
  YESTERDAY        0             8     -8        2
  MONTH TO DATE  137           112     25      145
  SINCE SEP 1    137           112     25      145
  SINCE JUL 1    190           184      6      208

 COOLING
  YESTERDAY        4             0      4        0
  MONTH TO DATE   44            22     22       44
  SINCE SEP 1     44            22     22       44
  SINCE JAN 1    297           310    -13      503
......................................................


WIND (MPH)
  HIGHEST WIND SPEED    21   HIGHEST WIND DIRECTION    SE (150)
  HIGHEST GUST SPEED    29   HIGHEST GUST DIRECTION    NW (300)
  AVERAGE WIND SPEED     5.8


SKY COVER
  AVERAGE SKY COVER 0.5



RELATIVE HUMIDITY (PERCENT)
 HIGHEST    90           600 AM
 LOWEST     48          1100 AM
 AVERAGE    69

..........................................................


THE BENNINGTON VT CLIMATE NORMALS FOR TODAY
                         NORMAL
 MAXIMUM TEMPERATURE (F)   68
 MINIMUM TEMPERATURE (F)   45


SUNRISE AND SUNSET
SEPTEMBER 22 2014.....SUNRISE   640 AM EDT   SUNSET   650 PM EDT
SEPTEMBER 23 2014.....SUNRISE   641 AM EDT   SUNSET   649 PM EDT


-  INDICATES NEGATIVE NUMBERS.
R  INDICATES RECORD WAS SET OR TIED.
MM INDICATES DATA IS MISSING.
T  INDICATES TRACE AMOUNT.




$$
