617
CDUS41 KALY 090626
CLIDDH


CLIMATE REPORT
NATIONAL WEATHER SERVICE ALBANY NY
124 AM EST TUE FEB 9 2016


...................................

...THE BENNINGTON VT CLIMATE SUMMARY FOR FEBRUARY 8 2016...

CLIMATE NORMAL PERIOD 1981 TO 2010
CLIMATE RECORD PERIOD 9999 TO 9999


WEATHER ITEM   OBSERVED TIME   NORMAL DEPARTURE LAST
                VALUE   (LST)  VALUE  FROM      YEAR
                                      NORMAL
......................................................
TEMPERATURE (F)
 YESTERDAY
  MAXIMUM         34    346 AM  33      1       29
  MINIMUM         22   1159 PM  14      8       15
  AVERAGE         28            24      4       22

PRECIPITATION (IN)
  YESTERDAY        0.14          0.07   0.07     0.20
  MONTH TO DATE    0.86          0.53   0.33     0.62
  SINCE DEC 1      5.72          6.07  -0.35     6.93
  SINCE JAN 1      1.97          3.28  -1.31     3.02

DEGREE DAYS
 HEATING
  YESTERDAY       37            41     -4       43
  MONTH TO DATE  228           337   -109      420
  SINCE DEC 1   2190          2855   -665     2907
  SINCE JUL 1   3533          4468   -935     4400

 COOLING
  YESTERDAY        0             0      0        0
  MONTH TO DATE    0             0      0        0
  SINCE DEC 1      0             0      0        0
  SINCE JAN 1      0             0      0        0
......................................................


WIND (MPH)
  HIGHEST WIND SPEED    14   HIGHEST WIND DIRECTION     E (70)
  HIGHEST GUST SPEED    21   HIGHEST GUST DIRECTION    NE (60)
  AVERAGE WIND SPEED     5.3


SKY COVER
  AVERAGE SKY COVER 0.7



RELATIVE HUMIDITY (PERCENT)
 HIGHEST    92           600 PM
 LOWEST     17           100 PM
 AVERAGE    55

..........................................................


THE BENNINGTON VT CLIMATE NORMALS FOR TODAY
                         NORMAL
 MAXIMUM TEMPERATURE (F)   33
 MINIMUM TEMPERATURE (F)   14


SUNRISE AND SUNSET
FEBRUARY  9 2016......SUNRISE   659 AM EST   SUNSET   516 PM EST
FEBRUARY 10 2016......SUNRISE   658 AM EST   SUNSET   517 PM EST


-  INDICATES NEGATIVE NUMBERS.
R  INDICATES RECORD WAS SET OR TIED.
MM INDICATES DATA IS MISSING.
T  INDICATES TRACE AMOUNT.




$$
