000
CDUS41 KALY 060630
CLIDDH


CLIMATE REPORT
NATIONAL WEATHER SERVICE ALBANY NY
129 AM EST TUE DEC 6 2016


...................................

...THE BENNINGTON VT CLIMATE SUMMARY FOR DECEMBER 5 2016...

CLIMATE NORMAL PERIOD 1981 TO 2010
CLIMATE RECORD PERIOD 9999 TO 9999


WEATHER ITEM   OBSERVED TIME   NORMAL DEPARTURE LAST
                VALUE   (LST)  VALUE  FROM      YEAR
                                      NORMAL
......................................................
TEMPERATURE (F)
 YESTERDAY
  MAXIMUM         41    152 PM  40      1       45
  MINIMUM         23   1223 AM  24     -1       24
  AVERAGE         32            32      0       35

PRECIPITATION (IN)
  YESTERDAY        0.09          0.09   0.00     0.00
  MONTH TO DATE    0.50          0.48   0.02     0.87
  SINCE DEC 1      0.50          0.48   0.02     0.87
  SINCE JAN 1     31.04         38.39  -7.35    26.08

DEGREE DAYS
 HEATING
  YESTERDAY       33            33      0       30
  MONTH TO DATE  145           162    -17      133
  SINCE DEC 1    145           162    -17      133
  SINCE JUL 1   1515          1775   -260     1476

 COOLING
  YESTERDAY        0             0      0        0
  MONTH TO DATE    0             0      0        0
  SINCE DEC 1      0             0      0        0
  SINCE JAN 1    488           313    175      444
......................................................


WIND (MPH)
  HIGHEST WIND SPEED    14   HIGHEST WIND DIRECTION     W (260)
  HIGHEST GUST SPEED    22   HIGHEST GUST DIRECTION     W (270)
  AVERAGE WIND SPEED     5.6


SKY COVER
  AVERAGE SKY COVER 0.9



RELATIVE HUMIDITY (PERCENT)
 HIGHEST    89          1000 AM
 LOWEST     69           300 AM
 AVERAGE    79

..........................................................


THE BENNINGTON VT CLIMATE NORMALS FOR TODAY
                         NORMAL
 MAXIMUM TEMPERATURE (F)   39
 MINIMUM TEMPERATURE (F)   24


SUNRISE AND SUNSET
DECEMBER  6 2016......SUNRISE   710 AM EST   SUNSET   419 PM EST
DECEMBER  7 2016......SUNRISE   711 AM EST   SUNSET   419 PM EST


-  INDICATES NEGATIVE NUMBERS.
R  INDICATES RECORD WAS SET OR TIED.
MM INDICATES DATA IS MISSING.
T  INDICATES TRACE AMOUNT.




$$
