000
CDUS41 KALY 210626
CLIDDH


CLIMATE REPORT
NATIONAL WEATHER SERVICE ALBANY NY
226 AM EDT TUE OCT 21 2014


...................................

...THE BENNINGTON VT CLIMATE SUMMARY FOR OCTOBER 20 2014...

CLIMATE NORMAL PERIOD 1981 TO 2010
CLIMATE RECORD PERIOD 9999 TO 9999


WEATHER ITEM   OBSERVED TIME   NORMAL DEPARTURE LAST
                VALUE   (LST)  VALUE  FROM      YEAR
                                      NORMAL
......................................................
TEMPERATURE (F)
 YESTERDAY
  MAXIMUM         55    137 PM  57     -2       MM
  MINIMUM         25    521 AM  35    -10       MM
  AVERAGE         40            46     -6       MM

PRECIPITATION (IN)
  YESTERDAY        0.00          0.13  -0.13     0.05
  MONTH TO DATE    2.03          2.50  -0.47     2.68
  SINCE SEP 1      3.05          6.07  -3.02     6.71
  SINCE JAN 1     29.01         33.61  -4.60    38.43

DEGREE DAYS
 HEATING
  YESTERDAY       25            19      6       MM
  MONTH TO DATE  219           315    -96      174
  SINCE SEP 1    413           521   -108      433
  SINCE JUL 1    466           593   -127      496

 COOLING
  YESTERDAY        0             0      0       MM
  MONTH TO DATE   11             0     11        0
  SINCE SEP 1     55            23     32       44
  SINCE JAN 1    308           311     -3      503
......................................................


WIND (MPH)
  HIGHEST WIND SPEED    12   HIGHEST WIND DIRECTION     S (200)
  HIGHEST GUST SPEED    16   HIGHEST GUST DIRECTION     S (200)
  AVERAGE WIND SPEED     2.3


SKY COVER
  AVERAGE SKY COVER 0.5



RELATIVE HUMIDITY (PERCENT)
 HIGHEST    92           400 AM
 LOWEST     45           300 PM
 AVERAGE    69

..........................................................


THE BENNINGTON VT CLIMATE NORMALS FOR TODAY
                         NORMAL
 MAXIMUM TEMPERATURE (F)   57
 MINIMUM TEMPERATURE (F)   35


SUNRISE AND SUNSET
OCTOBER 21 2014.......SUNRISE   714 AM EDT   SUNSET   601 PM EDT
OCTOBER 22 2014.......SUNRISE   715 AM EDT   SUNSET   600 PM EDT


-  INDICATES NEGATIVE NUMBERS.
R  INDICATES RECORD WAS SET OR TIED.
MM INDICATES DATA IS MISSING.
T  INDICATES TRACE AMOUNT.




$$
