000
CDUS41 KALY 220623
CLIDDH


CLIMATE REPORT
NATIONAL WEATHER SERVICE ALBANY NY
222 AM EDT SUN OCT 22 2017


...................................

...THE BENNINGTON VT CLIMATE SUMMARY FOR OCTOBER 21 2017...

CLIMATE NORMAL PERIOD 1981 TO 2010
CLIMATE RECORD PERIOD 9999 TO 9999


WEATHER ITEM   OBSERVED TIME   NORMAL DEPARTURE LAST
                VALUE   (LST)  VALUE  FROM      YEAR
                                      NORMAL
......................................................
TEMPERATURE (F)
 YESTERDAY
  MAXIMUM         74    202 PM  57     17       73
  MINIMUM         35    607 AM  35      0       50
  AVERAGE         55            46      9       62

PRECIPITATION (IN)
  YESTERDAY        0.00          0.12  -0.12     0.77
  MONTH TO DATE    0.74          2.62  -1.88     1.99
  SINCE SEP 1      4.24          6.19  -1.95     5.02
  SINCE JAN 1     36.59         33.73   2.86    26.33

DEGREE DAYS
 HEATING
  YESTERDAY       10            19     -9        3
  MONTH TO DATE  196           334   -138      217
  SINCE SEP 1    332           540   -208      340
  SINCE JUL 1    399           612   -213      362

 COOLING
  YESTERDAY        0             0      0        0
  MONTH TO DATE    8             0      8        4
  SINCE SEP 1     84            23     61       49
  SINCE JAN 1    391           311     80      488
......................................................


WIND (MPH)
  HIGHEST WIND SPEED     8   HIGHEST WIND DIRECTION    NW (310)
  HIGHEST GUST SPEED    11   HIGHEST GUST DIRECTION     N (340)
  AVERAGE WIND SPEED     0.9


SKY COVER
  AVERAGE SKY COVER 0.0



RELATIVE HUMIDITY (PERCENT)
 HIGHEST    92          1200 AM
 LOWEST     35           100 PM
 AVERAGE    64

..........................................................


THE BENNINGTON VT CLIMATE NORMALS FOR TODAY
                         NORMAL
 MAXIMUM TEMPERATURE (F)   57
 MINIMUM TEMPERATURE (F)   34


SUNRISE AND SUNSET
OCTOBER 22 2017.......SUNRISE   715 AM EDT   SUNSET   559 PM EDT
OCTOBER 23 2017.......SUNRISE   716 AM EDT   SUNSET   558 PM EDT


-  INDICATES NEGATIVE NUMBERS.
R  INDICATES RECORD WAS SET OR TIED.
MM INDICATES DATA IS MISSING.
T  INDICATES TRACE AMOUNT.




$$
