000
CDUS41 KALY 190637
CLIDDH


CLIMATE REPORT
NATIONAL WEATHER SERVICE ALBANY NY
135 AM EST FRI JAN 19 2018


...................................

...THE BENNINGTON VT CLIMATE SUMMARY FOR JANUARY 18 2018...

CLIMATE NORMAL PERIOD 1981 TO 2010
CLIMATE RECORD PERIOD 9999 TO 9999


WEATHER ITEM   OBSERVED TIME   NORMAL DEPARTURE LAST
                VALUE   (LST)  VALUE  FROM      YEAR
                                      NORMAL
......................................................
TEMPERATURE (F)
 YESTERDAY
  MAXIMUM         21        MM  30     -9       39
  MINIMUM         -3        MM  11    -14       34
  AVERAGE          9            21    -12       37

PRECIPITATION (IN)
  YESTERDAY        0.00          0.09  -0.09     0.10
  MONTH TO DATE    1.97          1.76   0.21     1.46
  SINCE DEC 1      4.11          4.55  -0.44     3.55
  SINCE JAN 1      1.97          1.76   0.21     1.46

DEGREE DAYS
 HEATING
  YESTERDAY       56            44     12       28
  MONTH TO DATE  882           788     94      685
  SINCE DEC 1   2142          1947    195     1808
  SINCE JUL 1   3442          3560   -118     3178

 COOLING
  YESTERDAY        0             0      0        0
  MONTH TO DATE    0             0      0        0
  SINCE DEC 1      0             0      0        0
  SINCE JAN 1      0             0      0        0
......................................................


WIND (MPH)
  HIGHEST WIND SPEED     8   HIGHEST WIND DIRECTION     W (270)
  HIGHEST GUST SPEED    MM   HIGHEST GUST DIRECTION    MM
  AVERAGE WIND SPEED     2.5


SKY COVER
  AVERAGE SKY COVER 0.6



RELATIVE HUMIDITY (PERCENT)
 HIGHEST    91           100 AM
 LOWEST     62           300 PM
 AVERAGE    77

..........................................................


THE BENNINGTON VT CLIMATE NORMALS FOR TODAY
                         NORMAL
 MAXIMUM TEMPERATURE (F)   30
 MINIMUM TEMPERATURE (F)   11


SUNRISE AND SUNSET
JANUARY 19 2018.......SUNRISE   719 AM EST   SUNSET   449 PM EST
JANUARY 20 2018.......SUNRISE   718 AM EST   SUNSET   450 PM EST


-  INDICATES NEGATIVE NUMBERS.
R  INDICATES RECORD WAS SET OR TIED.
MM INDICATES DATA IS MISSING.
T  INDICATES TRACE AMOUNT.




$$
