000
CDUS41 KALY 300623
CLIDDH


CLIMATE REPORT
NATIONAL WEATHER SERVICE ALBANY NY
223 AM EDT WED JUL 30 2014


...................................

...THE BENNINGTON VT CLIMATE SUMMARY FOR JULY 29 2014...

CLIMATE NORMAL PERIOD 1981 TO 2010
CLIMATE RECORD PERIOD 9999 TO 9999


WEATHER ITEM   OBSERVED TIME   NORMAL DEPARTURE LAST
                VALUE   (LST)  VALUE  FROM      YEAR
                                      NORMAL
......................................................
TEMPERATURE (F)
 YESTERDAY
  MAXIMUM         70    234 PM  79     -9       78
  MINIMUM         53   1142 PM  57     -4       56
  AVERAGE         62            68     -6       67

PRECIPITATION (IN)
  YESTERDAY        0.04          0.14  -0.10     0.00
  MONTH TO DATE    7.57          4.06   3.51     5.60
  SINCE JUN 1     10.90          8.19   2.71    12.89
  SINCE JAN 1     23.73         23.26   0.47    27.36

DEGREE DAYS
 HEATING
  YESTERDAY        3             1      2        0
  MONTH TO DATE   11            29    -18        9
  SINCE JUN 1     58           126    -68      109
  SINCE JUL 1     11            29    -18        9

 COOLING
  YESTERDAY        0             4     -4        2
  MONTH TO DATE  124           115      9      248
  SINCE JUN 1    186           173     13      346
  SINCE JAN 1    202           187     15      378
......................................................


WIND (MPH)
  HIGHEST WIND SPEED    12   HIGHEST WIND DIRECTION     W (280)
  HIGHEST GUST SPEED    18   HIGHEST GUST DIRECTION     W (280)
  AVERAGE WIND SPEED     4.3


SKY COVER
  AVERAGE SKY COVER 0.8



RELATIVE HUMIDITY (PERCENT)
 HIGHEST    93           400 AM
 LOWEST     57           100 PM
 AVERAGE    75

..........................................................


THE BENNINGTON VT CLIMATE NORMALS FOR TODAY
                         NORMAL
 MAXIMUM TEMPERATURE (F)   79
 MINIMUM TEMPERATURE (F)   57


SUNRISE AND SUNSET
JULY 30 2014..........SUNRISE   542 AM EDT   SUNSET   816 PM EDT
JULY 31 2014..........SUNRISE   543 AM EDT   SUNSET   815 PM EDT


-  INDICATES NEGATIVE NUMBERS.
R  INDICATES RECORD WAS SET OR TIED.
MM INDICATES DATA IS MISSING.
T  INDICATES TRACE AMOUNT.




$$
