000
CDUS41 KALY 010626
CLIDDH


CLIMATE REPORT
NATIONAL WEATHER SERVICE ALBANY NY
225 AM EDT MON JUN 1 2015


...................................

...THE BENNINGTON VT CLIMATE SUMMARY FOR MAY 31 2015...

CLIMATE NORMAL PERIOD 1981 TO 2010
CLIMATE RECORD PERIOD 9999 TO 9999


WEATHER ITEM   OBSERVED TIME   NORMAL DEPARTURE LAST
                VALUE   (LST)  VALUE  FROM      YEAR
                                      NORMAL
......................................................
TEMPERATURE (F)
 YESTERDAY
  MAXIMUM         70    625 AM  71     -1       68
  MINIMUM         50   1134 PM  48      2       48
  AVERAGE         60            59      1       58

PRECIPITATION (IN)
  YESTERDAY        0.54          0.15   0.39     0.00
  MONTH TO DATE    0.97          3.66  -2.69     2.36
  SINCE MAR 1      4.15         10.08  -5.93     6.97
  SINCE JAN 1      7.56         15.07  -7.51    12.83

DEGREE DAYS
 HEATING
  YESTERDAY        5             6     -1        7
  MONTH TO DATE  160           316   -156      258
  SINCE MAR 1   1940          1888     52     2003
  SINCE JUL 1   7442          7139    303     7251

 COOLING
  YESTERDAY        0             1     -1        0
  MONTH TO DATE   64            11     53       12
  SINCE MAR 1     64            14     50       16
  SINCE JAN 1     64            14     50       16
......................................................


WIND (MPH)
  HIGHEST WIND SPEED    21   HIGHEST WIND DIRECTION     E (110)
  HIGHEST GUST SPEED    31   HIGHEST GUST DIRECTION     E (110)
  AVERAGE WIND SPEED     4.6


SKY COVER
  AVERAGE SKY COVER 1.0



RELATIVE HUMIDITY (PERCENT)
 HIGHEST    96          1200 PM
 LOWEST     72           900 PM
 AVERAGE    84

..........................................................


THE BENNINGTON VT CLIMATE NORMALS FOR TODAY
                         NORMAL
 MAXIMUM TEMPERATURE (F)   71
 MINIMUM TEMPERATURE (F)   48


SUNRISE AND SUNSET
JUNE  1 2015..........SUNRISE   517 AM EDT   SUNSET   825 PM EDT
JUNE  2 2015..........SUNRISE   517 AM EDT   SUNSET   826 PM EDT


-  INDICATES NEGATIVE NUMBERS.
R  INDICATES RECORD WAS SET OR TIED.
MM INDICATES DATA IS MISSING.
T  INDICATES TRACE AMOUNT.




$$
