000
CDUS41 KALY 300624
CLIDDH


CLIMATE REPORT
NATIONAL WEATHER SERVICE ALBANY NY
222 AM EDT SAT APR 30 2016


...................................

...THE BENNINGTON VT CLIMATE SUMMARY FOR APRIL 29 2016...

CLIMATE NORMAL PERIOD 1981 TO 2010
CLIMATE RECORD PERIOD 9999 TO 9999


WEATHER ITEM   OBSERVED TIME   NORMAL DEPARTURE LAST
                VALUE   (LST)  VALUE  FROM      YEAR
                                      NORMAL
......................................................
TEMPERATURE (F)
 YESTERDAY
  MAXIMUM         62    143 PM  62      0       69
  MINIMUM         36    432 AM  39     -3       33
  AVERAGE         49            50     -1       51

PRECIPITATION (IN)
  YESTERDAY        0.00          0.11  -0.11     0.00
  MONTH TO DATE    2.63          3.15  -0.52     2.04
  SINCE MAR 1      5.09          6.30  -1.21     3.18
  SINCE JAN 1     10.13         11.29  -1.16     6.59

DEGREE DAYS
 HEATING
  YESTERDAY       16            15      1       14
  MONTH TO DATE  634           573     61      595
  SINCE MAR 1   1398          1557   -159     1766
  SINCE JUL 1   5731          6808  -1077     7268

 COOLING
  YESTERDAY        0             0      0        0
  MONTH TO DATE    1             0      1        0
  SINCE MAR 1      1             0      1        0
  SINCE JAN 1      1             0      1        0
......................................................


WIND (MPH)
  HIGHEST WIND SPEED    13   HIGHEST WIND DIRECTION    SE (130)
  HIGHEST GUST SPEED    18   HIGHEST GUST DIRECTION     E (110)
  AVERAGE WIND SPEED     4.8


SKY COVER
  AVERAGE SKY COVER 0.4



RELATIVE HUMIDITY (PERCENT)
 HIGHEST    71          1000 PM
 LOWEST     36           200 PM
 AVERAGE    54

..........................................................


THE BENNINGTON VT CLIMATE NORMALS FOR TODAY
                         NORMAL
 MAXIMUM TEMPERATURE (F)   63
 MINIMUM TEMPERATURE (F)   39


SUNRISE AND SUNSET
APRIL 30 2016.........SUNRISE   548 AM EDT   SUNSET   753 PM EDT
MAY  1 2016...........SUNRISE   546 AM EDT   SUNSET   754 PM EDT


-  INDICATES NEGATIVE NUMBERS.
R  INDICATES RECORD WAS SET OR TIED.
MM INDICATES DATA IS MISSING.
T  INDICATES TRACE AMOUNT.




$$
