000
CDUS41 KALY 202149
CLIDDH


CLIMATE REPORT
NATIONAL WEATHER SERVICE ALBANY NY
448 PM EST THU NOV 20 2014


...................................

...THE BENNINGTON VT CLIMATE SUMMARY FOR NOVEMBER 20 2014...
VALID TODAY AS OF 0400 PM LOCAL TIME.

CLIMATE NORMAL PERIOD 1981 TO 2010
CLIMATE RECORD PERIOD 9999 TO 9999


WEATHER ITEM   OBSERVED TIME   NORMAL DEPARTURE LAST
                VALUE   (LST)  VALUE  FROM      YEAR
                                      NORMAL
......................................................
TEMPERATURE (F)
 TODAY
  MAXIMUM         37   1114 AM  46     -9       MM
  MINIMUM         24   1250 AM  29     -5       MM
  AVERAGE         31            37     -6       MM

PRECIPITATION (IN)
  TODAY            T             0.10  -0.10     0.00
  MONTH TO DATE    1.30          2.06  -0.76     1.25
  SINCE SEP 1      6.15          9.32  -3.17     8.82
  SINCE JAN 1     32.11         36.86  -4.75    40.54

DEGREE DAYS
 HEATING
  TODAY           34            28      6       MM
  MONTH TO DATE  546           497     49      467
  SINCE SEP 1   1143          1246   -103     1158
  SINCE JUL 1   1196          1318   -122     1221

 COOLING
  TODAY            0             0      0       MM
  MONTH TO DATE    0             0      0        0
  SINCE SEP 1     55            25     30       44
  SINCE JAN 1    308           313     -5      503
......................................................


WIND (MPH)
  HIGHEST WIND SPEED    15   HIGHEST WIND DIRECTION    SW (240)
  HIGHEST GUST SPEED    23   HIGHEST GUST DIRECTION    SW (240)
  AVERAGE WIND SPEED     8.1


SKY COVER
  AVERAGE SKY COVER 0.7



RELATIVE HUMIDITY (PERCENT)
 HIGHEST    54
 LOWEST     44
 AVERAGE    49

..........................................................


THE BENNINGTON VT CLIMATE NORMALS FOR TOMORROW
                         NORMAL
 MAXIMUM TEMPERATURE (F)   45
 MINIMUM TEMPERATURE (F)   29


SUNRISE AND SUNSET
NOVEMBER 20 2014......SUNRISE   651 AM EST   SUNSET   426 PM EST
NOVEMBER 21 2014......SUNRISE   652 AM EST   SUNSET   425 PM EST


-  INDICATES NEGATIVE NUMBERS.
R  INDICATES RECORD WAS SET OR TIED.
MM INDICATES DATA IS MISSING.
T  INDICATES TRACE AMOUNT.




$$
