000
CDUS41 KALY 090647
CLIDDH


CLIMATE REPORT
NATIONAL WEATHER SERVICE ALBANY NY
246 AM EDT WED JUL 9 2014


...................................

...THE BENNINGTON VT CLIMATE SUMMARY FOR JULY 8 2014...

CLIMATE NORMAL PERIOD 1981 TO 2010
CLIMATE RECORD PERIOD 9999 TO 9999


WEATHER ITEM   OBSERVED TIME   NORMAL DEPARTURE LAST
                VALUE   (LST)  VALUE  FROM      YEAR
                                      NORMAL
......................................................
TEMPERATURE (F)
 YESTERDAY
  MAXIMUM         84    516 PM  79      5       83
  MINIMUM         64    424 AM  57      7       69
  AVERAGE         74            68      6       76

PRECIPITATION (IN)
  YESTERDAY        0.67          0.14   0.53      T
  MONTH TO DATE    2.95          1.05   1.90     1.19
  SINCE JUN 1      6.28          5.18   1.10     8.48
  SINCE JAN 1     19.11         20.25  -1.14    22.95

DEGREE DAYS
 HEATING
  YESTERDAY        0             1     -1        0
  MONTH TO DATE    1             8     -7        0
  SINCE JUN 1     48           105    -57      100
  SINCE JUL 1      1             8     -7        0

 COOLING
  YESTERDAY        9             4      5       11
  MONTH TO DATE   53            31     22       94
  SINCE JUN 1    115            89     26      192
  SINCE JAN 1    131           103     28      224
......................................................


WIND (MPH)
  HIGHEST WIND SPEED    25   HIGHEST WIND DIRECTION    SW (220)
  HIGHEST GUST SPEED    37   HIGHEST GUST DIRECTION     S (190)
  AVERAGE WIND SPEED     7.2


SKY COVER
  AVERAGE SKY COVER 0.4



RELATIVE HUMIDITY (PERCENT)
 HIGHEST    93           100 AM
 LOWEST     58           100 PM
 AVERAGE    76

..........................................................


THE BENNINGTON VT CLIMATE NORMALS FOR TODAY
                         NORMAL
 MAXIMUM TEMPERATURE (F)   79
 MINIMUM TEMPERATURE (F)   57


SUNRISE AND SUNSET
JULY  9 2014..........SUNRISE   523 AM EDT   SUNSET   833 PM EDT
JULY 10 2014..........SUNRISE   524 AM EDT   SUNSET   833 PM EDT


-  INDICATES NEGATIVE NUMBERS.
R  INDICATES RECORD WAS SET OR TIED.
MM INDICATES DATA IS MISSING.
T  INDICATES TRACE AMOUNT.




$$
