652
CDUS41 KALY 240624
CLIDDH


CLIMATE REPORT
NATIONAL WEATHER SERVICE ALBANY NY
122 AM EST FRI FEB 24 2017


...................................

...THE BENNINGTON VT CLIMATE SUMMARY FOR FEBRUARY 23 2017...

CLIMATE NORMAL PERIOD 1981 TO 2010
CLIMATE RECORD PERIOD 9999 TO 9999


WEATHER ITEM   OBSERVED TIME   NORMAL DEPARTURE LAST
                VALUE   (LST)  VALUE  FROM      YEAR
                                      NORMAL
......................................................
TEMPERATURE (F)
 YESTERDAY
  MAXIMUM         69    254 PM  37     32       41
  MINIMUM         35    615 AM  17     18       14
  AVERAGE         52            27     25       28

PRECIPITATION (IN)
  YESTERDAY        0.00          0.10  -0.10      T
  MONTH TO DATE    1.25          1.77  -0.52     1.83
  SINCE DEC 1      5.05          7.31  -2.26     6.69
  SINCE JAN 1      2.96          4.52  -1.56     2.94

DEGREE DAYS
 HEATING
  YESTERDAY       13            38    -25       37
  MONTH TO DATE  833           933   -100      861
  SINCE DEC 1   3057          3451   -394     2823
  SINCE JUL 1   4427          5064   -637     4166

 COOLING
  YESTERDAY        0             0      0        0
  MONTH TO DATE    0             0      0        0
  SINCE DEC 1      0             0      0        0
  SINCE JAN 1      0             0      0        0
......................................................


WIND (MPH)
  HIGHEST WIND SPEED    15   HIGHEST WIND DIRECTION     S (200)
  HIGHEST GUST SPEED    20   HIGHEST GUST DIRECTION     S (200)
  AVERAGE WIND SPEED     4.6


SKY COVER
  AVERAGE SKY COVER 0.6



RELATIVE HUMIDITY (PERCENT)
 HIGHEST    92           700 AM
 LOWEST     39           100 PM
 AVERAGE    66

..........................................................


THE BENNINGTON VT CLIMATE NORMALS FOR TODAY
                         NORMAL
 MAXIMUM TEMPERATURE (F)   37
 MINIMUM TEMPERATURE (F)   17


SUNRISE AND SUNSET
FEBRUARY 24 2017......SUNRISE   636 AM EST   SUNSET   536 PM EST
FEBRUARY 25 2017......SUNRISE   635 AM EST   SUNSET   538 PM EST


-  INDICATES NEGATIVE NUMBERS.
R  INDICATES RECORD WAS SET OR TIED.
MM INDICATES DATA IS MISSING.
T  INDICATES TRACE AMOUNT.




$$
