775
CDUS41 KALY 260622
CLIDDH


CLIMATE REPORT
NATIONAL WEATHER SERVICE ALBANY NY
221 AM EDT SUN MAR 26 2017


...................................

...THE BENNINGTON VT CLIMATE SUMMARY FOR MARCH 25 2017...

CLIMATE NORMAL PERIOD 1981 TO 2010
CLIMATE RECORD PERIOD 9999 TO 9999


WEATHER ITEM   OBSERVED TIME   NORMAL DEPARTURE LAST
                VALUE   (LST)  VALUE  FROM      YEAR
                                      NORMAL
......................................................
TEMPERATURE (F)
 YESTERDAY
  MAXIMUM         38   1244 AM  47     -9       61
  MINIMUM         29   1159 PM  26      3       35
  AVERAGE         34            36     -2       48

PRECIPITATION (IN)
  YESTERDAY        0.33          0.11   0.22     0.23
  MONTH TO DATE    1.24          2.52  -1.28     1.91
  SINCE MAR 1      1.24          2.52  -1.28     1.91
  SINCE JAN 1      4.87          7.51  -2.64     6.95

DEGREE DAYS
 HEATING
  YESTERDAY       31            28      3       17
  MONTH TO DATE  941           822    119      639
  SINCE MAR 1    941           822    119      639
  SINCE JUL 1   5476          6073   -597     4972

 COOLING
  YESTERDAY        0             0      0        0
  MONTH TO DATE    0             0      0        0
  SINCE MAR 1      0             0      0        0
  SINCE JAN 1      0             0      0        0
......................................................


WIND (MPH)
  HIGHEST WIND SPEED     9   HIGHEST WIND DIRECTION     N (350)
  HIGHEST GUST SPEED    13   HIGHEST GUST DIRECTION     N (350)
  AVERAGE WIND SPEED     1.4


SKY COVER
  AVERAGE SKY COVER 0.8



RELATIVE HUMIDITY (PERCENT)
 HIGHEST   100           300 AM
 LOWEST     82           700 PM
 AVERAGE    91

..........................................................


THE BENNINGTON VT CLIMATE NORMALS FOR TODAY
                         NORMAL
 MAXIMUM TEMPERATURE (F)   48
 MINIMUM TEMPERATURE (F)   26


SUNRISE AND SUNSET
MARCH 26 2017.........SUNRISE   645 AM EDT   SUNSET   713 PM EDT
MARCH 27 2017.........SUNRISE   644 AM EDT   SUNSET   714 PM EDT


-  INDICATES NEGATIVE NUMBERS.
R  INDICATES RECORD WAS SET OR TIED.
MM INDICATES DATA IS MISSING.
T  INDICATES TRACE AMOUNT.




$$
