819
CDUS41 KALY 220624
CLIDDH


CLIMATE REPORT
NATIONAL WEATHER SERVICE ALBANY NY
223 AM EDT FRI JUL 22 2016


...................................

...THE BENNINGTON VT CLIMATE SUMMARY FOR JULY 21 2016...

CLIMATE NORMAL PERIOD 1981 TO 2010
CLIMATE RECORD PERIOD 9999 TO 9999


WEATHER ITEM   OBSERVED TIME   NORMAL DEPARTURE LAST
                VALUE   (LST)  VALUE  FROM      YEAR
                                      NORMAL
......................................................
TEMPERATURE (F)
 YESTERDAY
  MAXIMUM         85    419 PM  80      5       84
  MINIMUM         49    446 AM  57     -8       58
  AVERAGE         67            68     -1       71

PRECIPITATION (IN)
  YESTERDAY        T             0.15  -0.15     0.00
  MONTH TO DATE    1.30          2.91  -1.61     1.85
  SINCE JUN 1      3.04          7.04  -4.00     4.80
  SINCE JAN 1     16.09         22.11  -6.02    12.36

DEGREE DAYS
 HEATING
  YESTERDAY        0             1     -1        0
  MONTH TO DATE   10            21    -11       25
  SINCE JUN 1     79           118    -39      120
  SINCE JUL 1     10            21    -11       25

 COOLING
  YESTERDAY        2             4     -2        6
  MONTH TO DATE   97            83     14       82
  SINCE JUN 1    155           141     14      129
  SINCE JAN 1    197           155     42      193
......................................................


WIND (MPH)
  HIGHEST WIND SPEED    10   HIGHEST WIND DIRECTION     W (280)
  HIGHEST GUST SPEED    14   HIGHEST GUST DIRECTION     W (250)
  AVERAGE WIND SPEED     2.2


SKY COVER
  AVERAGE SKY COVER 0.0



RELATIVE HUMIDITY (PERCENT)
 HIGHEST   100           400 AM
 LOWEST     37           300 PM
 AVERAGE    69

..........................................................


THE BENNINGTON VT CLIMATE NORMALS FOR TODAY
                         NORMAL
 MAXIMUM TEMPERATURE (F)   80
 MINIMUM TEMPERATURE (F)   57


SUNRISE AND SUNSET
JULY 22 2016..........SUNRISE   535 AM EDT   SUNSET   824 PM EDT
JULY 23 2016..........SUNRISE   536 AM EDT   SUNSET   823 PM EDT


-  INDICATES NEGATIVE NUMBERS.
R  INDICATES RECORD WAS SET OR TIED.
MM INDICATES DATA IS MISSING.
T  INDICATES TRACE AMOUNT.




$$
