709
CDUS41 KALY 030628
CLIDDH


CLIMATE REPORT
NATIONAL WEATHER SERVICE ALBANY NY
127 AM EST WED FEB 3 2016


...................................

...THE BENNINGTON VT CLIMATE SUMMARY FOR FEBRUARY 2 2016...

CLIMATE NORMAL PERIOD 1981 TO 2010
CLIMATE RECORD PERIOD 9999 TO 9999


WEATHER ITEM   OBSERVED TIME   NORMAL DEPARTURE LAST
                VALUE   (LST)  VALUE  FROM      YEAR
                                      NORMAL
......................................................
TEMPERATURE (F)
 YESTERDAY
  MAXIMUM         44    341 PM  32     12       19
  MINIMUM         26    704 AM  13     13        0
  AVERAGE         35            22     13       10

PRECIPITATION (IN)
  YESTERDAY        0.00          0.07  -0.07     0.22
  MONTH TO DATE    0.00          0.13  -0.13     0.22
  SINCE DEC 1      4.86          5.67  -0.81     6.53
  SINCE JAN 1      1.11          2.88  -1.77     2.62

DEGREE DAYS
 HEATING
  YESTERDAY       30            43    -13       55
  MONTH TO DATE   51            86    -35      109
  SINCE DEC 1   2013          2604   -591     2596
  SINCE JUL 1   3356          4217   -861     4089

 COOLING
  YESTERDAY        0             0      0        0
  MONTH TO DATE    0             0      0        0
  SINCE DEC 1      0             0      0        0
  SINCE JAN 1      0             0      0        0
......................................................


WIND (MPH)
  HIGHEST WIND SPEED    16   HIGHEST WIND DIRECTION    SE (140)
  HIGHEST GUST SPEED    21   HIGHEST GUST DIRECTION    SE (130)
  AVERAGE WIND SPEED     2.9


SKY COVER
  AVERAGE SKY COVER 0.4



RELATIVE HUMIDITY (PERCENT)
 HIGHEST    92           700 AM
 LOWEST     43           400 PM
 AVERAGE    68

..........................................................


THE BENNINGTON VT CLIMATE NORMALS FOR TODAY
                         NORMAL
 MAXIMUM TEMPERATURE (F)   32
 MINIMUM TEMPERATURE (F)   13


SUNRISE AND SUNSET
FEBRUARY  3 2016......SUNRISE   706 AM EST   SUNSET   508 PM EST
FEBRUARY  4 2016......SUNRISE   705 AM EST   SUNSET   509 PM EST


-  INDICATES NEGATIVE NUMBERS.
R  INDICATES RECORD WAS SET OR TIED.
MM INDICATES DATA IS MISSING.
T  INDICATES TRACE AMOUNT.




$$
