000
CDUS41 KALY 042154
CLIDDH


CLIMATE REPORT
NATIONAL WEATHER SERVICE ALBANY NY
454 PM EST MON DEC 4 2017


...................................

...THE BENNINGTON VT CLIMATE SUMMARY FOR DECEMBER 4 2017...
VALID TODAY AS OF 0400 PM LOCAL TIME.

CLIMATE NORMAL PERIOD 1981 TO 2010
CLIMATE RECORD PERIOD 9999 TO 9999


WEATHER ITEM   OBSERVED TIME   NORMAL DEPARTURE LAST
                VALUE   (LST)  VALUE  FROM      YEAR
                                      NORMAL
......................................................
TEMPERATURE (F)
 TODAY
  MAXIMUM         49    151 PM  40      9       33
  MINIMUM         28    738 AM  25      3       21
  AVERAGE         39            32      7       27

PRECIPITATION (IN)
  TODAY            0.00          0.11  -0.11     0.00
  MONTH TO DATE    T             0.39  -0.39     0.41
  SINCE DEC 1      T             0.39  -0.39     0.41
  SINCE JAN 1     39.56         38.30   1.26    30.95

DEGREE DAYS
 HEATING
  TODAY           26            33     -7       38
  MONTH TO DATE  112           129    -17      112
  SINCE DEC 1    112           129    -17      112
  SINCE JUL 1   1412          1742   -330     1482

 COOLING
  TODAY            0             0      0        0
  MONTH TO DATE    0             0      0        0
  SINCE DEC 1      0             0      0        0
  SINCE JAN 1    395           313     82      488
......................................................


WIND (MPH)
  HIGHEST WIND SPEED     7   HIGHEST WIND DIRECTION    NW (300)
  HIGHEST GUST SPEED    10   HIGHEST GUST DIRECTION     W (290)
  AVERAGE WIND SPEED     0.9


SKY COVER
  AVERAGE SKY COVER 0.4



RELATIVE HUMIDITY (PERCENT)
 HIGHEST    92
 LOWEST     54
 AVERAGE    73

..........................................................


THE BENNINGTON VT CLIMATE NORMALS FOR TOMORROW
                         NORMAL
 MAXIMUM TEMPERATURE (F)   40
 MINIMUM TEMPERATURE (F)   24


SUNRISE AND SUNSET
DECEMBER  4 2017......SUNRISE   707 AM EST   SUNSET   419 PM EST
DECEMBER  5 2017......SUNRISE   708 AM EST   SUNSET   419 PM EST


-  INDICATES NEGATIVE NUMBERS.
R  INDICATES RECORD WAS SET OR TIED.
MM INDICATES DATA IS MISSING.
T  INDICATES TRACE AMOUNT.




$$
