000
CDUS41 KALY 220625
CLIDDH


CLIMATE REPORT
NATIONAL WEATHER SERVICE ALBANY NY
124 AM EST MON DEC 22 2014


...................................

...THE BENNINGTON VT CLIMATE SUMMARY FOR DECEMBER 21 2014...

CLIMATE NORMAL PERIOD 1981 TO 2010
CLIMATE RECORD PERIOD 9999 TO 9999


WEATHER ITEM   OBSERVED TIME   NORMAL DEPARTURE LAST
                VALUE   (LST)  VALUE  FROM      YEAR
                                      NORMAL
......................................................
TEMPERATURE (F)
 YESTERDAY
  MAXIMUM         29   1037 PM  34     -5       58
  MINIMUM         24    723 AM  17      7       37
  AVERAGE         27            26      1       48

PRECIPITATION (IN)
  YESTERDAY        0.01          0.09  -0.08     0.60
  MONTH TO DATE    2.44          1.94   0.50     1.60
  SINCE DEC 1      2.44          1.94   0.50     1.60
  SINCE JAN 1     35.49         39.85  -4.36    43.50

DEGREE DAYS
 HEATING
  YESTERDAY       38            40     -2       17
  MONTH TO DATE  728           748    -20      769
  SINCE DEC 1    728           748    -20      769
  SINCE JUL 1   2221          2361   -140     2300

 COOLING
  YESTERDAY        0             0      0        0
  MONTH TO DATE    0             0      0        0
  SINCE DEC 1      0             0      0        0
  SINCE JAN 1    308           313     -5      503
......................................................


WIND (MPH)
  HIGHEST WIND SPEED     5   HIGHEST WIND DIRECTION    NW (300)
  HIGHEST GUST SPEED     5   HIGHEST GUST DIRECTION    NW (320)
  AVERAGE WIND SPEED     0.3


SKY COVER
  AVERAGE SKY COVER 1.0



RELATIVE HUMIDITY (PERCENT)
 HIGHEST    92          1200 PM
 LOWEST     81          1200 AM
 AVERAGE    87

..........................................................


THE BENNINGTON VT CLIMATE NORMALS FOR TODAY
                         NORMAL
 MAXIMUM TEMPERATURE (F)   34
 MINIMUM TEMPERATURE (F)   17


SUNRISE AND SUNSET
DECEMBER 22 2014......SUNRISE   721 AM EST   SUNSET   422 PM EST
DECEMBER 23 2014......SUNRISE   722 AM EST   SUNSET   423 PM EST


-  INDICATES NEGATIVE NUMBERS.
R  INDICATES RECORD WAS SET OR TIED.
MM INDICATES DATA IS MISSING.
T  INDICATES TRACE AMOUNT.




$$
