000
CDUS41 KALY 250629
CLIDDH


CLIMATE REPORT
NATIONAL WEATHER SERVICE ALBANY NY
225 AM EDT TUE AUG 25 2015


...................................

...THE BENNINGTON VT CLIMATE SUMMARY FOR AUGUST 24 2015...

CLIMATE NORMAL PERIOD 1981 TO 2010
CLIMATE RECORD PERIOD 9999 TO 9999


WEATHER ITEM   OBSERVED TIME   NORMAL DEPARTURE LAST
                VALUE   (LST)  VALUE  FROM      YEAR
                                      NORMAL
......................................................
TEMPERATURE (F)
 YESTERDAY
  MAXIMUM         84    257 PM  77      7       80
  MINIMUM         62    523 AM  54      8       51
  AVERAGE         73            66      7       66

PRECIPITATION (IN)
  YESTERDAY        0.00          0.12  -0.12     0.00
  MONTH TO DATE    1.39          3.19  -1.80     1.84
  SINCE JUN 1      6.33         11.66  -5.33    13.12
  SINCE JAN 1     13.89         26.73 -12.84    25.95

DEGREE DAYS
 HEATING
  YESTERDAY        0             2     -2        0
  MONTH TO DATE    4            28    -24       37
  SINCE JUN 1    126           149    -23       95
  SINCE JUL 1     31            52    -21       48

 COOLING
  YESTERDAY        8             2      6        1
  MONTH TO DATE  106            81     25       34
  SINCE JUN 1    290           262     28      220
  SINCE JAN 1    354           276     78      236
......................................................


WIND (MPH)
  HIGHEST WIND SPEED    12   HIGHEST WIND DIRECTION    SE (150)
  HIGHEST GUST SPEED    16   HIGHEST GUST DIRECTION     S (160)
  AVERAGE WIND SPEED     3.3


SKY COVER
  AVERAGE SKY COVER 0.4



RELATIVE HUMIDITY (PERCENT)
 HIGHEST    93           100 AM
 LOWEST     47           100 PM
 AVERAGE    70

..........................................................


THE BENNINGTON VT CLIMATE NORMALS FOR TODAY
                         NORMAL
 MAXIMUM TEMPERATURE (F)   77
 MINIMUM TEMPERATURE (F)   54


SUNRISE AND SUNSET
AUGUST 25 2015........SUNRISE   610 AM EDT   SUNSET   740 PM EDT
AUGUST 26 2015........SUNRISE   611 AM EDT   SUNSET   738 PM EDT


-  INDICATES NEGATIVE NUMBERS.
R  INDICATES RECORD WAS SET OR TIED.
MM INDICATES DATA IS MISSING.
T  INDICATES TRACE AMOUNT.




$$
