000
CDUS41 KALY 120624
CLIDDH


CLIMATE REPORT
NATIONAL WEATHER SERVICE ALBANY NY
224 AM EDT FRI SEP 12 2014


...................................

...THE BENNINGTON VT CLIMATE SUMMARY FOR SEPTEMBER 11 2014...

CLIMATE NORMAL PERIOD 1981 TO 2010
CLIMATE RECORD PERIOD 9999 TO 9999


WEATHER ITEM   OBSERVED TIME   NORMAL DEPARTURE LAST
                VALUE   (LST)  VALUE  FROM      YEAR
                                      NORMAL
......................................................
TEMPERATURE (F)
 YESTERDAY
  MAXIMUM         73    329 PM  72      1       92
  MINIMUM         57   1137 PM  49      8       66
  AVERAGE         65            61      4       79

PRECIPITATION (IN)
  YESTERDAY        0.07          0.11  -0.04     0.09
  MONTH TO DATE    0.53          1.16  -0.63     1.13
  SINCE SEP 1      0.53          1.16  -0.63     1.13
  SINCE JAN 1     26.49         28.70  -2.21    32.85

DEGREE DAYS
 HEATING
  YESTERDAY        0             5     -5        0
  MONTH TO DATE   15            44    -29       53
  SINCE SEP 1     15            44    -29       53
  SINCE JUL 1     68           116    -48      116

 COOLING
  YESTERDAY        0             1     -1       14
  MONTH TO DATE   40            15     25       35
  SINCE SEP 1     40            15     25       35
  SINCE JAN 1    293           303    -10      494
......................................................


WIND (MPH)
  HIGHEST WIND SPEED    22   HIGHEST WIND DIRECTION     S (190)
  HIGHEST GUST SPEED    28   HIGHEST GUST DIRECTION     S (190)
  AVERAGE WIND SPEED     8.2


SKY COVER
  AVERAGE SKY COVER 0.9



RELATIVE HUMIDITY (PERCENT)
 HIGHEST    84           400 PM
 LOWEST     67           700 PM
 AVERAGE    76

..........................................................


THE BENNINGTON VT CLIMATE NORMALS FOR TODAY
                         NORMAL
 MAXIMUM TEMPERATURE (F)   72
 MINIMUM TEMPERATURE (F)   49


SUNRISE AND SUNSET
SEPTEMBER 12 2014.....SUNRISE   629 AM EDT   SUNSET   708 PM EDT
SEPTEMBER 13 2014.....SUNRISE   630 AM EDT   SUNSET   707 PM EDT


-  INDICATES NEGATIVE NUMBERS.
R  INDICATES RECORD WAS SET OR TIED.
MM INDICATES DATA IS MISSING.
T  INDICATES TRACE AMOUNT.




$$
