903
CDUS41 KALY 140628
CLIDDH


CLIMATE REPORT
NATIONAL WEATHER SERVICE ALBANY NY
128 AM EST WED FEB 14 2018


...................................

...THE BENNINGTON VT CLIMATE SUMMARY FOR FEBRUARY 13 2018...

CLIMATE NORMAL PERIOD 1981 TO 2010
CLIMATE RECORD PERIOD 9999 TO 9999


WEATHER ITEM   OBSERVED TIME   NORMAL DEPARTURE LAST
                VALUE   (LST)  VALUE  FROM      YEAR
                                      NORMAL
......................................................
TEMPERATURE (F)
 YESTERDAY
  MAXIMUM         30    347 PM  34     -4       31
  MINIMUM         13    718 AM  15     -2       20
  AVERAGE         22            25     -3       26

PRECIPITATION (IN)
  YESTERDAY        0.00          0.09  -0.09    MM
  MONTH TO DATE    1.73          0.93   0.80     1.21
  SINCE DEC 1      6.92          6.47   0.45     5.01
  SINCE JAN 1      4.78          3.68   1.10     2.92

DEGREE DAYS
 HEATING
  YESTERDAY       43            40      3       39
  MONTH TO DATE  518           541    -23      528
  SINCE DEC 1   3123          3059     64     2752
  SINCE JUL 1   4423          4672   -249     4122

 COOLING
  YESTERDAY        0             0      0        0
  MONTH TO DATE    0             0      0        0
  SINCE DEC 1      0             0      0        0
  SINCE JAN 1      0             0      0        0
......................................................


WIND (MPH)
  HIGHEST WIND SPEED    14   HIGHEST WIND DIRECTION     S (200)
  HIGHEST GUST SPEED    22   HIGHEST GUST DIRECTION     S (200)
  AVERAGE WIND SPEED     2.6


SKY COVER
  AVERAGE SKY COVER 0.0



RELATIVE HUMIDITY (PERCENT)
 HIGHEST    70           700 AM
 LOWEST     39           300 PM
 AVERAGE    55

..........................................................


THE BENNINGTON VT CLIMATE NORMALS FOR TODAY
                         NORMAL
 MAXIMUM TEMPERATURE (F)   34
 MINIMUM TEMPERATURE (F)   15


SUNRISE AND SUNSET
FEBRUARY 14 2018......SUNRISE   652 AM EST   SUNSET   523 PM EST
FEBRUARY 15 2018......SUNRISE   650 AM EST   SUNSET   524 PM EST


-  INDICATES NEGATIVE NUMBERS.
R  INDICATES RECORD WAS SET OR TIED.
MM INDICATES DATA IS MISSING.
T  INDICATES TRACE AMOUNT.




$$
