000
CDUS41 KALY 260624
CLIDDH


CLIMATE REPORT
NATIONAL WEATHER SERVICE ALBANY NY
223 AM EDT WED APR 26 2017


...................................

...THE BENNINGTON VT CLIMATE SUMMARY FOR APRIL 25 2017...

CLIMATE NORMAL PERIOD 1981 TO 2010
CLIMATE RECORD PERIOD 9999 TO 9999


WEATHER ITEM   OBSERVED TIME   NORMAL DEPARTURE LAST
                VALUE   (LST)  VALUE  FROM      YEAR
                                      NORMAL
......................................................
TEMPERATURE (F)
 YESTERDAY
  MAXIMUM         55    135 PM  61     -6       55
  MINIMUM         42   1225 AM  38      4       41
  AVERAGE         49            49      0       48

PRECIPITATION (IN)
  YESTERDAY        0.13          0.10   0.03     0.00
  MONTH TO DATE    2.33          2.73  -0.40     2.20
  SINCE MAR 1      5.44          5.88  -0.44     4.66
  SINCE JAN 1      9.07         10.87  -1.80     9.70

DEGREE DAYS
 HEATING
  YESTERDAY       16            16      0       17
  MONTH TO DATE  410           512   -102      548
  SINCE MAR 1   1516          1496     20     1312
  SINCE JUL 1   6051          6747   -696     5645

 COOLING
  YESTERDAY        0             0      0        0
  MONTH TO DATE    3             0      3        1
  SINCE MAR 1      3             0      3        1
  SINCE JAN 1      3             0      3        1
......................................................


WIND (MPH)
  HIGHEST WIND SPEED    22   HIGHEST WIND DIRECTION    SE (130)
  HIGHEST GUST SPEED    32   HIGHEST GUST DIRECTION    SE (130)
  AVERAGE WIND SPEED     7.8


SKY COVER
  AVERAGE SKY COVER 0.9



RELATIVE HUMIDITY (PERCENT)
 HIGHEST    83           200 AM
 LOWEST     54           400 AM
 AVERAGE    69

..........................................................


THE BENNINGTON VT CLIMATE NORMALS FOR TODAY
                         NORMAL
 MAXIMUM TEMPERATURE (F)   61
 MINIMUM TEMPERATURE (F)   38


SUNRISE AND SUNSET
APRIL 26 2017.........SUNRISE   554 AM EDT   SUNSET   748 PM EDT
APRIL 27 2017.........SUNRISE   552 AM EDT   SUNSET   749 PM EDT


-  INDICATES NEGATIVE NUMBERS.
R  INDICATES RECORD WAS SET OR TIED.
MM INDICATES DATA IS MISSING.
T  INDICATES TRACE AMOUNT.




$$
