000
CDUS41 KALY 140622
CLIDDH


CLIMATE REPORT
NATIONAL WEATHER SERVICE ALBANY NY
121 AM EST SAT JAN 14 2017


...................................

...THE BENNINGTON VT CLIMATE SUMMARY FOR JANUARY 13 2017...

CLIMATE NORMAL PERIOD 1981 TO 2010
CLIMATE RECORD PERIOD 9999 TO 9999


WEATHER ITEM   OBSERVED TIME   NORMAL DEPARTURE LAST
                VALUE   (LST)  VALUE  FROM      YEAR
                                      NORMAL
......................................................
TEMPERATURE (F)
 YESTERDAY
  MAXIMUM         45   1217 AM  30     15       23
  MINIMUM         20   1159 PM  11      9        8
  AVERAGE         33            21     12       16

PRECIPITATION (IN)
  YESTERDAY        0.00          0.09  -0.09     0.00
  MONTH TO DATE    1.14          1.33  -0.19     0.61
  SINCE DEC 1      3.23          4.12  -0.89     4.36
  SINCE JAN 1      1.14          1.33  -0.19     0.61

DEGREE DAYS
 HEATING
  YESTERDAY       32            44    -12       49
  MONTH TO DATE  491           568    -77      504
  SINCE DEC 1   1614          1727   -113     1249
  SINCE JUL 1   2984          3340   -356     2592

 COOLING
  YESTERDAY        0             0      0        0
  MONTH TO DATE    0             0      0        0
  SINCE DEC 1      0             0      0        0
  SINCE JAN 1      0             0      0        0
......................................................


WIND (MPH)
  HIGHEST WIND SPEED    22   HIGHEST WIND DIRECTION     W (280)
  HIGHEST GUST SPEED    30   HIGHEST GUST DIRECTION     W (280)
  AVERAGE WIND SPEED     9.3


SKY COVER
  AVERAGE SKY COVER 0.5



RELATIVE HUMIDITY (PERCENT)
 HIGHEST    76           100 AM
 LOWEST     25           300 PM
 AVERAGE    51

..........................................................


THE BENNINGTON VT CLIMATE NORMALS FOR TODAY
                         NORMAL
 MAXIMUM TEMPERATURE (F)   30
 MINIMUM TEMPERATURE (F)   11


SUNRISE AND SUNSET
JANUARY 14 2017.......SUNRISE   721 AM EST   SUNSET   443 PM EST
JANUARY 15 2017.......SUNRISE   721 AM EST   SUNSET   444 PM EST


-  INDICATES NEGATIVE NUMBERS.
R  INDICATES RECORD WAS SET OR TIED.
MM INDICATES DATA IS MISSING.
T  INDICATES TRACE AMOUNT.




$$
