000
CDUS41 KALY 200626
CLIDDH


CLIMATE REPORT
NATIONAL WEATHER SERVICE ALBANY NY
225 AM EDT TUE JUN 20 2017


...................................

...THE BENNINGTON VT CLIMATE SUMMARY FOR JUNE 19 2017...

CLIMATE NORMAL PERIOD 1981 TO 2010
CLIMATE RECORD PERIOD 9999 TO 9999


WEATHER ITEM   OBSERVED TIME   NORMAL DEPARTURE LAST
                VALUE   (LST)  VALUE  FROM      YEAR
                                      NORMAL
......................................................
TEMPERATURE (F)
 YESTERDAY
  MAXIMUM         83   1133 AM  76      7       86
  MINIMUM         66   1026 PM  54     12       53
  AVERAGE         75            65     10       70

PRECIPITATION (IN)
  YESTERDAY        1.22          0.15   1.07     0.00
  MONTH TO DATE    4.00          2.71   1.29     1.39
  SINCE JUN 1      4.00          2.71   1.29     1.39
  SINCE JAN 1     20.24         17.78   2.46    14.44

DEGREE DAYS
 HEATING
  YESTERDAY        0             2     -2        0
  MONTH TO DATE   77            80     -3       55
  SINCE JUN 1     77            80     -3       55
  SINCE JUL 1   6476          7219   -743     6091

 COOLING
  YESTERDAY       10             2      8        5
  MONTH TO DATE   57            29     28       28
  SINCE JUN 1     57            29     28       28
  SINCE JAN 1     72            43     29       70
......................................................


WIND (MPH)
  HIGHEST WIND SPEED    18   HIGHEST WIND DIRECTION    NW (310)
  HIGHEST GUST SPEED    27   HIGHEST GUST DIRECTION    NW (300)
  AVERAGE WIND SPEED     4.7


SKY COVER
  AVERAGE SKY COVER 0.6



RELATIVE HUMIDITY (PERCENT)
 HIGHEST    93           500 PM
 LOWEST     69           100 AM
 AVERAGE    81

..........................................................


THE BENNINGTON VT CLIMATE NORMALS FOR TODAY
                         NORMAL
 MAXIMUM TEMPERATURE (F)   76
 MINIMUM TEMPERATURE (F)   54


SUNRISE AND SUNSET
JUNE 20 2017..........SUNRISE   514 AM EDT   SUNSET   835 PM EDT
JUNE 21 2017..........SUNRISE   514 AM EDT   SUNSET   835 PM EDT


-  INDICATES NEGATIVE NUMBERS.
R  INDICATES RECORD WAS SET OR TIED.
MM INDICATES DATA IS MISSING.
T  INDICATES TRACE AMOUNT.




$$
