000
CDUS41 KALY 150648
CLIDDH


CLIMATE REPORT
NATIONAL WEATHER SERVICE ALBANY NY
244 AM EDT FRI JUL 15 2016


...................................

...THE BENNINGTON VT CLIMATE SUMMARY FOR JULY 14 2016...

CLIMATE NORMAL PERIOD 1981 TO 2010
CLIMATE RECORD PERIOD 9999 TO 9999


WEATHER ITEM   OBSERVED TIME   NORMAL DEPARTURE LAST
                VALUE   (LST)  VALUE  FROM      YEAR
                                      NORMAL
......................................................
TEMPERATURE (F)
 YESTERDAY
  MAXIMUM         86    141 PM  80      6       83
  MINIMUM         69   1147 PM  57     12       60
  AVERAGE         78            68     10       72

PRECIPITATION (IN)
  YESTERDAY        0.18          0.16   0.02     0.00
  MONTH TO DATE    0.86          1.94  -1.08     0.90
  SINCE JUN 1      2.60          6.07  -3.47     3.85
  SINCE JAN 1     15.65         21.14  -5.49    11.41

DEGREE DAYS
 HEATING
  YESTERDAY        0             1     -1        0
  MONTH TO DATE    4            14    -10       14
  SINCE JUN 1     73           111    -38      109
  SINCE JUL 1      4            14    -10       14

 COOLING
  YESTERDAY       13             4      9        7
  MONTH TO DATE   67            55     12       47
  SINCE JUN 1    125           113     12       94
  SINCE JAN 1    167           127     40      158
......................................................


WIND (MPH)
  HIGHEST WIND SPEED    20   HIGHEST WIND DIRECTION     S (190)
  HIGHEST GUST SPEED    27   HIGHEST GUST DIRECTION     S (180)
  AVERAGE WIND SPEED     4.0


SKY COVER
  AVERAGE SKY COVER  MM



RELATIVE HUMIDITY (PERCENT)
 HIGHEST    MM
 LOWEST     MM
 AVERAGE    MM

..........................................................


THE BENNINGTON VT CLIMATE NORMALS FOR TODAY
                         NORMAL
 MAXIMUM TEMPERATURE (F)   80
 MINIMUM TEMPERATURE (F)   57


SUNRISE AND SUNSET
JULY 15 2016..........SUNRISE   528 AM EDT   SUNSET   829 PM EDT
JULY 16 2016..........SUNRISE   529 AM EDT   SUNSET   829 PM EDT


-  INDICATES NEGATIVE NUMBERS.
R  INDICATES RECORD WAS SET OR TIED.
MM INDICATES DATA IS MISSING.
T  INDICATES TRACE AMOUNT.




$$
