000
CDUS41 KALY 232150
CLIDDH


CLIMATE REPORT
NATIONAL WEATHER SERVICE ALBANY NY
450 PM EST MON FEB 23 2015


...................................

...THE BENNINGTON VT CLIMATE SUMMARY FOR FEBRUARY 23 2015...
VALID TODAY AS OF 0400 PM LOCAL TIME.

CLIMATE NORMAL PERIOD 1981 TO 2010
CLIMATE RECORD PERIOD 9999 TO 9999


WEATHER ITEM   OBSERVED TIME   NORMAL DEPARTURE LAST
                VALUE   (LST)  VALUE  FROM      YEAR
                                      NORMAL
......................................................
TEMPERATURE (F)
 TODAY
  MAXIMUM         25    108 AM  37    -12       45
  MINIMUM          8    445 PM  17     -9       30
  AVERAGE         17            27    -10       38

PRECIPITATION (IN)
  TODAY            0.00          0.10  -0.10     0.00
  MONTH TO DATE    1.01          1.77  -0.76     2.93
  SINCE DEC 1      7.32          7.31   0.01     8.73
  SINCE JAN 1      3.41          4.52  -1.11     5.85

DEGREE DAYS
 HEATING
  TODAY           48            38     10       27
  MONTH TO DATE 1236           933    303      931
  SINCE DEC 1   3723          3451    272     3470
  SINCE JUL 1   5216          5064    152     5001

 COOLING
  TODAY            0             0      0        0
  MONTH TO DATE    0             0      0        0
  SINCE DEC 1      0             0      0        0
  SINCE JAN 1      0             0      0        0
......................................................


WIND (MPH)
  HIGHEST WIND SPEED    22   HIGHEST WIND DIRECTION     W (280)
  HIGHEST GUST SPEED    32   HIGHEST GUST DIRECTION     W (280)
  AVERAGE WIND SPEED    11.8


SKY COVER
  AVERAGE SKY COVER 0.5



RELATIVE HUMIDITY (PERCENT)
 HIGHEST    74
 LOWEST     32
 AVERAGE    53

..........................................................


THE BENNINGTON VT CLIMATE NORMALS FOR TOMORROW
                         NORMAL
 MAXIMUM TEMPERATURE (F)   37
 MINIMUM TEMPERATURE (F)   17


SUNRISE AND SUNSET
FEBRUARY 23 2015......SUNRISE   639 AM EST   SUNSET   534 PM EST
FEBRUARY 24 2015......SUNRISE   637 AM EST   SUNSET   536 PM EST


-  INDICATES NEGATIVE NUMBERS.
R  INDICATES RECORD WAS SET OR TIED.
MM INDICATES DATA IS MISSING.
T  INDICATES TRACE AMOUNT.




$$
