931
CDUS41 KALY 180623
CLIDDH


CLIMATE REPORT
NATIONAL WEATHER SERVICE ALBANY NY
222 AM EDT FRI AUG 18 2017


...................................

...THE BENNINGTON VT CLIMATE SUMMARY FOR AUGUST 17 2017...

CLIMATE NORMAL PERIOD 1981 TO 2010
CLIMATE RECORD PERIOD 9999 TO 9999


WEATHER ITEM   OBSERVED TIME   NORMAL DEPARTURE LAST
                VALUE   (LST)  VALUE  FROM      YEAR
                                      NORMAL
......................................................
TEMPERATURE (F)
 YESTERDAY
  MAXIMUM         78    353 PM  78      0       78
  MINIMUM         46    519 AM  55     -9       59
  AVERAGE         62            67     -5       69

PRECIPITATION (IN)
  YESTERDAY        0.00          0.12  -0.12      T
  MONTH TO DATE    1.19          2.34  -1.15     2.97
  SINCE JUN 1     14.47         10.81   3.66     7.10
  SINCE JAN 1     30.71         25.88   4.83    20.15

DEGREE DAYS
 HEATING
  YESTERDAY        3             1      2        0
  MONTH TO DATE    9            17     -8        0
  SINCE JUN 1    117           138    -21       79
  SINCE JUL 1     22            41    -19       10

 COOLING
  YESTERDAY        0             3     -3        4
  MONTH TO DATE   52            63    -11      124
  SINCE JUN 1    258           244     14      348
  SINCE JAN 1    273           258     15      390
......................................................


WIND (MPH)
  HIGHEST WIND SPEED     8   HIGHEST WIND DIRECTION    SE (140)
  HIGHEST GUST SPEED     9   HIGHEST GUST DIRECTION     E (100)
  AVERAGE WIND SPEED     1.3


SKY COVER
  AVERAGE SKY COVER 0.1



RELATIVE HUMIDITY (PERCENT)
 HIGHEST    96           100 AM
 LOWEST     40           200 PM
 AVERAGE    68

..........................................................


THE BENNINGTON VT CLIMATE NORMALS FOR TODAY
                         NORMAL
 MAXIMUM TEMPERATURE (F)   78
 MINIMUM TEMPERATURE (F)   55


SUNRISE AND SUNSET
AUGUST 18 2017........SUNRISE   603 AM EDT   SUNSET   750 PM EDT
AUGUST 19 2017........SUNRISE   604 AM EDT   SUNSET   749 PM EDT


-  INDICATES NEGATIVE NUMBERS.
R  INDICATES RECORD WAS SET OR TIED.
MM INDICATES DATA IS MISSING.
T  INDICATES TRACE AMOUNT.




$$
