000
CDUS41 KALY 210624
CLIDDH


CLIMATE REPORT
NATIONAL WEATHER SERVICE ALBANY NY
223 AM EDT SUN AUG 21 2016


...................................

...THE BENNINGTON VT CLIMATE SUMMARY FOR AUGUST 20 2016...

CLIMATE NORMAL PERIOD 1981 TO 2010
CLIMATE RECORD PERIOD 9999 TO 9999


WEATHER ITEM   OBSERVED TIME   NORMAL DEPARTURE LAST
                VALUE   (LST)  VALUE  FROM      YEAR
                                      NORMAL
......................................................
TEMPERATURE (F)
 YESTERDAY
  MAXIMUM         86    231 PM  77      9       87
  MINIMUM         52    521 AM  55     -3       66
  AVERAGE         69            66      3       77

PRECIPITATION (IN)
  YESTERDAY        0.00          0.13  -0.13     0.00
  MONTH TO DATE    2.98          2.72   0.26     1.18
  SINCE JUN 1      7.11         11.19  -4.08     6.12
  SINCE JAN 1     20.16         26.26  -6.10    13.68

DEGREE DAYS
 HEATING
  YESTERDAY        0             1     -1        0
  MONTH TO DATE    0            20    -20        4
  SINCE JUN 1     79           141    -62      126
  SINCE JUL 1     10            44    -34       31

 COOLING
  YESTERDAY        4             3      1       12
  MONTH TO DATE  136            72     64       93
  SINCE JUN 1    360           253    107      277
  SINCE JAN 1    402           267    135      341
......................................................


WIND (MPH)
  HIGHEST WIND SPEED    16   HIGHEST WIND DIRECTION    SE (150)
  HIGHEST GUST SPEED    21   HIGHEST GUST DIRECTION    SE (150)
  AVERAGE WIND SPEED     4.6


SKY COVER
  AVERAGE SKY COVER 0.1



RELATIVE HUMIDITY (PERCENT)
 HIGHEST    93          1200 AM
 LOWEST     37           200 PM
 AVERAGE    65

..........................................................


THE BENNINGTON VT CLIMATE NORMALS FOR TODAY
                         NORMAL
 MAXIMUM TEMPERATURE (F)   77
 MINIMUM TEMPERATURE (F)   55


SUNRISE AND SUNSET
AUGUST 21 2016........SUNRISE   606 AM EDT   SUNSET   745 PM EDT
AUGUST 22 2016........SUNRISE   607 AM EDT   SUNSET   743 PM EDT


-  INDICATES NEGATIVE NUMBERS.
R  INDICATES RECORD WAS SET OR TIED.
MM INDICATES DATA IS MISSING.
T  INDICATES TRACE AMOUNT.




$$
