257
CDUS41 KALY 202043
CLIDDH


CLIMATE REPORT
NATIONAL WEATHER SERVICE ALBANY NY
442 PM EDT TUE JUN 20 2017


...................................

...THE BENNINGTON VT CLIMATE SUMMARY FOR JUNE 20 2017...
VALID TODAY AS OF 0400 PM LOCAL TIME.

CLIMATE NORMAL PERIOD 1981 TO 2010
CLIMATE RECORD PERIOD 9999 TO 9999


WEATHER ITEM   OBSERVED TIME   NORMAL DEPARTURE LAST
                VALUE   (LST)  VALUE  FROM      YEAR
                                      NORMAL
......................................................
TEMPERATURE (F)
 TODAY
  MAXIMUM         77    136 PM  76      1       88
  MINIMUM         66    431 AM  54     12       56
  AVERAGE         72            65      7       72

PRECIPITATION (IN)
  TODAY            0.01          0.14  -0.13     0.00
  MONTH TO DATE    4.01          2.85   1.16     1.39
  SINCE JUN 1      4.01          2.85   1.16     1.39
  SINCE JAN 1     20.25         17.92   2.33    14.44

DEGREE DAYS
 HEATING
  TODAY            0             2     -2        0
  MONTH TO DATE   77            82     -5       55
  SINCE JUN 1     77            82     -5       55
  SINCE JUL 1   6476          7221   -745     6091

 COOLING
  TODAY            7             2      5        7
  MONTH TO DATE   64            31     33       35
  SINCE JUN 1     64            31     33       35
  SINCE JAN 1     79            45     34       77
......................................................


WIND (MPH)
  HIGHEST WIND SPEED    10   HIGHEST WIND DIRECTION     W (250)
  HIGHEST GUST SPEED    21   HIGHEST GUST DIRECTION     W (250)
  AVERAGE WIND SPEED     6.5


SKY COVER
  AVERAGE SKY COVER 0.5



RELATIVE HUMIDITY (PERCENT)
 HIGHEST    87
 LOWEST     50
 AVERAGE    69

..........................................................


THE BENNINGTON VT CLIMATE NORMALS FOR TOMORROW
                         NORMAL
 MAXIMUM TEMPERATURE (F)   77
 MINIMUM TEMPERATURE (F)   54


SUNRISE AND SUNSET
JUNE 20 2017..........SUNRISE   514 AM EDT   SUNSET   835 PM EDT
JUNE 21 2017..........SUNRISE   514 AM EDT   SUNSET   835 PM EDT


-  INDICATES NEGATIVE NUMBERS.
R  INDICATES RECORD WAS SET OR TIED.
MM INDICATES DATA IS MISSING.
T  INDICATES TRACE AMOUNT.




$$
