000
CDUS41 KALY 250626
CLIDDH


CLIMATE REPORT
NATIONAL WEATHER SERVICE ALBANY NY
225 AM EDT MON AUG 25 2014


...................................

...THE BENNINGTON VT CLIMATE SUMMARY FOR AUGUST 24 2014...

CLIMATE NORMAL PERIOD 1981 TO 2010
CLIMATE RECORD PERIOD 9999 TO 9999


WEATHER ITEM   OBSERVED TIME   NORMAL DEPARTURE LAST
                VALUE   (LST)  VALUE  FROM      YEAR
                                      NORMAL
......................................................
TEMPERATURE (F)
 YESTERDAY
  MAXIMUM         80    358 PM  77      3       76
  MINIMUM         51    324 AM  54     -3       41
  AVERAGE         66            66      0       59

PRECIPITATION (IN)
  YESTERDAY        0.00          0.12  -0.12     0.00
  MONTH TO DATE    1.84          3.19  -1.35     2.91
  SINCE JUN 1     13.12         11.66   1.46    15.80
  SINCE JAN 1     25.95         26.73  -0.78    30.27

DEGREE DAYS
 HEATING
  YESTERDAY        0             2     -2        6
  MONTH TO DATE   37            28      9       49
  SINCE JUN 1     95           149    -54      159
  SINCE JUL 1     48            52     -4       59

 COOLING
  YESTERDAY        1             2     -1        0
  MONTH TO DATE   34            81    -47       45
  SINCE JUN 1    220           262    -42      391
  SINCE JAN 1    236           276    -40      423
......................................................


WIND (MPH)
  HIGHEST WIND SPEED     7   HIGHEST WIND DIRECTION    SE (140)
  HIGHEST GUST SPEED    10   HIGHEST GUST DIRECTION    NW (320)
  AVERAGE WIND SPEED     1.4


SKY COVER
  AVERAGE SKY COVER 0.3



RELATIVE HUMIDITY (PERCENT)
 HIGHEST    96           200 AM
 LOWEST     45           400 PM
 AVERAGE    71

..........................................................


THE BENNINGTON VT CLIMATE NORMALS FOR TODAY
                         NORMAL
 MAXIMUM TEMPERATURE (F)   77
 MINIMUM TEMPERATURE (F)   54


SUNRISE AND SUNSET
AUGUST 25 2014........SUNRISE   610 AM EDT   SUNSET   739 PM EDT
AUGUST 26 2014........SUNRISE   611 AM EDT   SUNSET   738 PM EDT


-  INDICATES NEGATIVE NUMBERS.
R  INDICATES RECORD WAS SET OR TIED.
MM INDICATES DATA IS MISSING.
T  INDICATES TRACE AMOUNT.




$$
