000
CDUS41 KALY 190625
CLIDDH


CLIMATE REPORT
NATIONAL WEATHER SERVICE ALBANY NY
224 AM EDT TUE SEP 19 2017


...................................

...THE BENNINGTON VT CLIMATE SUMMARY FOR SEPTEMBER 18 2017...

CLIMATE NORMAL PERIOD 1981 TO 2010
CLIMATE RECORD PERIOD 9999 TO 9999


WEATHER ITEM   OBSERVED TIME   NORMAL DEPARTURE LAST
                VALUE   (LST)  VALUE  FROM      YEAR
                                      NORMAL
......................................................
TEMPERATURE (F)
 YESTERDAY
  MAXIMUM         84    146 PM  70     14       74
  MINIMUM         57    615 AM  47     10       64
  AVERAGE         71            58     13       69

PRECIPITATION (IN)
  YESTERDAY        0.00          0.13  -0.13     0.63
  MONTH TO DATE    3.37          1.99   1.38     1.40
  SINCE SEP 1      3.37          1.99   1.38     1.40
  SINCE JAN 1     35.72         29.53   6.19    22.71

DEGREE DAYS
 HEATING
  YESTERDAY        0             7     -7        0
  MONTH TO DATE   96            88      8       48
  SINCE SEP 1     96            88      8       48
  SINCE JUL 1    163           160      3       70

 COOLING
  YESTERDAY        6             1      5        4
  MONTH TO DATE   33            22     11       37
  SINCE SEP 1     33            22     11       37
  SINCE JAN 1    340           310     30      476
......................................................


WIND (MPH)
  HIGHEST WIND SPEED    12   HIGHEST WIND DIRECTION    SE (140)
  HIGHEST GUST SPEED    14   HIGHEST GUST DIRECTION    SE (140)
  AVERAGE WIND SPEED     2.3


SKY COVER
  AVERAGE SKY COVER 0.1



RELATIVE HUMIDITY (PERCENT)
 HIGHEST   100           500 AM
 LOWEST     55           100 PM
 AVERAGE    78

..........................................................


THE BENNINGTON VT CLIMATE NORMALS FOR TODAY
                         NORMAL
 MAXIMUM TEMPERATURE (F)   69
 MINIMUM TEMPERATURE (F)   46


SUNRISE AND SUNSET
SEPTEMBER 19 2017.....SUNRISE   637 AM EDT   SUNSET   655 PM EDT
SEPTEMBER 20 2017.....SUNRISE   638 AM EDT   SUNSET   653 PM EDT


-  INDICATES NEGATIVE NUMBERS.
R  INDICATES RECORD WAS SET OR TIED.
MM INDICATES DATA IS MISSING.
T  INDICATES TRACE AMOUNT.




$$
