000
CDUS41 KALY 050631
CLIDDH


CLIMATE REPORT
NATIONAL WEATHER SERVICE ALBANY NY
128 AM EST THU JAN 5 2017


...................................

...THE BENNINGTON VT CLIMATE SUMMARY FOR JANUARY 4 2017...

CLIMATE NORMAL PERIOD 1981 TO 2010
CLIMATE RECORD PERIOD 9999 TO 9999


WEATHER ITEM   OBSERVED TIME   NORMAL DEPARTURE LAST
                VALUE   (LST)  VALUE  FROM      YEAR
                                      NORMAL
......................................................
TEMPERATURE (F)
 YESTERDAY
  MAXIMUM         42   1103 AM  31     11       32
  MINIMUM         24   1159 PM  12     12        3
  AVERAGE         33            22     11       18

PRECIPITATION (IN)
  YESTERDAY        0.10          0.11  -0.01      T
  MONTH TO DATE    0.42          0.46  -0.04      T
  SINCE DEC 1      2.51          3.25  -0.74     3.75
  SINCE JAN 1      0.42          0.46  -0.04      T

DEGREE DAYS
 HEATING
  YESTERDAY       32            43    -11       47
  MONTH TO DATE  132           172    -40      152
  SINCE DEC 1   1255          1331    -76      897
  SINCE JUL 1   2625          2944   -319     2240

 COOLING
  YESTERDAY        0             0      0        0
  MONTH TO DATE    0             0      0        0
  SINCE DEC 1      0             0      0        0
  SINCE JAN 1      0             0      0        0
......................................................


WIND (MPH)
  HIGHEST WIND SPEED    23   HIGHEST WIND DIRECTION     W (270)
  HIGHEST GUST SPEED    33   HIGHEST GUST DIRECTION     W (280)
  AVERAGE WIND SPEED     5.5


SKY COVER
  AVERAGE SKY COVER 0.9



RELATIVE HUMIDITY (PERCENT)
 HIGHEST   100           100 AM
 LOWEST     53           800 PM
 AVERAGE    77

..........................................................


THE BENNINGTON VT CLIMATE NORMALS FOR TODAY
                         NORMAL
 MAXIMUM TEMPERATURE (F)   31
 MINIMUM TEMPERATURE (F)   12


SUNRISE AND SUNSET
JANUARY  5 2017.......SUNRISE   724 AM EST   SUNSET   433 PM EST
JANUARY  6 2017.......SUNRISE   724 AM EST   SUNSET   434 PM EST


-  INDICATES NEGATIVE NUMBERS.
R  INDICATES RECORD WAS SET OR TIED.
MM INDICATES DATA IS MISSING.
T  INDICATES TRACE AMOUNT.




$$
