000
CDUS41 KALY 100622
CLIDDH


CLIMATE REPORT
NATIONAL WEATHER SERVICE ALBANY NY
221 AM EDT THU APR 10 2014


...................................

...THE BENNINGTON VT CLIMATE SUMMARY FOR APRIL 9 2014...

CLIMATE NORMAL PERIOD 1981 TO 2010
CLIMATE RECORD PERIOD 9999 TO 9999


WEATHER ITEM   OBSERVED TIME   NORMAL DEPARTURE LAST
                VALUE   (LST)  VALUE  FROM      YEAR
                                      NORMAL
......................................................
TEMPERATURE (F)
 YESTERDAY
  MAXIMUM         52    134 PM  54     -2       61
  MINIMUM         29   1137 PM  32     -3       47
  AVERAGE         41            43     -2       54

PRECIPITATION (IN)
  YESTERDAY        0.00          0.12  -0.12     0.14
  MONTH TO DATE    0.24          1.12  -0.88     0.27
  SINCE MAR 1      2.39          4.27  -1.88     1.55
  SINCE JAN 1      8.25          9.26  -1.01     4.21

DEGREE DAYS
 HEATING
  YESTERDAY       24            22      2       11
  MONTH TO DATE  206           213     -7      219
  SINCE MAR 1   1364          1197    167     1236
  SINCE JUL 1   6612          6448    164     6020

 COOLING
  YESTERDAY        0             0      0        0
  MONTH TO DATE    0             0      0        0
  SINCE MAR 1      0             0      0        0
  SINCE JAN 1      0             0      0        0
......................................................


WIND (MPH)
  HIGHEST WIND SPEED    21   HIGHEST WIND DIRECTION     W (280)
  HIGHEST GUST SPEED    32   HIGHEST GUST DIRECTION     W (270)
  AVERAGE WIND SPEED     6.5


SKY COVER
  AVERAGE SKY COVER 0.4



RELATIVE HUMIDITY (PERCENT)
 HIGHEST    92           400 AM
 LOWEST     19           400 PM
 AVERAGE    56

..........................................................


THE BENNINGTON VT CLIMATE NORMALS FOR TODAY
                         NORMAL
 MAXIMUM TEMPERATURE (F)   54
 MINIMUM TEMPERATURE (F)   33


SUNRISE AND SUNSET
APRIL 10 2014.........SUNRISE   620 AM EDT   SUNSET   730 PM EDT
APRIL 11 2014.........SUNRISE   618 AM EDT   SUNSET   731 PM EDT


-  INDICATES NEGATIVE NUMBERS.
R  INDICATES RECORD WAS SET OR TIED.
MM INDICATES DATA IS MISSING.
T  INDICATES TRACE AMOUNT.




$$
