000
CDUS41 KALY 080626
CLIDDH


CLIMATE REPORT
NATIONAL WEATHER SERVICE ALBANY NY
125 AM EST WED NOV 8 2017


...................................

...THE BENNINGTON VT CLIMATE SUMMARY FOR NOVEMBER 7 2017...

CLIMATE NORMAL PERIOD 1981 TO 2010
CLIMATE RECORD PERIOD 9999 TO 9999


WEATHER ITEM   OBSERVED TIME   NORMAL DEPARTURE LAST
                VALUE   (LST)  VALUE  FROM      YEAR
                                      NORMAL
......................................................
TEMPERATURE (F)
 YESTERDAY
  MAXIMUM         43   1219 AM  51     -8       50
  MINIMUM         31   1159 PM  31      0       25
  AVERAGE         37            41     -4       38

PRECIPITATION (IN)
  YESTERDAY        0.00          0.12  -0.12     0.00
  MONTH TO DATE    0.57          0.80  -0.23     0.53
  SINCE SEP 1      6.33          8.06  -1.73     7.13
  SINCE JAN 1     38.68         35.60   3.08    28.44

DEGREE DAYS
 HEATING
  YESTERDAY       28            24      4       27
  MONTH TO DATE  115           162    -47      151
  SINCE SEP 1    549           911   -362      728
  SINCE JUL 1    616           983   -367      750

 COOLING
  YESTERDAY        0             0      0        0
  MONTH TO DATE    0             0      0        0
  SINCE SEP 1     88            25     63       49
  SINCE JAN 1    395           313     82      488
......................................................


WIND (MPH)
  HIGHEST WIND SPEED    13   HIGHEST WIND DIRECTION    NW (320)
  HIGHEST GUST SPEED    16   HIGHEST GUST DIRECTION    NW (310)
  AVERAGE WIND SPEED     3.7


SKY COVER
  AVERAGE SKY COVER 0.7



RELATIVE HUMIDITY (PERCENT)
 HIGHEST    76          1200 AM
 LOWEST     59          1200 PM
 AVERAGE    68

..........................................................


THE BENNINGTON VT CLIMATE NORMALS FOR TODAY
                         NORMAL
 MAXIMUM TEMPERATURE (F)   51
 MINIMUM TEMPERATURE (F)   31


SUNRISE AND SUNSET
NOVEMBER  8 2017......SUNRISE   636 AM EST   SUNSET   437 PM EST
NOVEMBER  9 2017......SUNRISE   638 AM EST   SUNSET   435 PM EST


-  INDICATES NEGATIVE NUMBERS.
R  INDICATES RECORD WAS SET OR TIED.
MM INDICATES DATA IS MISSING.
T  INDICATES TRACE AMOUNT.




$$
