000
CDUS41 KALY 220625
CLIDDH


CLIMATE REPORT
NATIONAL WEATHER SERVICE ALBANY NY
123 AM EST SUN FEB 22 2015


...................................

...THE BENNINGTON VT CLIMATE SUMMARY FOR FEBRUARY 21 2015...

CLIMATE NORMAL PERIOD 1981 TO 2010
CLIMATE RECORD PERIOD 9999 TO 9999


WEATHER ITEM   OBSERVED TIME   NORMAL DEPARTURE LAST
                VALUE   (LST)  VALUE  FROM      YEAR
                                      NORMAL
......................................................
TEMPERATURE (F)
 YESTERDAY
  MAXIMUM         26    943 PM  36    -10       47
  MINIMUM        -14    433 AM  17    -31       29
  AVERAGE          6            26    -20       38

PRECIPITATION (IN)
  YESTERDAY        0.17          0.08   0.09     1.09
  MONTH TO DATE    1.00          1.57  -0.57     2.93
  SINCE DEC 1      7.31          7.11   0.20     8.73
  SINCE JAN 1      3.40          4.32  -0.92     5.85

DEGREE DAYS
 HEATING
  YESTERDAY       59            39     20       27
  MONTH TO DATE 1150           857    293      877
  SINCE DEC 1   3637          3375    262     3416
  SINCE JUL 1   5130          4988    142     4947

 COOLING
  YESTERDAY        0             0      0        0
  MONTH TO DATE    0             0      0        0
  SINCE DEC 1      0             0      0        0
  SINCE JAN 1      0             0      0        0
......................................................


WIND (MPH)
  HIGHEST WIND SPEED    18   HIGHEST WIND DIRECTION     S (190)
  HIGHEST GUST SPEED    29   HIGHEST GUST DIRECTION     S (170)
  AVERAGE WIND SPEED     5.5


SKY COVER
  AVERAGE SKY COVER 0.7



RELATIVE HUMIDITY (PERCENT)
 HIGHEST    88          1100 PM
 LOWEST     28          1100 AM
 AVERAGE    58

..........................................................


THE BENNINGTON VT CLIMATE NORMALS FOR TODAY
                         NORMAL
 MAXIMUM TEMPERATURE (F)   37
 MINIMUM TEMPERATURE (F)   17


SUNRISE AND SUNSET
FEBRUARY 22 2015......SUNRISE   640 AM EST   SUNSET   533 PM EST
FEBRUARY 23 2015......SUNRISE   639 AM EST   SUNSET   534 PM EST


-  INDICATES NEGATIVE NUMBERS.
R  INDICATES RECORD WAS SET OR TIED.
MM INDICATES DATA IS MISSING.
T  INDICATES TRACE AMOUNT.




$$
