000
CDUS41 KALY 040625
CLIDDH


CLIMATE REPORT
NATIONAL WEATHER SERVICE ALBANY NY
125 AM EST SUN DEC 4 2016


...................................

...THE BENNINGTON VT CLIMATE SUMMARY FOR DECEMBER 3 2016...

CLIMATE NORMAL PERIOD 1981 TO 2010
CLIMATE RECORD PERIOD 9999 TO 9999


WEATHER ITEM   OBSERVED TIME   NORMAL DEPARTURE LAST
                VALUE   (LST)  VALUE  FROM      YEAR
                                      NORMAL
......................................................
TEMPERATURE (F)
 YESTERDAY
  MAXIMUM         39    157 PM  40     -1       49
  MINIMUM         30   1149 PM  25      5       35
  AVERAGE         35            33      2       42

PRECIPITATION (IN)
  YESTERDAY        T             0.10  -0.10     0.31
  MONTH TO DATE    0.41          0.28   0.13     0.87
  SINCE DEC 1      0.41          0.28   0.13     0.87
  SINCE JAN 1     30.95         38.19  -7.24    26.08

DEGREE DAYS
 HEATING
  YESTERDAY       30            32     -2       23
  MONTH TO DATE   74            96    -22       77
  SINCE DEC 1     74            96    -22       77
  SINCE JUL 1   1444          1709   -265     1420

 COOLING
  YESTERDAY        0             0      0        0
  MONTH TO DATE    0             0      0        0
  SINCE DEC 1      0             0      0        0
  SINCE JAN 1    488           313    175      444
......................................................


WIND (MPH)
  HIGHEST WIND SPEED    17   HIGHEST WIND DIRECTION    NW (310)
  HIGHEST GUST SPEED    27   HIGHEST GUST DIRECTION    NW (310)
  AVERAGE WIND SPEED     9.3


SKY COVER
  AVERAGE SKY COVER 1.0



RELATIVE HUMIDITY (PERCENT)
 HIGHEST    75          1200 AM
 LOWEST     48           200 PM
 AVERAGE    62

..........................................................


THE BENNINGTON VT CLIMATE NORMALS FOR TODAY
                         NORMAL
 MAXIMUM TEMPERATURE (F)   40
 MINIMUM TEMPERATURE (F)   25


SUNRISE AND SUNSET
DECEMBER  4 2016......SUNRISE   708 AM EST   SUNSET   419 PM EST
DECEMBER  5 2016......SUNRISE   709 AM EST   SUNSET   419 PM EST


-  INDICATES NEGATIVE NUMBERS.
R  INDICATES RECORD WAS SET OR TIED.
MM INDICATES DATA IS MISSING.
T  INDICATES TRACE AMOUNT.




$$
