000
CDUS41 KALY 230628
CLIDDH


CLIMATE REPORT
NATIONAL WEATHER SERVICE ALBANY NY
227 AM EDT THU JUL 23 2015


...................................

...THE BENNINGTON VT CLIMATE SUMMARY FOR JULY 22 2015...

CLIMATE NORMAL PERIOD 1981 TO 2010
CLIMATE RECORD PERIOD 9999 TO 9999


WEATHER ITEM   OBSERVED TIME   NORMAL DEPARTURE LAST
                VALUE   (LST)  VALUE  FROM      YEAR
                                      NORMAL
......................................................
TEMPERATURE (F)
 YESTERDAY
  MAXIMUM         77    213 PM  80     -3       86
  MINIMUM         54    521 AM  57     -3       59
  AVERAGE         66            68     -2       73

PRECIPITATION (IN)
  YESTERDAY        0.00          0.15  -0.15     0.00
  MONTH TO DATE    1.85          3.06  -1.21     4.65
  SINCE JUN 1      4.80          7.19  -2.39     7.98
  SINCE JAN 1     12.36         22.26  -9.90    20.81

DEGREE DAYS
 HEATING
  YESTERDAY        0             1     -1        0
  MONTH TO DATE   25            22      3        6
  SINCE JUN 1    120           119      1       53
  SINCE JUL 1     25            22      3        6

 COOLING
  YESTERDAY        1             4     -3        8
  MONTH TO DATE   83            87     -4      103
  SINCE JUN 1    130           145    -15      165
  SINCE JAN 1    194           159     35      181
......................................................


WIND (MPH)
  HIGHEST WIND SPEED    15   HIGHEST WIND DIRECTION     W (290)
  HIGHEST GUST SPEED    21   HIGHEST GUST DIRECTION    NW (300)
  AVERAGE WIND SPEED     4.6


SKY COVER
  AVERAGE SKY COVER 0.6



RELATIVE HUMIDITY (PERCENT)
 HIGHEST    93           100 AM
 LOWEST     46           200 PM
 AVERAGE    70

..........................................................


THE BENNINGTON VT CLIMATE NORMALS FOR TODAY
                         NORMAL
 MAXIMUM TEMPERATURE (F)   80
 MINIMUM TEMPERATURE (F)   57


SUNRISE AND SUNSET
JULY 23 2015..........SUNRISE   535 AM EDT   SUNSET   824 PM EDT
JULY 24 2015..........SUNRISE   536 AM EDT   SUNSET   823 PM EDT


-  INDICATES NEGATIVE NUMBERS.
R  INDICATES RECORD WAS SET OR TIED.
MM INDICATES DATA IS MISSING.
T  INDICATES TRACE AMOUNT.




$$
