000
CDUS41 KALY 190629
CLIDDH


CLIMATE REPORT
NATIONAL WEATHER SERVICE ALBANY NY
229 AM EDT MON SEP 19 2016


...................................

...THE BENNINGTON VT CLIMATE SUMMARY FOR SEPTEMBER 18 2016...

CLIMATE NORMAL PERIOD 1981 TO 2010
CLIMATE RECORD PERIOD 9999 TO 9999


WEATHER ITEM   OBSERVED TIME   NORMAL DEPARTURE LAST
                VALUE   (LST)  VALUE  FROM      YEAR
                                      NORMAL
......................................................
TEMPERATURE (F)
 YESTERDAY
  MAXIMUM         74    430 PM  70      4       83
  MINIMUM         64    143 AM  47     17       51
  AVERAGE         69            58     11       67

PRECIPITATION (IN)
  YESTERDAY        0.63          0.13   0.50     0.00
  MONTH TO DATE    1.40          1.99  -0.59     3.34
  SINCE SEP 1      1.40          1.99  -0.59     3.34
  SINCE JAN 1     22.71         29.53  -6.82    17.57

DEGREE DAYS
 HEATING
  YESTERDAY        0             7     -7        0
  MONTH TO DATE   48            88    -40       12
  SINCE SEP 1     48            88    -40       12
  SINCE JUL 1     70           160    -90       51

 COOLING
  YESTERDAY        4             1      3        2
  MONTH TO DATE   37            22     15       69
  SINCE SEP 1     37            22     15       69
  SINCE JAN 1    476           310    166      437
......................................................


WIND (MPH)
  HIGHEST WIND SPEED     9   HIGHEST WIND DIRECTION     W (250)
  HIGHEST GUST SPEED    14   HIGHEST GUST DIRECTION    SW (210)
  AVERAGE WIND SPEED     1.9


SKY COVER
  AVERAGE SKY COVER 0.8



RELATIVE HUMIDITY (PERCENT)
 HIGHEST    97           600 PM
 LOWEST     79           300 PM
 AVERAGE    88

..........................................................


THE BENNINGTON VT CLIMATE NORMALS FOR TODAY
                         NORMAL
 MAXIMUM TEMPERATURE (F)   69
 MINIMUM TEMPERATURE (F)   46


SUNRISE AND SUNSET
SEPTEMBER 19 2016.....SUNRISE   637 AM EDT   SUNSET   655 PM EDT
SEPTEMBER 20 2016.....SUNRISE   639 AM EDT   SUNSET   653 PM EDT


-  INDICATES NEGATIVE NUMBERS.
R  INDICATES RECORD WAS SET OR TIED.
MM INDICATES DATA IS MISSING.
T  INDICATES TRACE AMOUNT.




$$
