000
CDUS41 KALY 230624
CLIDDH


CLIMATE REPORT
NATIONAL WEATHER SERVICE ALBANY NY
123 AM EST FRI JAN 23 2015


...................................

...THE BENNINGTON VT CLIMATE SUMMARY FOR JANUARY 22 2015...

CLIMATE NORMAL PERIOD 1981 TO 2010
CLIMATE RECORD PERIOD 9999 TO 9999


WEATHER ITEM   OBSERVED TIME   NORMAL DEPARTURE LAST
                VALUE   (LST)  VALUE  FROM      YEAR
                                      NORMAL
......................................................
TEMPERATURE (F)
 YESTERDAY
  MAXIMUM         28    248 PM  31     -3        5
  MINIMUM         13    517 AM  11      2       -7
  AVERAGE         21            21      0       -1

PRECIPITATION (IN)
  YESTERDAY        0.00          0.07  -0.07      T
  MONTH TO DATE    2.08          2.07   0.01     2.83
  SINCE DEC 1      5.99          4.86   1.13     5.71
  SINCE JAN 1      2.08          2.07   0.01     2.83

DEGREE DAYS
 HEATING
  YESTERDAY       44            44      0       66
  MONTH TO DATE 1016           964     52      942
  SINCE DEC 1   2040          2123    -83     2074
  SINCE JUL 1   3533          3736   -203     3605

 COOLING
  YESTERDAY        0             0      0        0
  MONTH TO DATE    0             0      0        0
  SINCE DEC 1      0             0      0        0
  SINCE JAN 1      0             0      0        0
......................................................


WIND (MPH)
  HIGHEST WIND SPEED     9   HIGHEST WIND DIRECTION    SW (240)
  HIGHEST GUST SPEED    13   HIGHEST GUST DIRECTION     W (250)
  AVERAGE WIND SPEED     2.6


SKY COVER
  AVERAGE SKY COVER 0.8



RELATIVE HUMIDITY (PERCENT)
 HIGHEST    92           800 AM
 LOWEST     57          1100 AM
 AVERAGE    75

..........................................................


THE BENNINGTON VT CLIMATE NORMALS FOR TODAY
                         NORMAL
 MAXIMUM TEMPERATURE (F)   31
 MINIMUM TEMPERATURE (F)   11


SUNRISE AND SUNSET
JANUARY 23 2015.......SUNRISE   716 AM EST   SUNSET   454 PM EST
JANUARY 24 2015.......SUNRISE   715 AM EST   SUNSET   455 PM EST


-  INDICATES NEGATIVE NUMBERS.
R  INDICATES RECORD WAS SET OR TIED.
MM INDICATES DATA IS MISSING.
T  INDICATES TRACE AMOUNT.




$$
