000
CDUS41 KALY 140638
CLIDDH


CLIMATE REPORT
NATIONAL WEATHER SERVICE ALBANY NY
238 AM EDT THU JUL 14 2016


...................................

...THE BENNINGTON VT CLIMATE SUMMARY FOR JULY 13 2016...

CLIMATE NORMAL PERIOD 1981 TO 2010
CLIMATE RECORD PERIOD 9999 TO 9999


WEATHER ITEM   OBSERVED TIME   NORMAL DEPARTURE LAST
                VALUE   (LST)  VALUE  FROM      YEAR
                                      NORMAL
......................................................
TEMPERATURE (F)
 YESTERDAY
  MAXIMUM         89    148 PM  80      9       86
  MINIMUM         62    449 AM  57      5       60
  AVERAGE         76            68      8       73

PRECIPITATION (IN)
  YESTERDAY        0.00          0.15  -0.15      T
  MONTH TO DATE    0.68          1.78  -1.10     0.90
  SINCE JUN 1      2.42          5.91  -3.49     3.85
  SINCE JAN 1     15.47         20.98  -5.51    11.41

DEGREE DAYS
 HEATING
  YESTERDAY        0             1     -1        0
  MONTH TO DATE    4            13     -9       14
  SINCE JUN 1     73           110    -37      109
  SINCE JUL 1      4            13     -9       14

 COOLING
  YESTERDAY       11             4      7        8
  MONTH TO DATE   54            51      3       40
  SINCE JUN 1    112           109      3       87
  SINCE JAN 1    154           123     31      151
......................................................


WIND (MPH)
  HIGHEST WIND SPEED    16   HIGHEST WIND DIRECTION     S (200)
  HIGHEST GUST SPEED    22   HIGHEST GUST DIRECTION     S (180)
  AVERAGE WIND SPEED     5.6


SKY COVER
  AVERAGE SKY COVER  MM



RELATIVE HUMIDITY (PERCENT)
 HIGHEST    MM
 LOWEST     MM
 AVERAGE    MM

..........................................................


THE BENNINGTON VT CLIMATE NORMALS FOR TODAY
                         NORMAL
 MAXIMUM TEMPERATURE (F)   80
 MINIMUM TEMPERATURE (F)   57


SUNRISE AND SUNSET
JULY 14 2016..........SUNRISE   527 AM EDT   SUNSET   830 PM EDT
JULY 15 2016..........SUNRISE   528 AM EDT   SUNSET   829 PM EDT


-  INDICATES NEGATIVE NUMBERS.
R  INDICATES RECORD WAS SET OR TIED.
MM INDICATES DATA IS MISSING.
T  INDICATES TRACE AMOUNT.




$$
