000
CDUS41 KALY 110624
CLIDDH


CLIMATE REPORT
NATIONAL WEATHER SERVICE ALBANY NY
223 AM EDT MON SEP 11 2017


...................................

...THE BENNINGTON VT CLIMATE SUMMARY FOR SEPTEMBER 10 2017...

CLIMATE NORMAL PERIOD 1981 TO 2010
CLIMATE RECORD PERIOD 9999 TO 9999


WEATHER ITEM   OBSERVED TIME   NORMAL DEPARTURE LAST
                VALUE   (LST)  VALUE  FROM      YEAR
                                      NORMAL
......................................................
TEMPERATURE (F)
 YESTERDAY
  MAXIMUM         68    226 PM  73     -5       83
  MINIMUM         44   1152 PM  50     -6       63
  AVERAGE         56            61     -5       73

PRECIPITATION (IN)
  YESTERDAY        0.00          0.11  -0.11     0.02
  MONTH TO DATE    2.84          1.05   1.79     0.45
  SINCE SEP 1      2.84          1.05   1.79     0.45
  SINCE JAN 1     35.19         28.59   6.60    21.76

DEGREE DAYS
 HEATING
  YESTERDAY        9             5      4        0
  MONTH TO DATE   79            39     40        9
  SINCE SEP 1     79            39     40        9
  SINCE JUL 1    146           111     35       31

 COOLING
  YESTERDAY        0             1     -1        8
  MONTH TO DATE    6            14     -8       33
  SINCE SEP 1      6            14     -8       33
  SINCE JAN 1    313           302     11      472
......................................................


WIND (MPH)
  HIGHEST WIND SPEED    13   HIGHEST WIND DIRECTION    NW (330)
  HIGHEST GUST SPEED    19   HIGHEST GUST DIRECTION    NW (320)
  AVERAGE WIND SPEED     2.7


SKY COVER
  AVERAGE SKY COVER 0.4



RELATIVE HUMIDITY (PERCENT)
 HIGHEST    93          1200 AM
 LOWEST     45           100 PM
 AVERAGE    69

..........................................................


THE BENNINGTON VT CLIMATE NORMALS FOR TODAY
                         NORMAL
 MAXIMUM TEMPERATURE (F)   72
 MINIMUM TEMPERATURE (F)   49


SUNRISE AND SUNSET
SEPTEMBER 11 2017.....SUNRISE   629 AM EDT   SUNSET   710 PM EDT
SEPTEMBER 12 2017.....SUNRISE   630 AM EDT   SUNSET   708 PM EDT


-  INDICATES NEGATIVE NUMBERS.
R  INDICATES RECORD WAS SET OR TIED.
MM INDICATES DATA IS MISSING.
T  INDICATES TRACE AMOUNT.




$$
