000
CDUS41 KALY 170644
CLIDDH


CLIMATE REPORT
NATIONAL WEATHER SERVICE ALBANY NY
140 AM EST FRI FEB 17 2017


...................................

...THE BENNINGTON VT CLIMATE SUMMARY FOR FEBRUARY 16 2017...

CLIMATE NORMAL PERIOD 1981 TO 2010
CLIMATE RECORD PERIOD 9999 TO 9999


WEATHER ITEM   OBSERVED TIME   NORMAL DEPARTURE LAST
                VALUE   (LST)  VALUE  FROM      YEAR
                                      NORMAL
......................................................
TEMPERATURE (F)
 YESTERDAY
  MAXIMUM         31    114 AM  35     -4       56
  MINIMUM         19   1159 PM  16      3       28
  AVERAGE         25            25      0       42

PRECIPITATION (IN)
  YESTERDAY        T             0.08  -0.08     0.89
  MONTH TO DATE    1.25          1.16   0.09     1.81
  SINCE DEC 1      5.05          6.70  -1.65     6.67
  SINCE JAN 1      2.96          3.91  -0.95     2.92

DEGREE DAYS
 HEATING
  YESTERDAY       40            40      0       23
  MONTH TO DATE  641           661    -20      624
  SINCE DEC 1   2865          3179   -314     2586
  SINCE JUL 1   4235          4792   -557     3929

 COOLING
  YESTERDAY        0             0      0        0
  MONTH TO DATE    0             0      0        0
  SINCE DEC 1      0             0      0        0
  SINCE JAN 1      0             0      0        0
......................................................


WIND (MPH)
  HIGHEST WIND SPEED    16   HIGHEST WIND DIRECTION     W (280)
  HIGHEST GUST SPEED    27   HIGHEST GUST DIRECTION     W (260)
  AVERAGE WIND SPEED     9.3


SKY COVER
  AVERAGE SKY COVER 1.0



RELATIVE HUMIDITY (PERCENT)
 HIGHEST    81           800 AM
 LOWEST     57          1000 PM
 AVERAGE    69

..........................................................


THE BENNINGTON VT CLIMATE NORMALS FOR TODAY
                         NORMAL
 MAXIMUM TEMPERATURE (F)   35
 MINIMUM TEMPERATURE (F)   16


SUNRISE AND SUNSET
FEBRUARY 17 2017......SUNRISE   647 AM EST   SUNSET   527 PM EST
FEBRUARY 18 2017......SUNRISE   646 AM EST   SUNSET   529 PM EST


-  INDICATES NEGATIVE NUMBERS.
R  INDICATES RECORD WAS SET OR TIED.
MM INDICATES DATA IS MISSING.
T  INDICATES TRACE AMOUNT.




$$
