000
CDUS41 KALY 070621
CLIDDH


CLIMATE REPORT
NATIONAL WEATHER SERVICE ALBANY NY
221 AM EDT MON APR 7 2014


...................................

...THE BENNINGTON VT CLIMATE SUMMARY FOR APRIL 6 2014...

CLIMATE NORMAL PERIOD 1981 TO 2010
CLIMATE RECORD PERIOD 9999 TO 9999


WEATHER ITEM   OBSERVED TIME   NORMAL DEPARTURE LAST
                VALUE   (LST)  VALUE  FROM      YEAR
                                      NORMAL
......................................................
TEMPERATURE (F)
 YESTERDAY
  MAXIMUM         52    341 PM  53     -1       44
  MINIMUM         29   1114 PM  31     -2       26
  AVERAGE         41            42     -1       35

PRECIPITATION (IN)
  YESTERDAY        0.00          0.12  -0.12     0.00
  MONTH TO DATE    0.21          0.76  -0.55     0.11
  SINCE MAR 1      2.36          3.91  -1.55     1.39
  SINCE JAN 1      8.22          8.90  -0.68     4.05

DEGREE DAYS
 HEATING
  YESTERDAY       24            23      1       30
  MONTH TO DATE  145           146     -1      173
  SINCE MAR 1   1303          1130    173     1190
  SINCE JUL 1   6551          6381    170     5974

 COOLING
  YESTERDAY        0             0      0        0
  MONTH TO DATE    0             0      0        0
  SINCE MAR 1      0             0      0        0
  SINCE JAN 1      0             0      0        0
......................................................


WIND (MPH)
  HIGHEST WIND SPEED    15   HIGHEST WIND DIRECTION     W (270)
  HIGHEST GUST SPEED    22   HIGHEST GUST DIRECTION     W (280)
  AVERAGE WIND SPEED     6.3


SKY COVER
  AVERAGE SKY COVER 0.2



RELATIVE HUMIDITY (PERCENT)
 HIGHEST    78          1100 PM
 LOWEST     30           400 PM
 AVERAGE    54

..........................................................


THE BENNINGTON VT CLIMATE NORMALS FOR TODAY
                         NORMAL
 MAXIMUM TEMPERATURE (F)   53
 MINIMUM TEMPERATURE (F)   31


SUNRISE AND SUNSET
APRIL  7 2014.........SUNRISE   625 AM EDT   SUNSET   726 PM EDT
APRIL  8 2014.........SUNRISE   623 AM EDT   SUNSET   727 PM EDT


-  INDICATES NEGATIVE NUMBERS.
R  INDICATES RECORD WAS SET OR TIED.
MM INDICATES DATA IS MISSING.
T  INDICATES TRACE AMOUNT.




$$
