966
CDUS41 KALY 150623
CLIDDH


CLIMATE REPORT
NATIONAL WEATHER SERVICE ALBANY NY
223 AM EDT SUN OCT 15 2017


...................................

...THE BENNINGTON VT CLIMATE SUMMARY FOR OCTOBER 14 2017...

CLIMATE NORMAL PERIOD 1981 TO 2010
CLIMATE RECORD PERIOD 9999 TO 9999


WEATHER ITEM   OBSERVED TIME   NORMAL DEPARTURE LAST
                VALUE   (LST)  VALUE  FROM      YEAR
                                      NORMAL
......................................................
TEMPERATURE (F)
 YESTERDAY
  MAXIMUM         69    113 PM  59     10       55
  MINIMUM         50   1040 PM  37     13       29
  AVERAGE         60            48     12       42

PRECIPITATION (IN)
  YESTERDAY        0.00          0.13  -0.13     0.00
  MONTH TO DATE    0.45          1.74  -1.29     0.49
  SINCE SEP 1      3.95          5.31  -1.36     3.52
  SINCE JAN 1     36.30         32.85   3.45    24.83

DEGREE DAYS
 HEATING
  YESTERDAY        5            17    -12       23
  MONTH TO DATE  108           206    -98      161
  SINCE SEP 1    244           412   -168      284
  SINCE JUL 1    311           484   -173      306

 COOLING
  YESTERDAY        0             0      0        0
  MONTH TO DATE    8             0      8        0
  SINCE SEP 1     84            23     61       45
  SINCE JAN 1    391           311     80      484
......................................................


WIND (MPH)
  HIGHEST WIND SPEED    10   HIGHEST WIND DIRECTION    SE (130)
  HIGHEST GUST SPEED    15   HIGHEST GUST DIRECTION    SE (130)
  AVERAGE WIND SPEED     3.2


SKY COVER
  AVERAGE SKY COVER 0.6



RELATIVE HUMIDITY (PERCENT)
 HIGHEST    96           900 PM
 LOWEST     61           100 PM
 AVERAGE    79

..........................................................


THE BENNINGTON VT CLIMATE NORMALS FOR TODAY
                         NORMAL
 MAXIMUM TEMPERATURE (F)   59
 MINIMUM TEMPERATURE (F)   36


SUNRISE AND SUNSET
OCTOBER 15 2017.......SUNRISE   707 AM EDT   SUNSET   610 PM EDT
OCTOBER 16 2017.......SUNRISE   708 AM EDT   SUNSET   608 PM EDT


-  INDICATES NEGATIVE NUMBERS.
R  INDICATES RECORD WAS SET OR TIED.
MM INDICATES DATA IS MISSING.
T  INDICATES TRACE AMOUNT.




$$
