221
CDUS41 KALY 090624
CLIDDH


CLIMATE REPORT
NATIONAL WEATHER SERVICE ALBANY NY
123 AM EST SAT DEC 9 2017


...................................

...THE BENNINGTON VT CLIMATE SUMMARY FOR DECEMBER 8 2017...

CLIMATE NORMAL PERIOD 1981 TO 2010
CLIMATE RECORD PERIOD 9999 TO 9999


WEATHER ITEM   OBSERVED TIME   NORMAL DEPARTURE LAST
                VALUE   (LST)  VALUE  FROM      YEAR
                                      NORMAL
......................................................
TEMPERATURE (F)
 YESTERDAY
  MAXIMUM         35    138 PM  38     -3       37
  MINIMUM         20    652 AM  23     -3       26
  AVERAGE         28            31     -3       32

PRECIPITATION (IN)
  YESTERDAY        0.00          0.09  -0.09     0.00
  MONTH TO DATE    0.51          0.77  -0.26     0.57
  SINCE DEC 1      0.51          0.77  -0.26     0.57
  SINCE JAN 1     40.07         38.68   1.39    31.11

DEGREE DAYS
 HEATING
  YESTERDAY       37            34      3       33
  MONTH TO DATE  220           264    -44      238
  SINCE DEC 1    220           264    -44      238
  SINCE JUL 1   1520          1877   -357     1608

 COOLING
  YESTERDAY        0             0      0        0
  MONTH TO DATE    0             0      0        0
  SINCE DEC 1      0             0      0        0
  SINCE JAN 1    395           313     82      488
......................................................


WIND (MPH)
  HIGHEST WIND SPEED    13   HIGHEST WIND DIRECTION     W (250)
  HIGHEST GUST SPEED    19   HIGHEST GUST DIRECTION     W (250)
  AVERAGE WIND SPEED     4.1


SKY COVER
  AVERAGE SKY COVER 0.2



RELATIVE HUMIDITY (PERCENT)
 HIGHEST    77           700 AM
 LOWEST     47          1200 PM
 AVERAGE    62

..........................................................


THE BENNINGTON VT CLIMATE NORMALS FOR TODAY
                         NORMAL
 MAXIMUM TEMPERATURE (F)   38
 MINIMUM TEMPERATURE (F)   23


SUNRISE AND SUNSET
DECEMBER  9 2017......SUNRISE   712 AM EST   SUNSET   419 PM EST
DECEMBER 10 2017......SUNRISE   713 AM EST   SUNSET   419 PM EST


-  INDICATES NEGATIVE NUMBERS.
R  INDICATES RECORD WAS SET OR TIED.
MM INDICATES DATA IS MISSING.
T  INDICATES TRACE AMOUNT.




$$
