000
CDUS41 KALY 160625
CLIDDH


CLIMATE REPORT
NATIONAL WEATHER SERVICE ALBANY NY
223 AM EDT SAT AUG 16 2014


...................................

...THE BENNINGTON VT CLIMATE SUMMARY FOR AUGUST 15 2014...

CLIMATE NORMAL PERIOD 1981 TO 2010
CLIMATE RECORD PERIOD 9999 TO 9999


WEATHER ITEM   OBSERVED TIME   NORMAL DEPARTURE LAST
                VALUE   (LST)  VALUE  FROM      YEAR
                                      NORMAL
......................................................
TEMPERATURE (F)
 YESTERDAY
  MAXIMUM         62    430 PM  78    -16       71
  MINIMUM         47    502 AM  56     -9       45
  AVERAGE         55            67    -12       58

PRECIPITATION (IN)
  YESTERDAY        T             0.13  -0.13     0.00
  MONTH TO DATE    0.94          2.09  -1.15     2.64
  SINCE JUN 1     12.22         10.56   1.66    15.53
  SINCE JAN 1     25.05         25.63  -0.58    30.00

DEGREE DAYS
 HEATING
  YESTERDAY       10             1      9        7
  MONTH TO DATE   19            15      4       31
  SINCE JUN 1     77           136    -59      141
  SINCE JUL 1     30            39     -9       41

 COOLING
  YESTERDAY        0             3     -3        0
  MONTH TO DATE   28            57    -29       33
  SINCE JUN 1    214           238    -24      379
  SINCE JAN 1    230           252    -22      411
......................................................


WIND (MPH)
  HIGHEST WIND SPEED    13   HIGHEST WIND DIRECTION     W (270)
  HIGHEST GUST SPEED    20   HIGHEST GUST DIRECTION     W (280)
  AVERAGE WIND SPEED     2.3


SKY COVER
  AVERAGE SKY COVER 0.9



RELATIVE HUMIDITY (PERCENT)
 HIGHEST   100           500 AM
 LOWEST     67           400 PM
 AVERAGE    84

..........................................................


THE BENNINGTON VT CLIMATE NORMALS FOR TODAY
                         NORMAL
 MAXIMUM TEMPERATURE (F)   78
 MINIMUM TEMPERATURE (F)   56


SUNRISE AND SUNSET
AUGUST 16 2014........SUNRISE   600 AM EDT   SUNSET   754 PM EDT
AUGUST 17 2014........SUNRISE   601 AM EDT   SUNSET   752 PM EDT


-  INDICATES NEGATIVE NUMBERS.
R  INDICATES RECORD WAS SET OR TIED.
MM INDICATES DATA IS MISSING.
T  INDICATES TRACE AMOUNT.




$$
