000
CDUS41 KALY 262046
CLIDDH


CLIMATE REPORT
NATIONAL WEATHER SERVICE ALBANY NY
445 PM EDT WED AUG 26 2015


...................................

...THE BENNINGTON VT CLIMATE SUMMARY FOR AUGUST 26 2015...
VALID TODAY AS OF 0400 PM LOCAL TIME.

CLIMATE NORMAL PERIOD 1981 TO 2010
CLIMATE RECORD PERIOD 9999 TO 9999


WEATHER ITEM   OBSERVED TIME   NORMAL DEPARTURE LAST
                VALUE   (LST)  VALUE  FROM      YEAR
                                      NORMAL
......................................................
TEMPERATURE (F)
 TODAY
  MAXIMUM         76    335 PM  76      0       83
  MINIMUM         55    301 AM  54      1       53
  AVERAGE         66            65      1       68

PRECIPITATION (IN)
  TODAY            0.00          0.12  -0.12     0.00
  MONTH TO DATE    1.73          3.42  -1.69     1.84
  SINCE JUN 1      6.67         11.89  -5.22    13.12
  SINCE JAN 1     14.23         26.96 -12.73    25.95

DEGREE DAYS
 HEATING
  TODAY            0             2     -2        0
  MONTH TO DATE    4            32    -28       37
  SINCE JUN 1    126           153    -27       95
  SINCE JUL 1     31            56    -25       48

 COOLING
  TODAY            1             2     -1        3
  MONTH TO DATE  113            85     28       39
  SINCE JUN 1    297           266     31      225
  SINCE JAN 1    361           280     81      241
......................................................


WIND (MPH)
  HIGHEST WIND SPEED     9   HIGHEST WIND DIRECTION     W (280)
  HIGHEST GUST SPEED    MM   HIGHEST GUST DIRECTION    MM
  AVERAGE WIND SPEED     3.2


SKY COVER
  AVERAGE SKY COVER 0.5



RELATIVE HUMIDITY (PERCENT)
 HIGHEST   100
 LOWEST     46
 AVERAGE    73

..........................................................


THE BENNINGTON VT CLIMATE NORMALS FOR TOMORROW
                         NORMAL
 MAXIMUM TEMPERATURE (F)   76
 MINIMUM TEMPERATURE (F)   54


SUNRISE AND SUNSET
AUGUST 26 2015........SUNRISE   611 AM EDT   SUNSET   738 PM EDT
AUGUST 27 2015........SUNRISE   612 AM EDT   SUNSET   737 PM EDT


-  INDICATES NEGATIVE NUMBERS.
R  INDICATES RECORD WAS SET OR TIED.
MM INDICATES DATA IS MISSING.
T  INDICATES TRACE AMOUNT.




$$
