000
CDUS41 KALY 190622
CLIDDH


CLIMATE REPORT
NATIONAL WEATHER SERVICE ALBANY NY
222 AM EDT FRI SEP 19 2014


...................................

...THE BENNINGTON VT CLIMATE SUMMARY FOR SEPTEMBER 18 2014...

CLIMATE NORMAL PERIOD 1981 TO 2010
CLIMATE RECORD PERIOD 9999 TO 9999


WEATHER ITEM   OBSERVED TIME   NORMAL DEPARTURE LAST
                VALUE   (LST)  VALUE  FROM      YEAR
                                      NORMAL
......................................................
TEMPERATURE (F)
 YESTERDAY
  MAXIMUM         68    110 PM  70     -2       69
  MINIMUM         36    522 AM  47    -11       35
  AVERAGE         52            58     -6       52

PRECIPITATION (IN)
  YESTERDAY        T             0.13  -0.13     0.00
  MONTH TO DATE    0.99          1.99  -1.00     3.34
  SINCE SEP 1      0.99          1.99  -1.00     3.34
  SINCE JAN 1     26.95         29.53  -2.58    35.06

DEGREE DAYS
 HEATING
  YESTERDAY       13             7      6       13
  MONTH TO DATE  114            88     26      131
  SINCE SEP 1    114            88     26      131
  SINCE JUL 1    167           160      7      194

 COOLING
  YESTERDAY        0             1     -1        0
  MONTH TO DATE   40            22     18       44
  SINCE SEP 1     40            22     18       44
  SINCE JAN 1    293           310    -17      503
......................................................


WIND (MPH)
  HIGHEST WIND SPEED    10   HIGHEST WIND DIRECTION     W (290)
  HIGHEST GUST SPEED    16   HIGHEST GUST DIRECTION     W (250)
  AVERAGE WIND SPEED     2.4


SKY COVER
  AVERAGE SKY COVER 0.5



RELATIVE HUMIDITY (PERCENT)
 HIGHEST   100           100 AM
 LOWEST     48           100 PM
 AVERAGE    74

..........................................................


THE BENNINGTON VT CLIMATE NORMALS FOR TODAY
                         NORMAL
 MAXIMUM TEMPERATURE (F)   69
 MINIMUM TEMPERATURE (F)   46


SUNRISE AND SUNSET
SEPTEMBER 19 2014.....SUNRISE   637 AM EDT   SUNSET   656 PM EDT
SEPTEMBER 20 2014.....SUNRISE   638 AM EDT   SUNSET   654 PM EDT


-  INDICATES NEGATIVE NUMBERS.
R  INDICATES RECORD WAS SET OR TIED.
MM INDICATES DATA IS MISSING.
T  INDICATES TRACE AMOUNT.




$$
