000
CDUS41 KALY 030623
CLIDDH


CLIMATE REPORT
NATIONAL WEATHER SERVICE ALBANY NY
122 AM EST TUE MAR 3 2015


...................................

...THE BENNINGTON VT CLIMATE SUMMARY FOR MARCH 2 2015...

CLIMATE NORMAL PERIOD 1981 TO 2010
CLIMATE RECORD PERIOD 9999 TO 9999


WEATHER ITEM   OBSERVED TIME   NORMAL DEPARTURE LAST
                VALUE   (LST)  VALUE  FROM      YEAR
                                      NORMAL
......................................................
TEMPERATURE (F)
 YESTERDAY
  MAXIMUM         29    205 PM  39    -10       32
  MINIMUM         20    123 AM  18      2       15
  AVERAGE         25            29     -4       24

PRECIPITATION (IN)
  YESTERDAY        T             0.09  -0.09     0.01
  MONTH TO DATE    0.05          0.18  -0.13     0.01
  SINCE MAR 1      0.05          0.18  -0.13     0.01
  SINCE JAN 1      3.46          5.17  -1.71     5.87

DEGREE DAYS
 HEATING
  YESTERDAY       40            36      4       41
  MONTH TO DATE   94            73     21       90
  SINCE MAR 1     94            73     21       90
  SINCE JUL 1   5596          5324    272     5338

 COOLING
  YESTERDAY        0             0      0        0
  MONTH TO DATE    0             0      0        0
  SINCE MAR 1      0             0      0        0
  SINCE JAN 1      0             0      0        0
......................................................


WIND (MPH)
  HIGHEST WIND SPEED    25   HIGHEST WIND DIRECTION     W (290)
  HIGHEST GUST SPEED    37   HIGHEST GUST DIRECTION    NW (310)
  AVERAGE WIND SPEED     9.0


SKY COVER
  AVERAGE SKY COVER 0.9



RELATIVE HUMIDITY (PERCENT)
 HIGHEST   100           100 AM
 LOWEST     50          1100 AM
 AVERAGE    75

..........................................................


THE BENNINGTON VT CLIMATE NORMALS FOR TODAY
                         NORMAL
 MAXIMUM TEMPERATURE (F)   39
 MINIMUM TEMPERATURE (F)   19


SUNRISE AND SUNSET
MARCH  3 2015.........SUNRISE   626 AM EST   SUNSET   545 PM EST
MARCH  4 2015.........SUNRISE   624 AM EST   SUNSET   546 PM EST


-  INDICATES NEGATIVE NUMBERS.
R  INDICATES RECORD WAS SET OR TIED.
MM INDICATES DATA IS MISSING.
T  INDICATES TRACE AMOUNT.




$$
