000
CDUS41 KALY 230622
CLIDDH


CLIMATE REPORT
NATIONAL WEATHER SERVICE ALBANY NY
121 AM EST MON FEB 23 2015


...................................

...THE BENNINGTON VT CLIMATE SUMMARY FOR FEBRUARY 22 2015...

CLIMATE NORMAL PERIOD 1981 TO 2010
CLIMATE RECORD PERIOD 9999 TO 9999


WEATHER ITEM   OBSERVED TIME   NORMAL DEPARTURE LAST
                VALUE   (LST)  VALUE  FROM      YEAR
                                      NORMAL
......................................................
TEMPERATURE (F)
 YESTERDAY
  MAXIMUM         33    421 PM  37     -4       49
  MINIMUM         21    702 AM  17      4       27
  AVERAGE         27            27      0       38

PRECIPITATION (IN)
  YESTERDAY        0.01          0.10  -0.09     0.00
  MONTH TO DATE    1.01          1.67  -0.66     2.93
  SINCE DEC 1      7.32          7.21   0.11     8.73
  SINCE JAN 1      3.41          4.42  -1.01     5.85

DEGREE DAYS
 HEATING
  YESTERDAY       38            38      0       27
  MONTH TO DATE 1188           895    293      904
  SINCE DEC 1   3675          3413    262     3443
  SINCE JUL 1   5168          5026    142     4974

 COOLING
  YESTERDAY        0             0      0        0
  MONTH TO DATE    0             0      0        0
  SINCE DEC 1      0             0      0        0
  SINCE JAN 1      0             0      0        0
......................................................


WIND (MPH)
  HIGHEST WIND SPEED    12   HIGHEST WIND DIRECTION     W (270)
  HIGHEST GUST SPEED    18   HIGHEST GUST DIRECTION    SW (240)
  AVERAGE WIND SPEED     3.6


SKY COVER
  AVERAGE SKY COVER 0.8



RELATIVE HUMIDITY (PERCENT)
 HIGHEST    92           300 AM
 LOWEST     51           400 PM
 AVERAGE    72

..........................................................


THE BENNINGTON VT CLIMATE NORMALS FOR TODAY
                         NORMAL
 MAXIMUM TEMPERATURE (F)   37
 MINIMUM TEMPERATURE (F)   17


SUNRISE AND SUNSET
FEBRUARY 23 2015......SUNRISE   639 AM EST   SUNSET   534 PM EST
FEBRUARY 24 2015......SUNRISE   637 AM EST   SUNSET   536 PM EST


-  INDICATES NEGATIVE NUMBERS.
R  INDICATES RECORD WAS SET OR TIED.
MM INDICATES DATA IS MISSING.
T  INDICATES TRACE AMOUNT.




$$
