000
CDUS41 KALY 120623
CLIDDH


CLIMATE REPORT
NATIONAL WEATHER SERVICE ALBANY NY
222 AM EDT WED APR 12 2017


...................................

...THE BENNINGTON VT CLIMATE SUMMARY FOR APRIL 11 2017...

CLIMATE NORMAL PERIOD 1981 TO 2010
CLIMATE RECORD PERIOD 9999 TO 9999


WEATHER ITEM   OBSERVED TIME   NORMAL DEPARTURE LAST
                VALUE   (LST)  VALUE  FROM      YEAR
                                      NORMAL
......................................................
TEMPERATURE (F)
 YESTERDAY
  MAXIMUM         85    357 PM  55     30       52
  MINIMUM         46    545 AM  33     13       37
  AVERAGE         66            44     22       45

PRECIPITATION (IN)
  YESTERDAY        0.00          0.12  -0.12     0.37
  MONTH TO DATE    1.41          1.36   0.05     1.85
  SINCE MAR 1      4.52          4.51   0.01     4.31
  SINCE JAN 1      8.15          9.50  -1.35     9.35

DEGREE DAYS
 HEATING
  YESTERDAY        0            21    -21       20
  MONTH TO DATE  208           256    -48      324
  SINCE MAR 1   1314          1240     74     1088
  SINCE JUL 1   5849          6491   -642     5421

 COOLING
  YESTERDAY        1             0      1        0
  MONTH TO DATE    1             0      1        0
  SINCE MAR 1      1             0      1        0
  SINCE JAN 1      1             0      1        0
......................................................


WIND (MPH)
  HIGHEST WIND SPEED    23   HIGHEST WIND DIRECTION     N (340)
  HIGHEST GUST SPEED    35   HIGHEST GUST DIRECTION     N (340)
  AVERAGE WIND SPEED     4.4


SKY COVER
  AVERAGE SKY COVER 0.1



RELATIVE HUMIDITY (PERCENT)
 HIGHEST    77          1100 PM
 LOWEST     20           400 PM
 AVERAGE    49

..........................................................


THE BENNINGTON VT CLIMATE NORMALS FOR TODAY
                         NORMAL
 MAXIMUM TEMPERATURE (F)   55
 MINIMUM TEMPERATURE (F)   33


SUNRISE AND SUNSET
APRIL 12 2017.........SUNRISE   616 AM EDT   SUNSET   732 PM EDT
APRIL 13 2017.........SUNRISE   614 AM EDT   SUNSET   733 PM EDT


-  INDICATES NEGATIVE NUMBERS.
R  INDICATES RECORD WAS SET OR TIED.
MM INDICATES DATA IS MISSING.
T  INDICATES TRACE AMOUNT.




$$
