000
CDUS41 KALY 160632
CLIDDH


CLIMATE REPORT
NATIONAL WEATHER SERVICE ALBANY NY
231 AM EDT SAT APR 16 2016


...................................

...THE BENNINGTON VT CLIMATE SUMMARY FOR APRIL 15 2016...

CLIMATE NORMAL PERIOD 1981 TO 2010
CLIMATE RECORD PERIOD 9999 TO 9999


WEATHER ITEM   OBSERVED TIME   NORMAL DEPARTURE LAST
                VALUE   (LST)  VALUE  FROM      YEAR
                                      NORMAL
......................................................
TEMPERATURE (F)
 YESTERDAY
  MAXIMUM         62    438 PM  57      5       64
  MINIMUM         26    542 AM  34     -8       28
  AVERAGE         44            46     -2       46

PRECIPITATION (IN)
  YESTERDAY        0.00          0.10  -0.10     0.00
  MONTH TO DATE    2.17          1.78   0.39     0.76
  SINCE MAR 1      4.63          4.93  -0.30     1.90
  SINCE JAN 1      9.67          9.92  -0.25     5.31

DEGREE DAYS
 HEATING
  YESTERDAY       21            20      1       19
  MONTH TO DATE  415           337     78      337
  SINCE MAR 1   1179          1321   -142     1508
  SINCE JUL 1   5512          6572  -1060     7010

 COOLING
  YESTERDAY        0             0      0        0
  MONTH TO DATE    0             0      0        0
  SINCE MAR 1      0             0      0        0
  SINCE JAN 1      0             0      0        0
......................................................


WIND (MPH)
  HIGHEST WIND SPEED    16   HIGHEST WIND DIRECTION     W (280)
  HIGHEST GUST SPEED    20   HIGHEST GUST DIRECTION    NW (330)
  AVERAGE WIND SPEED     3.9


SKY COVER
  AVERAGE SKY COVER 0.0



RELATIVE HUMIDITY (PERCENT)
 HIGHEST    81           400 AM
 LOWEST     19           300 PM
 AVERAGE    50

..........................................................


THE BENNINGTON VT CLIMATE NORMALS FOR TODAY
                         NORMAL
 MAXIMUM TEMPERATURE (F)   57
 MINIMUM TEMPERATURE (F)   35


SUNRISE AND SUNSET
APRIL 16 2016.........SUNRISE   609 AM EDT   SUNSET   737 PM EDT
APRIL 17 2016.........SUNRISE   607 AM EDT   SUNSET   738 PM EDT


-  INDICATES NEGATIVE NUMBERS.
R  INDICATES RECORD WAS SET OR TIED.
MM INDICATES DATA IS MISSING.
T  INDICATES TRACE AMOUNT.




$$
