000
CDUS41 KALY 120625
CLIDDH


CLIMATE REPORT
NATIONAL WEATHER SERVICE ALBANY NY
123 AM EST FRI DEC 12 2014


...................................

...THE BENNINGTON VT CLIMATE SUMMARY FOR DECEMBER 11 2014...

CLIMATE NORMAL PERIOD 1981 TO 2010
CLIMATE RECORD PERIOD 9999 TO 9999


WEATHER ITEM   OBSERVED TIME   NORMAL DEPARTURE LAST
                VALUE   (LST)  VALUE  FROM      YEAR
                                      NORMAL
......................................................
TEMPERATURE (F)
 YESTERDAY
  MAXIMUM         29    524 PM  37     -8       28
  MINIMUM         26   1159 PM  22      4       18
  AVERAGE         28            29     -1       23

PRECIPITATION (IN)
  YESTERDAY        0.06          0.10  -0.04     0.02
  MONTH TO DATE    2.13          1.07   1.06     0.38
  SINCE DEC 1      2.13          1.07   1.06     0.38
  SINCE JAN 1     35.18         38.98  -3.80    42.28

DEGREE DAYS
 HEATING
  YESTERDAY       37            36      1       42
  MONTH TO DATE  374           370      4      354
  SINCE DEC 1    374           370      4      354
  SINCE JUL 1   1867          1983   -116     1885

 COOLING
  YESTERDAY        0             0      0        0
  MONTH TO DATE    0             0      0        0
  SINCE DEC 1      0             0      0        0
  SINCE JAN 1    308           313     -5      503
......................................................


WIND (MPH)
  HIGHEST WIND SPEED    12   HIGHEST WIND DIRECTION    SW (220)
  HIGHEST GUST SPEED    16   HIGHEST GUST DIRECTION    SW (230)
  AVERAGE WIND SPEED     5.0


SKY COVER
  AVERAGE SKY COVER 1.0



RELATIVE HUMIDITY (PERCENT)
 HIGHEST    92          1200 AM
 LOWEST     78           900 PM
 AVERAGE    85

..........................................................


THE BENNINGTON VT CLIMATE NORMALS FOR TODAY
                         NORMAL
 MAXIMUM TEMPERATURE (F)   37
 MINIMUM TEMPERATURE (F)   21


SUNRISE AND SUNSET
DECEMBER 12 2014......SUNRISE   715 AM EST   SUNSET   419 PM EST
DECEMBER 13 2014......SUNRISE   715 AM EST   SUNSET   419 PM EST


-  INDICATES NEGATIVE NUMBERS.
R  INDICATES RECORD WAS SET OR TIED.
MM INDICATES DATA IS MISSING.
T  INDICATES TRACE AMOUNT.




$$
