193
CDUS41 KALY 230623
CLIDDH


CLIMATE REPORT
NATIONAL WEATHER SERVICE ALBANY NY
222 AM EDT TUE MAY 23 2017


...................................

...THE BENNINGTON VT CLIMATE SUMMARY FOR MAY 22 2017...

CLIMATE NORMAL PERIOD 1981 TO 2010
CLIMATE RECORD PERIOD 9999 TO 9999


WEATHER ITEM   OBSERVED TIME   NORMAL DEPARTURE LAST
                VALUE   (LST)  VALUE  FROM      YEAR
                                      NORMAL
......................................................
TEMPERATURE (F)
 YESTERDAY
  MAXIMUM         57    522 PM  69    -12       72
  MINIMUM         48    648 AM  45      3       50
  AVERAGE         53            57     -4       61

PRECIPITATION (IN)
  YESTERDAY        0.28          0.13   0.15     0.01
  MONTH TO DATE    5.31          2.39   2.92     2.28
  SINCE MAR 1     10.79          8.81   1.98     7.37
  SINCE JAN 1     14.42         13.80   0.62    12.41

DEGREE DAYS
 HEATING
  YESTERDAY       12             9      3        4
  MONTH TO DATE  265           250     15      285
  SINCE MAR 1   1809          1822    -13     1693
  SINCE JUL 1   6344          7073   -729     6026

 COOLING
  YESTERDAY        0             0      0        0
  MONTH TO DATE   12             0     12        0
  SINCE MAR 1     15             3     12        1
  SINCE JAN 1     15             3     12        1
......................................................


WIND (MPH)
  HIGHEST WIND SPEED    15   HIGHEST WIND DIRECTION    SE (140)
  HIGHEST GUST SPEED    24   HIGHEST GUST DIRECTION     E (110)
  AVERAGE WIND SPEED     4.9


SKY COVER
  AVERAGE SKY COVER 0.9



RELATIVE HUMIDITY (PERCENT)
 HIGHEST    93           900 PM
 LOWEST     61          1000 AM
 AVERAGE    77

..........................................................


THE BENNINGTON VT CLIMATE NORMALS FOR TODAY
                         NORMAL
 MAXIMUM TEMPERATURE (F)   69
 MINIMUM TEMPERATURE (F)   45


SUNRISE AND SUNSET
MAY 23 2017...........SUNRISE   523 AM EDT   SUNSET   817 PM EDT
MAY 24 2017...........SUNRISE   522 AM EDT   SUNSET   818 PM EDT


-  INDICATES NEGATIVE NUMBERS.
R  INDICATES RECORD WAS SET OR TIED.
MM INDICATES DATA IS MISSING.
T  INDICATES TRACE AMOUNT.




$$
