000
CDUS41 KALY 210626
CLIDDH


CLIMATE REPORT
NATIONAL WEATHER SERVICE ALBANY NY
225 AM EDT THU APR 21 2016


...................................

...THE BENNINGTON VT CLIMATE SUMMARY FOR APRIL 20 2016...

CLIMATE NORMAL PERIOD 1981 TO 2010
CLIMATE RECORD PERIOD 9999 TO 9999


WEATHER ITEM   OBSERVED TIME   NORMAL DEPARTURE LAST
                VALUE   (LST)  VALUE  FROM      YEAR
                                      NORMAL
......................................................
TEMPERATURE (F)
 YESTERDAY
  MAXIMUM         60    455 PM  59      1       54
  MINIMUM         36   1159 PM  36      0       41
  AVERAGE         48            47      1       48

PRECIPITATION (IN)
  YESTERDAY        0.00          0.10  -0.10     0.11
  MONTH TO DATE    2.20          2.26  -0.06     0.97
  SINCE MAR 1      4.66          5.41  -0.75     2.11
  SINCE JAN 1      9.70         10.40  -0.70     5.52

DEGREE DAYS
 HEATING
  YESTERDAY       17            18     -1       17
  MONTH TO DATE  482           429     53      414
  SINCE MAR 1   1246          1413   -167     1585
  SINCE JUL 1   5579          6664  -1085     7087

 COOLING
  YESTERDAY        0             0      0        0
  MONTH TO DATE    0             0      0        0
  SINCE MAR 1      0             0      0        0
  SINCE JAN 1      0             0      0        0
......................................................


WIND (MPH)
  HIGHEST WIND SPEED    16   HIGHEST WIND DIRECTION     N (340)
  HIGHEST GUST SPEED    22   HIGHEST GUST DIRECTION     W (260)
  AVERAGE WIND SPEED     6.7


SKY COVER
  AVERAGE SKY COVER 0.0



RELATIVE HUMIDITY (PERCENT)
 HIGHEST    48          1100 PM
 LOWEST     10           500 PM
 AVERAGE    29

..........................................................


THE BENNINGTON VT CLIMATE NORMALS FOR TODAY
                         NORMAL
 MAXIMUM TEMPERATURE (F)   59
 MINIMUM TEMPERATURE (F)   36


SUNRISE AND SUNSET
APRIL 21 2016.........SUNRISE   601 AM EDT   SUNSET   743 PM EDT
APRIL 22 2016.........SUNRISE   600 AM EDT   SUNSET   744 PM EDT


-  INDICATES NEGATIVE NUMBERS.
R  INDICATES RECORD WAS SET OR TIED.
MM INDICATES DATA IS MISSING.
T  INDICATES TRACE AMOUNT.




$$
