000
CDUS41 KALY 070624
CLIDDH


CLIMATE REPORT
NATIONAL WEATHER SERVICE ALBANY NY
123 AM EST TUE FEB 7 2017


...................................

...THE BENNINGTON VT CLIMATE SUMMARY FOR FEBRUARY 6 2017...

CLIMATE NORMAL PERIOD 1981 TO 2010
CLIMATE RECORD PERIOD 9999 TO 9999


WEATHER ITEM   OBSERVED TIME   NORMAL DEPARTURE LAST
                VALUE   (LST)  VALUE  FROM      YEAR
                                      NORMAL
......................................................
TEMPERATURE (F)
 YESTERDAY
  MAXIMUM         32   1238 AM  33     -1       41
  MINIMUM         24    949 AM  14     10       16
  AVERAGE         28            23      5       29

PRECIPITATION (IN)
  YESTERDAY        0.00          0.06  -0.06     0.00
  MONTH TO DATE    0.01          0.39  -0.38     0.72
  SINCE DEC 1      3.81          5.93  -2.12     5.58
  SINCE JAN 1      1.72          3.14  -1.42     1.83

DEGREE DAYS
 HEATING
  YESTERDAY       37            42     -5       36
  MONTH TO DATE  235           254    -19      160
  SINCE DEC 1   2459          2772   -313     2122
  SINCE JUL 1   3829          4385   -556     3465

 COOLING
  YESTERDAY        0             0      0        0
  MONTH TO DATE    0             0      0        0
  SINCE DEC 1      0             0      0        0
  SINCE JAN 1      0             0      0        0
......................................................


WIND (MPH)
  HIGHEST WIND SPEED    25   HIGHEST WIND DIRECTION     W (290)
  HIGHEST GUST SPEED    38   HIGHEST GUST DIRECTION     W (270)
  AVERAGE WIND SPEED     7.6


SKY COVER
  AVERAGE SKY COVER 0.8



RELATIVE HUMIDITY (PERCENT)
 HIGHEST    68          1000 PM
 LOWEST     42           700 AM
 AVERAGE    55

..........................................................


THE BENNINGTON VT CLIMATE NORMALS FOR TODAY
                         NORMAL
 MAXIMUM TEMPERATURE (F)   33
 MINIMUM TEMPERATURE (F)   14


SUNRISE AND SUNSET
FEBRUARY  7 2017......SUNRISE   701 AM EST   SUNSET   514 PM EST
FEBRUARY  8 2017......SUNRISE   659 AM EST   SUNSET   516 PM EST


-  INDICATES NEGATIVE NUMBERS.
R  INDICATES RECORD WAS SET OR TIED.
MM INDICATES DATA IS MISSING.
T  INDICATES TRACE AMOUNT.




$$
