000
CDUS41 KALY 140632
CLIDDH


CLIMATE REPORT
NATIONAL WEATHER SERVICE ALBANY NY
231 AM EDT SUN AUG 14 2016


...................................

...THE BENNINGTON VT CLIMATE SUMMARY FOR AUGUST 13 2016...

CLIMATE NORMAL PERIOD 1981 TO 2010
CLIMATE RECORD PERIOD 9999 TO 9999


WEATHER ITEM   OBSERVED TIME   NORMAL DEPARTURE LAST
                VALUE   (LST)  VALUE  FROM      YEAR
                                      NORMAL
......................................................
TEMPERATURE (F)
 YESTERDAY
  MAXIMUM         88    315 PM  78     10       74
  MINIMUM         69    459 AM  56     13       52
  AVERAGE         79            67     12       63

PRECIPITATION (IN)
  YESTERDAY       MM             0.12  MM        0.01
  MONTH TO DATE    2.84          1.83   1.01     0.99
  SINCE JUN 1      6.97         10.30  -3.33     5.93
  SINCE JAN 1     20.02         25.37  -5.35    13.49

DEGREE DAYS
 HEATING
  YESTERDAY        0             1     -1        2
  MONTH TO DATE    0            13    -13        4
  SINCE JUN 1     79           134    -55      126
  SINCE JUL 1     10            37    -27       31

 COOLING
  YESTERDAY       14             3     11        0
  MONTH TO DATE   92            51     41       34
  SINCE JUN 1    316           232     84      218
  SINCE JAN 1    358           246    112      282
......................................................


WIND (MPH)
  HIGHEST WIND SPEED    MM   HIGHEST WIND DIRECTION    MM
  HIGHEST GUST SPEED    MM   HIGHEST GUST DIRECTION    MM
  AVERAGE WIND SPEED    MM


SKY COVER
  AVERAGE SKY COVER 0.5



RELATIVE HUMIDITY (PERCENT)
 HIGHEST    97           600 AM
 LOWEST     63          1100 AM
 AVERAGE    80

..........................................................


THE BENNINGTON VT CLIMATE NORMALS FOR TODAY
                         NORMAL
 MAXIMUM TEMPERATURE (F)   78
 MINIMUM TEMPERATURE (F)   56


SUNRISE AND SUNSET
AUGUST 14 2016........SUNRISE   559 AM EDT   SUNSET   756 PM EDT
AUGUST 15 2016........SUNRISE   600 AM EDT   SUNSET   754 PM EDT


-  INDICATES NEGATIVE NUMBERS.
R  INDICATES RECORD WAS SET OR TIED.
MM INDICATES DATA IS MISSING.
T  INDICATES TRACE AMOUNT.




$$
