000
CDUS41 KALY 020628
CLIDDH


CLIMATE REPORT
NATIONAL WEATHER SERVICE ALBANY NY
225 AM EDT WED APR 2 2014


...................................

...THE BENNINGTON VT CLIMATE SUMMARY FOR APRIL 1 2014...

CLIMATE NORMAL PERIOD 1981 TO 2010
CLIMATE RECORD PERIOD 9999 TO 9999


WEATHER ITEM   OBSERVED TIME   NORMAL DEPARTURE LAST
                VALUE   (LST)  VALUE  FROM      YEAR
                                      NORMAL
......................................................
TEMPERATURE (F)
 YESTERDAY
  MAXIMUM         50    440 PM  50      0       56
  MINIMUM         26    611 AM  29     -3       28
  AVERAGE         38            40     -2       42

PRECIPITATION (IN)
  YESTERDAY        0.00          0.13  -0.13     0.11
  MONTH TO DATE    0.00          0.13  -0.13     0.11
  SINCE MAR 1      2.15          3.28  -1.13     1.39
  SINCE JAN 1      8.01          8.27  -0.26     4.05

DEGREE DAYS
 HEATING
  YESTERDAY       27            25      2       23
  MONTH TO DATE   27            25      2       23
  SINCE MAR 1   1185          1009    176     1040
  SINCE JUL 1   6433          6260    173     5824

 COOLING
  YESTERDAY        0             0      0        0
  MONTH TO DATE    0             0      0        0
  SINCE MAR 1      0             0      0        0
  SINCE JAN 1      0             0      0        0
......................................................


WIND (MPH)
  HIGHEST WIND SPEED    13   HIGHEST WIND DIRECTION    SE (120)
  HIGHEST GUST SPEED    21   HIGHEST GUST DIRECTION    SE (130)
  AVERAGE WIND SPEED     3.5


SKY COVER
  AVERAGE SKY COVER 0.0



RELATIVE HUMIDITY (PERCENT)
 HIGHEST    85           400 AM
 LOWEST     42           400 PM
 AVERAGE    64

..........................................................


THE BENNINGTON VT CLIMATE NORMALS FOR TODAY
                         NORMAL
 MAXIMUM TEMPERATURE (F)   51
 MINIMUM TEMPERATURE (F)   29


SUNRISE AND SUNSET
APRIL  2 2014.........SUNRISE   634 AM EDT   SUNSET   720 PM EDT
APRIL  3 2014.........SUNRISE   632 AM EDT   SUNSET   721 PM EDT


-  INDICATES NEGATIVE NUMBERS.
R  INDICATES RECORD WAS SET OR TIED.
MM INDICATES DATA IS MISSING.
T  INDICATES TRACE AMOUNT.




$$
