924
CDUS41 KALY 090624
CLIDDH


CLIMATE REPORT
NATIONAL WEATHER SERVICE ALBANY NY
123 AM EST MON JAN 9 2017


...................................

...THE BENNINGTON VT CLIMATE SUMMARY FOR JANUARY 8 2017...

CLIMATE NORMAL PERIOD 1981 TO 2010
CLIMATE RECORD PERIOD 9999 TO 9999


WEATHER ITEM   OBSERVED TIME   NORMAL DEPARTURE LAST
                VALUE   (LST)  VALUE  FROM      YEAR
                                      NORMAL
......................................................
TEMPERATURE (F)
 YESTERDAY
  MAXIMUM         19    306 PM  31    -12       41
  MINIMUM          8   1159 PM  12     -4       14
  AVERAGE         14            21     -7       28

PRECIPITATION (IN)
  YESTERDAY        T             0.10  -0.10     0.00
  MONTH TO DATE    0.42          0.88  -0.46      T
  SINCE DEC 1      2.51          3.67  -1.16     3.75
  SINCE JAN 1      0.42          0.88  -0.46      T

DEGREE DAYS
 HEATING
  YESTERDAY       51            44      7       37
  MONTH TO DATE  329           348    -19      327
  SINCE DEC 1   1452          1507    -55     1072
  SINCE JUL 1   2822          3120   -298     2415

 COOLING
  YESTERDAY        0             0      0        0
  MONTH TO DATE    0             0      0        0
  SINCE DEC 1      0             0      0        0
  SINCE JAN 1      0             0      0        0
......................................................


WIND (MPH)
  HIGHEST WIND SPEED    14   HIGHEST WIND DIRECTION     W (280)
  HIGHEST GUST SPEED    22   HIGHEST GUST DIRECTION    NW (330)
  AVERAGE WIND SPEED     6.0


SKY COVER
  AVERAGE SKY COVER 0.8



RELATIVE HUMIDITY (PERCENT)
 HIGHEST    67           700 PM
 LOWEST     53          1200 AM
 AVERAGE    60

..........................................................


THE BENNINGTON VT CLIMATE NORMALS FOR TODAY
                         NORMAL
 MAXIMUM TEMPERATURE (F)   30
 MINIMUM TEMPERATURE (F)   11


SUNRISE AND SUNSET
JANUARY  9 2017.......SUNRISE   723 AM EST   SUNSET   438 PM EST
JANUARY 10 2017.......SUNRISE   723 AM EST   SUNSET   439 PM EST


-  INDICATES NEGATIVE NUMBERS.
R  INDICATES RECORD WAS SET OR TIED.
MM INDICATES DATA IS MISSING.
T  INDICATES TRACE AMOUNT.




$$
