000
CDUS41 KALY 190627
CLIDDH


CLIMATE REPORT
NATIONAL WEATHER SERVICE ALBANY NY
127 AM EST FRI DEC 19 2014


...................................

...THE BENNINGTON VT CLIMATE SUMMARY FOR DECEMBER 18 2014...

CLIMATE NORMAL PERIOD 1981 TO 2010
CLIMATE RECORD PERIOD 9999 TO 9999


WEATHER ITEM   OBSERVED TIME   NORMAL DEPARTURE LAST
                VALUE   (LST)  VALUE  FROM      YEAR
                                      NORMAL
......................................................
TEMPERATURE (F)
 YESTERDAY
  MAXIMUM         33    516 PM  35     -2       28
  MINIMUM         30   1159 PM  19     11        6
  AVERAGE         32            27      5       17

PRECIPITATION (IN)
  YESTERDAY        0.03          0.09  -0.06      T
  MONTH TO DATE    2.43          1.68   0.75     0.86
  SINCE DEC 1      2.43          1.68   0.75     0.86
  SINCE JAN 1     35.48         39.59  -4.11    42.76

DEGREE DAYS
 HEATING
  YESTERDAY       33            38     -5       48
  MONTH TO DATE  610           630    -20      696
  SINCE DEC 1    610           630    -20      696
  SINCE JUL 1   2103          2243   -140     2227

 COOLING
  YESTERDAY        0             0      0        0
  MONTH TO DATE    0             0      0        0
  SINCE DEC 1      0             0      0        0
  SINCE JAN 1    308           313     -5      503
......................................................


WIND (MPH)
  HIGHEST WIND SPEED    16   HIGHEST WIND DIRECTION     W (260)
  HIGHEST GUST SPEED    25   HIGHEST GUST DIRECTION    SW (240)
  AVERAGE WIND SPEED     9.6


SKY COVER
  AVERAGE SKY COVER 1.0



RELATIVE HUMIDITY (PERCENT)
 HIGHEST    89          1200 AM
 LOWEST     75          1200 PM
 AVERAGE    82

..........................................................


THE BENNINGTON VT CLIMATE NORMALS FOR TODAY
                         NORMAL
 MAXIMUM TEMPERATURE (F)   34
 MINIMUM TEMPERATURE (F)   18


SUNRISE AND SUNSET
DECEMBER 19 2014......SUNRISE   719 AM EST   SUNSET   421 PM EST
DECEMBER 20 2014......SUNRISE   720 AM EST   SUNSET   421 PM EST


-  INDICATES NEGATIVE NUMBERS.
R  INDICATES RECORD WAS SET OR TIED.
MM INDICATES DATA IS MISSING.
T  INDICATES TRACE AMOUNT.




$$
