000
CDUS41 KALY 112044
CLIDDH


CLIMATE REPORT
NATIONAL WEATHER SERVICE ALBANY NY
443 PM EDT THU MAY 11 2017


...................................

...THE BENNINGTON VT CLIMATE SUMMARY FOR MAY 11 2017...
VALID TODAY AS OF 0400 PM LOCAL TIME.

CLIMATE NORMAL PERIOD 1981 TO 2010
CLIMATE RECORD PERIOD 9999 TO 9999


WEATHER ITEM   OBSERVED TIME   NORMAL DEPARTURE LAST
                VALUE   (LST)  VALUE  FROM      YEAR
                                      NORMAL
......................................................
TEMPERATURE (F)
 TODAY
  MAXIMUM         65    337 PM  66     -1       74
  MINIMUM         34    454 AM  42     -8       33
  AVERAGE         50            54     -4       54

PRECIPITATION (IN)
  TODAY            0.00          0.10  -0.10     0.00
  MONTH TO DATE    3.43          1.11   2.32     1.25
  SINCE MAR 1      8.91          7.53   1.38     6.34
  SINCE JAN 1     12.54         12.52   0.02    11.38

DEGREE DAYS
 HEATING
  TODAY           15            11      4       11
  MONTH TO DATE  170           141     29      165
  SINCE MAR 1   1714          1713      1     1573
  SINCE JUL 1   6249          6964   -715     5906

 COOLING
  TODAY            0             0      0        0
  MONTH TO DATE    0             0      0        0
  SINCE MAR 1      3             3      0        1
  SINCE JAN 1      3             3      0        1
......................................................


WIND (MPH)
  HIGHEST WIND SPEED     8   HIGHEST WIND DIRECTION     S (180)
  HIGHEST GUST SPEED    MM   HIGHEST GUST DIRECTION    MM
  AVERAGE WIND SPEED     3.5


SKY COVER
  AVERAGE SKY COVER 0.4



RELATIVE HUMIDITY (PERCENT)
 HIGHEST    89
 LOWEST     37
 AVERAGE    63

..........................................................


THE BENNINGTON VT CLIMATE NORMALS FOR TOMORROW
                         NORMAL
 MAXIMUM TEMPERATURE (F)   66
 MINIMUM TEMPERATURE (F)   42


SUNRISE AND SUNSET
MAY 11 2017...........SUNRISE   534 AM EDT   SUNSET   805 PM EDT
MAY 12 2017...........SUNRISE   533 AM EDT   SUNSET   806 PM EDT


-  INDICATES NEGATIVE NUMBERS.
R  INDICATES RECORD WAS SET OR TIED.
MM INDICATES DATA IS MISSING.
T  INDICATES TRACE AMOUNT.




$$
