000
CDUS41 KALY 260629
CLIDDH


CLIMATE REPORT
NATIONAL WEATHER SERVICE ALBANY NY
122 AM EST SUN NOV 26 2017


...................................

...THE BENNINGTON VT CLIMATE SUMMARY FOR NOVEMBER 25 2017...

CLIMATE NORMAL PERIOD 1981 TO 2010
CLIMATE RECORD PERIOD 9999 TO 9999


WEATHER ITEM   OBSERVED TIME   NORMAL DEPARTURE LAST
                VALUE   (LST)  VALUE  FROM      YEAR
                                      NORMAL
......................................................
TEMPERATURE (F)
 YESTERDAY
  MAXIMUM         59    111 PM  44     15       42
  MINIMUM         33    706 AM  28      5       34
  AVERAGE         46            36     10       38

PRECIPITATION (IN)
  YESTERDAY        0.00          0.10  -0.10     0.03
  MONTH TO DATE    1.31          2.56  -1.25     1.82
  SINCE SEP 1      7.07          9.82  -2.75     8.42
  SINCE JAN 1     39.42         37.36   2.06    29.73

DEGREE DAYS
 HEATING
  YESTERDAY       19            29    -10       27
  MONTH TO DATE  648           640      8      636
  SINCE SEP 1   1082          1389   -307     1213
  SINCE JUL 1   1149          1461   -312     1235

 COOLING
  YESTERDAY        0             0      0        0
  MONTH TO DATE    0             0      0        0
  SINCE SEP 1     88            25     63       49
  SINCE JAN 1    395           313     82      488
......................................................


WIND (MPH)
  HIGHEST WIND SPEED    14   HIGHEST WIND DIRECTION     W (260)
  HIGHEST GUST SPEED    22   HIGHEST GUST DIRECTION     W (260)
  AVERAGE WIND SPEED     4.0


SKY COVER
  AVERAGE SKY COVER 0.4



RELATIVE HUMIDITY (PERCENT)
 HIGHEST    71          1000 PM
 LOWEST     33           100 PM
 AVERAGE    52

..........................................................


THE BENNINGTON VT CLIMATE NORMALS FOR TODAY
                         NORMAL
 MAXIMUM TEMPERATURE (F)   43
 MINIMUM TEMPERATURE (F)   28


SUNRISE AND SUNSET
NOVEMBER 26 2017......SUNRISE   659 AM EST   SUNSET   422 PM EST
NOVEMBER 27 2017......SUNRISE   700 AM EST   SUNSET   421 PM EST


-  INDICATES NEGATIVE NUMBERS.
R  INDICATES RECORD WAS SET OR TIED.
MM INDICATES DATA IS MISSING.
T  INDICATES TRACE AMOUNT.




$$
