000
CDUS41 KALY 220630
CLIDDH


CLIMATE REPORT
NATIONAL WEATHER SERVICE ALBANY NY
226 AM EDT WED JUL 22 2015


...................................

...THE BENNINGTON VT CLIMATE SUMMARY FOR JULY 21 2015...

CLIMATE NORMAL PERIOD 1981 TO 2010
CLIMATE RECORD PERIOD 9999 TO 9999


WEATHER ITEM   OBSERVED TIME   NORMAL DEPARTURE LAST
                VALUE   (LST)  VALUE  FROM      YEAR
                                      NORMAL
......................................................
TEMPERATURE (F)
 YESTERDAY
  MAXIMUM         84    149 PM  80      4       83
  MINIMUM         58   1150 PM  57      1       56
  AVERAGE         71            68      3       70

PRECIPITATION (IN)
  YESTERDAY        0.00          0.15  -0.15      T
  MONTH TO DATE    1.85          2.91  -1.06     4.65
  SINCE JUN 1      4.80          7.04  -2.24     7.98
  SINCE JAN 1     12.36         22.11  -9.75    20.81

DEGREE DAYS
 HEATING
  YESTERDAY        0             1     -1        0
  MONTH TO DATE   25            21      4        6
  SINCE JUN 1    120           118      2       53
  SINCE JUL 1     25            21      4        6

 COOLING
  YESTERDAY        6             4      2        5
  MONTH TO DATE   82            83     -1       95
  SINCE JUN 1    129           141    -12      157
  SINCE JAN 1    193           155     38      173
......................................................


WIND (MPH)
  HIGHEST WIND SPEED    13   HIGHEST WIND DIRECTION    SW (230)
  HIGHEST GUST SPEED    18   HIGHEST GUST DIRECTION    SW (210)
  AVERAGE WIND SPEED     3.4


SKY COVER
  AVERAGE SKY COVER 0.2



RELATIVE HUMIDITY (PERCENT)
 HIGHEST    97           200 AM
 LOWEST     47           100 PM
 AVERAGE    72

..........................................................


THE BENNINGTON VT CLIMATE NORMALS FOR TODAY
                         NORMAL
 MAXIMUM TEMPERATURE (F)   80
 MINIMUM TEMPERATURE (F)   57


SUNRISE AND SUNSET
JULY 22 2015..........SUNRISE   534 AM EDT   SUNSET   824 PM EDT
JULY 23 2015..........SUNRISE   535 AM EDT   SUNSET   824 PM EDT


-  INDICATES NEGATIVE NUMBERS.
R  INDICATES RECORD WAS SET OR TIED.
MM INDICATES DATA IS MISSING.
T  INDICATES TRACE AMOUNT.




$$
