000
CDUS41 KALY 050628
CLIDDH


CLIMATE REPORT
NATIONAL WEATHER SERVICE ALBANY NY
127 AM EST FRI JAN 5 2018


...................................

...THE BENNINGTON VT CLIMATE SUMMARY FOR JANUARY 4 2018...

CLIMATE NORMAL PERIOD 1981 TO 2010
CLIMATE RECORD PERIOD 9999 TO 9999


WEATHER ITEM   OBSERVED TIME   NORMAL DEPARTURE LAST
                VALUE   (LST)  VALUE  FROM      YEAR
                                      NORMAL
......................................................
TEMPERATURE (F)
 YESTERDAY
  MAXIMUM         18    648 PM  31    -13       42
  MINIMUM          9    308 AM  12     -3       24
  AVERAGE         14            22     -8       33

PRECIPITATION (IN)
  YESTERDAY        0.29          0.11   0.18     0.10
  MONTH TO DATE    0.29          0.46  -0.17     0.42
  SINCE DEC 1      2.43          3.25  -0.82     2.51
  SINCE JAN 1      0.29          0.46  -0.17     0.42

DEGREE DAYS
 HEATING
  YESTERDAY       51            43      8       32
  MONTH TO DATE  234           172     62      132
  SINCE DEC 1   1494          1331    163     1255
  SINCE JUL 1   2794          2944   -150     2625

 COOLING
  YESTERDAY        0             0      0        0
  MONTH TO DATE    0             0      0        0
  SINCE DEC 1      0             0      0        0
  SINCE JAN 1      0             0      0        0
......................................................


WIND (MPH)
  HIGHEST WIND SPEED    21   HIGHEST WIND DIRECTION    NW (330)
  HIGHEST GUST SPEED    32   HIGHEST GUST DIRECTION    NW (320)
  AVERAGE WIND SPEED     7.4


SKY COVER
  AVERAGE SKY COVER 0.9



RELATIVE HUMIDITY (PERCENT)
 HIGHEST    80           900 AM
 LOWEST     51          1200 AM
 AVERAGE    66

..........................................................


THE BENNINGTON VT CLIMATE NORMALS FOR TODAY
                         NORMAL
 MAXIMUM TEMPERATURE (F)   31
 MINIMUM TEMPERATURE (F)   12


SUNRISE AND SUNSET
JANUARY  5 2018.......SUNRISE   724 AM EST   SUNSET   433 PM EST
JANUARY  6 2018.......SUNRISE   724 AM EST   SUNSET   434 PM EST


-  INDICATES NEGATIVE NUMBERS.
R  INDICATES RECORD WAS SET OR TIED.
MM INDICATES DATA IS MISSING.
T  INDICATES TRACE AMOUNT.




$$
