759
CDUS41 KALY 180626
CLIDDH


CLIMATE REPORT
NATIONAL WEATHER SERVICE ALBANY NY
126 AM EST SAT FEB 18 2017


...................................

...THE BENNINGTON VT CLIMATE SUMMARY FOR FEBRUARY 17 2017...

CLIMATE NORMAL PERIOD 1981 TO 2010
CLIMATE RECORD PERIOD 9999 TO 9999


WEATHER ITEM   OBSERVED TIME   NORMAL DEPARTURE LAST
                VALUE   (LST)  VALUE  FROM      YEAR
                                      NORMAL
......................................................
TEMPERATURE (F)
 YESTERDAY
  MAXIMUM         32    356 PM  35     -3       33
  MINIMUM         11    559 AM  16     -5       29
  AVERAGE         22            26     -4       31

PRECIPITATION (IN)
  YESTERDAY        0.00          0.08  -0.08      T
  MONTH TO DATE    1.25          1.24   0.01     1.81
  SINCE DEC 1      5.05          6.78  -1.73     6.67
  SINCE JAN 1      2.96          3.99  -1.03     2.92

DEGREE DAYS
 HEATING
  YESTERDAY       43            40      3       34
  MONTH TO DATE  684           701    -17      658
  SINCE DEC 1   2908          3219   -311     2620
  SINCE JUL 1   4278          4832   -554     3963

 COOLING
  YESTERDAY        0             0      0        0
  MONTH TO DATE    0             0      0        0
  SINCE DEC 1      0             0      0        0
  SINCE JAN 1      0             0      0        0
......................................................


WIND (MPH)
  HIGHEST WIND SPEED    13   HIGHEST WIND DIRECTION     W (270)
  HIGHEST GUST SPEED    17   HIGHEST GUST DIRECTION     W (260)
  AVERAGE WIND SPEED     4.4


SKY COVER
  AVERAGE SKY COVER 0.1



RELATIVE HUMIDITY (PERCENT)
 HIGHEST    84           600 AM
 LOWEST     43           400 PM
 AVERAGE    64

..........................................................


THE BENNINGTON VT CLIMATE NORMALS FOR TODAY
                         NORMAL
 MAXIMUM TEMPERATURE (F)   35
 MINIMUM TEMPERATURE (F)   16


SUNRISE AND SUNSET
FEBRUARY 18 2017......SUNRISE   646 AM EST   SUNSET   529 PM EST
FEBRUARY 19 2017......SUNRISE   644 AM EST   SUNSET   530 PM EST


-  INDICATES NEGATIVE NUMBERS.
R  INDICATES RECORD WAS SET OR TIED.
MM INDICATES DATA IS MISSING.
T  INDICATES TRACE AMOUNT.




$$
