284
CDUS41 KALY 300629
CLIDDH


CLIMATE REPORT
NATIONAL WEATHER SERVICE ALBANY NY
128 AM EST SAT JAN 30 2016


...................................

...THE BENNINGTON VT CLIMATE SUMMARY FOR JANUARY 29 2016...

CLIMATE NORMAL PERIOD 1981 TO 2010
CLIMATE RECORD PERIOD 9999 TO 9999


WEATHER ITEM   OBSERVED TIME   NORMAL DEPARTURE LAST
                VALUE   (LST)  VALUE  FROM      YEAR
                                      NORMAL
......................................................
TEMPERATURE (F)
 YESTERDAY
  MAXIMUM         35    137 AM  31      4       36
  MINIMUM         23   1159 PM  12     11       -9
  AVERAGE         29            22      7       14

PRECIPITATION (IN)
  YESTERDAY        0.12          0.07   0.05     0.01
  MONTH TO DATE    1.11          2.60  -1.49     2.22
  SINCE DEC 1      4.86          5.39  -0.53     6.13
  SINCE JAN 1      1.11          2.60  -1.49     2.22

DEGREE DAYS
 HEATING
  YESTERDAY       36            43     -7       51
  MONTH TO DATE 1159          1270   -111     1353
  SINCE DEC 1   1904          2429   -525     2377
  SINCE JUL 1   3247          4042   -795     3870

 COOLING
  YESTERDAY        0             0      0        0
  MONTH TO DATE    0             0      0        0
  SINCE DEC 1      0             0      0        0
  SINCE JAN 1      0             0      0        0
......................................................


WIND (MPH)
  HIGHEST WIND SPEED    14   HIGHEST WIND DIRECTION     W (250)
  HIGHEST GUST SPEED    22   HIGHEST GUST DIRECTION     W (250)
  AVERAGE WIND SPEED     3.5


SKY COVER
  AVERAGE SKY COVER 0.9



RELATIVE HUMIDITY (PERCENT)
 HIGHEST    92          1200 PM
 LOWEST     47          1200 AM
 AVERAGE    70

..........................................................


THE BENNINGTON VT CLIMATE NORMALS FOR TODAY
                         NORMAL
 MAXIMUM TEMPERATURE (F)   32
 MINIMUM TEMPERATURE (F)   12


SUNRISE AND SUNSET
JANUARY 30 2016.......SUNRISE   710 AM EST   SUNSET   503 PM EST
JANUARY 31 2016.......SUNRISE   709 AM EST   SUNSET   504 PM EST


-  INDICATES NEGATIVE NUMBERS.
R  INDICATES RECORD WAS SET OR TIED.
MM INDICATES DATA IS MISSING.
T  INDICATES TRACE AMOUNT.




$$
