000
CDUS41 KALY 110624
CLIDDH


CLIMATE REPORT
NATIONAL WEATHER SERVICE ALBANY NY
122 AM EST TUE NOV 11 2014


...................................

...THE BENNINGTON VT CLIMATE SUMMARY FOR NOVEMBER 10 2014...

CLIMATE NORMAL PERIOD 1981 TO 2010
CLIMATE RECORD PERIOD 9999 TO 9999


WEATHER ITEM   OBSERVED TIME   NORMAL DEPARTURE LAST
                VALUE   (LST)  VALUE  FROM      YEAR
                                      NORMAL
......................................................
TEMPERATURE (F)
 YESTERDAY
  MAXIMUM         56    239 PM  50      6       48
  MINIMUM         26    511 AM  31     -5       33
  AVERAGE         41            40      1       41

PRECIPITATION (IN)
  YESTERDAY        0.00          0.10  -0.10     0.06
  MONTH TO DATE    0.28          1.11  -0.83     0.97
  SINCE SEP 1      5.13          8.37  -3.24     8.54
  SINCE JAN 1     31.09         35.91  -4.82    40.26

DEGREE DAYS
 HEATING
  YESTERDAY       24            25     -1       24
  MONTH TO DATE  237           235      2      236
  SINCE SEP 1    834           984   -150      927
  SINCE JUL 1    887          1056   -169      990

 COOLING
  YESTERDAY        0             0      0        0
  MONTH TO DATE    0             0      0        0
  SINCE SEP 1     55            25     30       44
  SINCE JAN 1    308           313     -5      503
......................................................


WIND (MPH)
  HIGHEST WIND SPEED    10   HIGHEST WIND DIRECTION    SE (120)
  HIGHEST GUST SPEED    15   HIGHEST GUST DIRECTION     S (170)
  AVERAGE WIND SPEED     1.6


SKY COVER
  AVERAGE SKY COVER 0.1



RELATIVE HUMIDITY (PERCENT)
 HIGHEST    92           200 AM
 LOWEST     38           300 PM
 AVERAGE    65

..........................................................


THE BENNINGTON VT CLIMATE NORMALS FOR TODAY
                         NORMAL
 MAXIMUM TEMPERATURE (F)   49
 MINIMUM TEMPERATURE (F)   31


SUNRISE AND SUNSET
NOVEMBER 11 2014......SUNRISE   640 AM EST   SUNSET   434 PM EST
NOVEMBER 12 2014......SUNRISE   641 AM EST   SUNSET   433 PM EST


-  INDICATES NEGATIVE NUMBERS.
R  INDICATES RECORD WAS SET OR TIED.
MM INDICATES DATA IS MISSING.
T  INDICATES TRACE AMOUNT.




$$
