000
CDUS41 KALY 092159
CLIDDH


CLIMATE REPORT
NATIONAL WEATHER SERVICE ALBANY NY
458 PM EST THU MAR 9 2017


...................................

...THE BENNINGTON VT CLIMATE SUMMARY FOR MARCH 9 2017...
VALID TODAY AS OF 0400 PM LOCAL TIME.

CLIMATE NORMAL PERIOD 1981 TO 2010
CLIMATE RECORD PERIOD 9999 TO 9999


WEATHER ITEM   OBSERVED TIME   NORMAL DEPARTURE LAST
                VALUE   (LST)  VALUE  FROM      YEAR
                                      NORMAL
......................................................
TEMPERATURE (F)
 TODAY
  MAXIMUM         45   1248 AM  41      4       77
  MINIMUM         34   1140 AM  20     14       39
  AVERAGE         40            31      9       58

PRECIPITATION (IN)
  TODAY            0.00          0.09  -0.09     0.00
  MONTH TO DATE    0.47          0.82  -0.35     0.26
  SINCE MAR 1      0.47          0.82  -0.35     0.26
  SINCE JAN 1      4.10          5.81  -1.71     5.30

DEGREE DAYS
 HEATING
  TODAY           25            34     -9        7
  MONTH TO DATE  283           320    -37      281
  SINCE MAR 1    283           320    -37      281
  SINCE JUL 1   4818          5571   -753     4614

 COOLING
  TODAY            0             0      0        0
  MONTH TO DATE    0             0      0        0
  SINCE MAR 1      0             0      0        0
  SINCE JAN 1      0             0      0        0
......................................................


WIND (MPH)
  HIGHEST WIND SPEED    28   HIGHEST WIND DIRECTION     W (280)
  HIGHEST GUST SPEED    42   HIGHEST GUST DIRECTION     W (270)
  AVERAGE WIND SPEED    14.2


SKY COVER
  AVERAGE SKY COVER 0.6



RELATIVE HUMIDITY (PERCENT)
 HIGHEST    52
 LOWEST     33
 AVERAGE    43

..........................................................


THE BENNINGTON VT CLIMATE NORMALS FOR TOMORROW
                         NORMAL
 MAXIMUM TEMPERATURE (F)   41
 MINIMUM TEMPERATURE (F)   21


SUNRISE AND SUNSET
MARCH  9 2017.........SUNRISE   615 AM EST   SUNSET   552 PM EST
MARCH 10 2017.........SUNRISE   613 AM EST   SUNSET   554 PM EST


-  INDICATES NEGATIVE NUMBERS.
R  INDICATES RECORD WAS SET OR TIED.
MM INDICATES DATA IS MISSING.
T  INDICATES TRACE AMOUNT.




$$
