000
CDUS41 KALY 302104
CLIDDH


CLIMATE REPORT
NATIONAL WEATHER SERVICE ALBANY NY
502 PM EDT SUN JUL 30 2017


...................................

...THE BENNINGTON VT CLIMATE SUMMARY FOR JULY 30 2017...
VALID TODAY AS OF 0400 PM LOCAL TIME.

CLIMATE NORMAL PERIOD 1981 TO 2010
CLIMATE RECORD PERIOD 9999 TO 9999


WEATHER ITEM   OBSERVED TIME   NORMAL DEPARTURE LAST
                VALUE   (LST)  VALUE  FROM      YEAR
                                      NORMAL
......................................................
TEMPERATURE (F)
 TODAY
  MAXIMUM         78    354 PM  79     -1       81
  MINIMUM         45    414 AM  57    -12       54
  AVERAGE         62            68     -6       68

PRECIPITATION (IN)
  TODAY            0.00          0.14  -0.14     0.12
  MONTH TO DATE    6.20          4.20   2.00     1.72
  SINCE JUN 1     13.28          8.33   4.95     3.46
  SINCE JAN 1     29.52         23.40   6.12    16.51

DEGREE DAYS
 HEATING
  TODAY            3             1      2        0
  MONTH TO DATE   13            30    -17       10
  SINCE JUN 1    108           127    -19       79
  SINCE JUL 1     13            30    -17       10

 COOLING
  TODAY            0             4     -4        3
  MONTH TO DATE  117           119     -2      162
  SINCE JUN 1    204           177     27      220
  SINCE JAN 1    219           191     28      262
......................................................


WIND (MPH)
  HIGHEST WIND SPEED    13   HIGHEST WIND DIRECTION    NW (330)
  HIGHEST GUST SPEED    18   HIGHEST GUST DIRECTION    NW (330)
  AVERAGE WIND SPEED     3.2


SKY COVER
  AVERAGE SKY COVER 0.0



RELATIVE HUMIDITY (PERCENT)
 HIGHEST    93
 LOWEST     40
 AVERAGE    67

..........................................................


THE BENNINGTON VT CLIMATE NORMALS FOR TOMORROW
                         NORMAL
 MAXIMUM TEMPERATURE (F)   79
 MINIMUM TEMPERATURE (F)   57


SUNRISE AND SUNSET
JULY 30 2017..........SUNRISE   542 AM EDT   SUNSET   816 PM EDT
JULY 31 2017..........SUNRISE   543 AM EDT   SUNSET   815 PM EDT


-  INDICATES NEGATIVE NUMBERS.
R  INDICATES RECORD WAS SET OR TIED.
MM INDICATES DATA IS MISSING.
T  INDICATES TRACE AMOUNT.




$$
