000
CDUS41 KALY 260622
CLIDDH


CLIMATE REPORT
NATIONAL WEATHER SERVICE ALBANY NY
221 AM EDT FRI JUN 26 2015


...................................

...THE BENNINGTON VT CLIMATE SUMMARY FOR JUNE 25 2015...

CLIMATE NORMAL PERIOD 1981 TO 2010
CLIMATE RECORD PERIOD 9999 TO 9999


WEATHER ITEM   OBSERVED TIME   NORMAL DEPARTURE LAST
                VALUE   (LST)  VALUE  FROM      YEAR
                                      NORMAL
......................................................
TEMPERATURE (F)
 YESTERDAY
  MAXIMUM         75    147 PM  77     -2       82
  MINIMUM         51    302 AM  55     -4       67
  AVERAGE         63            66     -3       75

PRECIPITATION (IN)
  YESTERDAY        0.01          0.13  -0.12     1.69
  MONTH TO DATE    2.45          3.51  -1.06     3.27
  SINCE JUN 1      2.45          3.51  -1.06     3.27
  SINCE JAN 1     10.01         18.58  -8.57    16.10

DEGREE DAYS
 HEATING
  YESTERDAY        2             1      1        0
  MONTH TO DATE   78            91    -13       47
  SINCE JUN 1     78            91    -13       47
  SINCE JUL 1   7520          7230    290     7298

 COOLING
  YESTERDAY        0             3     -3       10
  MONTH TO DATE   47            43      4       42
  SINCE JUN 1     47            43      4       42
  SINCE JAN 1    111            57     54       58
......................................................


WIND (MPH)
  HIGHEST WIND SPEED     9   HIGHEST WIND DIRECTION    SW (210)
  HIGHEST GUST SPEED    14   HIGHEST GUST DIRECTION    NW (310)
  AVERAGE WIND SPEED     2.3


SKY COVER
  AVERAGE SKY COVER 0.4



RELATIVE HUMIDITY (PERCENT)
 HIGHEST    97          1100 PM
 LOWEST     53          1000 AM
 AVERAGE    75

..........................................................


THE BENNINGTON VT CLIMATE NORMALS FOR TODAY
                         NORMAL
 MAXIMUM TEMPERATURE (F)   78
 MINIMUM TEMPERATURE (F)   55


SUNRISE AND SUNSET
JUNE 26 2015..........SUNRISE   516 AM EDT   SUNSET   836 PM EDT
JUNE 27 2015..........SUNRISE   516 AM EDT   SUNSET   836 PM EDT


-  INDICATES NEGATIVE NUMBERS.
R  INDICATES RECORD WAS SET OR TIED.
MM INDICATES DATA IS MISSING.
T  INDICATES TRACE AMOUNT.




$$
