000
CDUS41 KALY 010631
CLIDDH


CLIMATE REPORT
NATIONAL WEATHER SERVICE ALBANY NY
230 AM EDT TUE APR 1 2014


...................................

...THE BENNINGTON VT CLIMATE SUMMARY FOR MARCH 31 2014...

CLIMATE NORMAL PERIOD 1981 TO 2010
CLIMATE RECORD PERIOD 9999 TO 9999


WEATHER ITEM   OBSERVED TIME   NORMAL DEPARTURE LAST
                VALUE   (LST)  VALUE  FROM      YEAR
                                      NORMAL
......................................................
TEMPERATURE (F)
 YESTERDAY
  MAXIMUM         MM        MM  50     MM       56
  MINIMUM         MM        MM  28     MM       22
  AVERAGE         MM            39     MM       39

PRECIPITATION (IN)
  YESTERDAY        0.00          0.10  -0.10     0.22
  MONTH TO DATE    2.15          3.15  -1.00     1.28
  SINCE MAR 1      2.15          3.15  -1.00     1.28
  SINCE JAN 1      8.01          8.14  -0.13     3.94

DEGREE DAYS
 HEATING
  YESTERDAY       MM            26     MM       26
  MONTH TO DATE 1158           984    174     1017
  SINCE MAR 1   1158           984    174     1017
  SINCE JUL 1   6406          6235    171     5801

 COOLING
  YESTERDAY       MM             0     MM        0
  MONTH TO DATE    0             0      0        0
  SINCE MAR 1      0             0      0        0
  SINCE JAN 1      0             0      0        0
......................................................


WIND (MPH)
  HIGHEST WIND SPEED    20   HIGHEST WIND DIRECTION     N (340)
  HIGHEST GUST SPEED    33   HIGHEST GUST DIRECTION     N (340)
  AVERAGE WIND SPEED    14.6


SKY COVER
  AVERAGE SKY COVER 0.5



RELATIVE HUMIDITY (PERCENT)
 HIGHEST    99
 LOWEST     99
 AVERAGE    99

..........................................................


THE BENNINGTON VT CLIMATE NORMALS FOR TODAY
                         NORMAL
 MAXIMUM TEMPERATURE (F)   50
 MINIMUM TEMPERATURE (F)   29


SUNRISE AND SUNSET
APRIL  1 2014.........SUNRISE   635 AM EDT   SUNSET   719 PM EDT
APRIL  2 2014.........SUNRISE   634 AM EDT   SUNSET   720 PM EDT


-  INDICATES NEGATIVE NUMBERS.
R  INDICATES RECORD WAS SET OR TIED.
MM INDICATES DATA IS MISSING.
T  INDICATES TRACE AMOUNT.




$$
