000
CDUS41 KALY 080624
CLIDDH


CLIMATE REPORT
NATIONAL WEATHER SERVICE ALBANY NY
223 AM EDT MON MAY 8 2017


...................................

...THE BENNINGTON VT CLIMATE SUMMARY FOR MAY 7 2017...

CLIMATE NORMAL PERIOD 1981 TO 2010
CLIMATE RECORD PERIOD 9999 TO 9999


WEATHER ITEM   OBSERVED TIME   NORMAL DEPARTURE LAST
                VALUE   (LST)  VALUE  FROM      YEAR
                                      NORMAL
......................................................
TEMPERATURE (F)
 YESTERDAY
  MAXIMUM         54    118 AM  65    -11       62
  MINIMUM         39   1159 PM  41     -2       46
  AVERAGE         47            53     -6       54

PRECIPITATION (IN)
  YESTERDAY        0.58          0.10   0.48     0.02
  MONTH TO DATE    3.43          0.71   2.72     1.07
  SINCE MAR 1      8.91          7.13   1.78     6.16
  SINCE JAN 1     12.54         12.12   0.42    11.20

DEGREE DAYS
 HEATING
  YESTERDAY       18            13      5       11
  MONTH TO DATE   87            94     -7      103
  SINCE MAR 1   1631          1666    -35     1511
  SINCE JUL 1   6166          6917   -751     5844

 COOLING
  YESTERDAY        0             0      0        0
  MONTH TO DATE    0             0      0        0
  SINCE MAR 1      3             3      0        1
  SINCE JAN 1      3             3      0        1
......................................................


WIND (MPH)
  HIGHEST WIND SPEED    13   HIGHEST WIND DIRECTION     S (190)
  HIGHEST GUST SPEED    18   HIGHEST GUST DIRECTION    SW (210)
  AVERAGE WIND SPEED     5.8


SKY COVER
  AVERAGE SKY COVER 1.0



RELATIVE HUMIDITY (PERCENT)
 HIGHEST    92           500 AM
 LOWEST     70           800 PM
 AVERAGE    81

..........................................................


THE BENNINGTON VT CLIMATE NORMALS FOR TODAY
                         NORMAL
 MAXIMUM TEMPERATURE (F)   65
 MINIMUM TEMPERATURE (F)   41


SUNRISE AND SUNSET
MAY  8 2017...........SUNRISE   538 AM EDT   SUNSET   802 PM EDT
MAY  9 2017...........SUNRISE   537 AM EDT   SUNSET   803 PM EDT


-  INDICATES NEGATIVE NUMBERS.
R  INDICATES RECORD WAS SET OR TIED.
MM INDICATES DATA IS MISSING.
T  INDICATES TRACE AMOUNT.




$$
