000
CDUS41 KALY 140626
CLIDDH


CLIMATE REPORT
NATIONAL WEATHER SERVICE ALBANY NY
225 AM EDT TUE OCT 14 2014


...................................

...THE BENNINGTON VT CLIMATE SUMMARY FOR OCTOBER 13 2014...

CLIMATE NORMAL PERIOD 1981 TO 2010
CLIMATE RECORD PERIOD 9999 TO 9999


WEATHER ITEM   OBSERVED TIME   NORMAL DEPARTURE LAST
                VALUE   (LST)  VALUE  FROM      YEAR
                                      NORMAL
......................................................
TEMPERATURE (F)
 YESTERDAY
  MAXIMUM         62    150 PM  60      2       68
  MINIMUM         30    350 AM  37     -7       47
  AVERAGE         46            48     -2       58

PRECIPITATION (IN)
  YESTERDAY        0.00          0.13  -0.13     0.00
  MONTH TO DATE    0.78          1.61  -0.83     2.41
  SINCE SEP 1      1.80          5.18  -3.38     6.44
  SINCE JAN 1     27.76         32.72  -4.96    38.16

DEGREE DAYS
 HEATING
  YESTERDAY       19            17      2        7
  MONTH TO DATE  158           189    -31      118
  SINCE SEP 1    352           395    -43      377
  SINCE JUL 1    405           467    -62      440

 COOLING
  YESTERDAY        0             0      0        0
  MONTH TO DATE    0             0      0        0
  SINCE SEP 1     44            23     21       44
  SINCE JAN 1    297           311    -14      503
......................................................


WIND (MPH)
  HIGHEST WIND SPEED    14   HIGHEST WIND DIRECTION     S (190)
  HIGHEST GUST SPEED    17   HIGHEST GUST DIRECTION     S (200)
  AVERAGE WIND SPEED     2.7


SKY COVER
  AVERAGE SKY COVER 0.8



RELATIVE HUMIDITY (PERCENT)
 HIGHEST    96           600 AM
 LOWEST     60           100 PM
 AVERAGE    78

..........................................................


THE BENNINGTON VT CLIMATE NORMALS FOR TODAY
                         NORMAL
 MAXIMUM TEMPERATURE (F)   59
 MINIMUM TEMPERATURE (F)   37


SUNRISE AND SUNSET
OCTOBER 14 2014.......SUNRISE   705 AM EDT   SUNSET   612 PM EDT
OCTOBER 15 2014.......SUNRISE   706 AM EDT   SUNSET   611 PM EDT


-  INDICATES NEGATIVE NUMBERS.
R  INDICATES RECORD WAS SET OR TIED.
MM INDICATES DATA IS MISSING.
T  INDICATES TRACE AMOUNT.




$$
