000
CDUS41 KALY 042144
CLIDDH


CLIMATE REPORT
NATIONAL WEATHER SERVICE ALBANY NY
443 PM EST TUE NOV 4 2014


...................................

...THE BENNINGTON VT CLIMATE SUMMARY FOR NOVEMBER 4 2014...
VALID TODAY AS OF 0400 PM LOCAL TIME.

CLIMATE NORMAL PERIOD 1981 TO 2010
CLIMATE RECORD PERIOD 9999 TO 9999


WEATHER ITEM   OBSERVED TIME   NORMAL DEPARTURE LAST
                VALUE   (LST)  VALUE  FROM      YEAR
                                      NORMAL
......................................................
TEMPERATURE (F)
 TODAY
  MAXIMUM         64    233 PM  52     12       40
  MINIMUM         33   1216 AM  32      1       17
  AVERAGE         49            42      7       29

PRECIPITATION (IN)
  TODAY            0.00          0.11  -0.11     0.00
  MONTH TO DATE    0.00          0.45  -0.45     0.51
  SINCE SEP 1      4.85          7.71  -2.86     8.08
  SINCE JAN 1     30.81         35.25  -4.44    39.80

DEGREE DAYS
 HEATING
  TODAY           16            23     -7       36
  MONTH TO DATE   93            91      2       92
  SINCE SEP 1    690           840   -150      783
  SINCE JUL 1    743           912   -169      846

 COOLING
  TODAY            0             0      0        0
  MONTH TO DATE    0             0      0        0
  SINCE SEP 1     55            25     30       44
  SINCE JAN 1    308           313     -5      503
......................................................


WIND (MPH)
  HIGHEST WIND SPEED    13   HIGHEST WIND DIRECTION     S (170)
  HIGHEST GUST SPEED    MM   HIGHEST GUST DIRECTION    MM
  AVERAGE WIND SPEED     2.5


SKY COVER
  AVERAGE SKY COVER 0.7



RELATIVE HUMIDITY (PERCENT)
 HIGHEST    79
 LOWEST     27
 AVERAGE    53

..........................................................


THE BENNINGTON VT CLIMATE NORMALS FOR TOMORROW
                         NORMAL
 MAXIMUM TEMPERATURE (F)   52
 MINIMUM TEMPERATURE (F)   32


SUNRISE AND SUNSET
NOVEMBER  4 2014......SUNRISE   631 AM EST   SUNSET   442 PM EST
NOVEMBER  5 2014......SUNRISE   632 AM EST   SUNSET   440 PM EST


-  INDICATES NEGATIVE NUMBERS.
R  INDICATES RECORD WAS SET OR TIED.
MM INDICATES DATA IS MISSING.
T  INDICATES TRACE AMOUNT.




$$
