000
CDUS41 KALY 140630
CLIDDH


CLIMATE REPORT
NATIONAL WEATHER SERVICE ALBANY NY
129 AM EST MON NOV 14 2016


...................................

...THE BENNINGTON VT CLIMATE SUMMARY FOR NOVEMBER 13 2016...

CLIMATE NORMAL PERIOD 1981 TO 2010
CLIMATE RECORD PERIOD 9999 TO 9999


WEATHER ITEM   OBSERVED TIME   NORMAL DEPARTURE LAST
                VALUE   (LST)  VALUE  FROM      YEAR
                                      NORMAL
......................................................
TEMPERATURE (F)
 YESTERDAY
  MAXIMUM         54    231 PM  49      5       51
  MINIMUM         27   1159 PM  30     -3       39
  AVERAGE         41            40      1       45

PRECIPITATION (IN)
  YESTERDAY        0.00          0.08  -0.08     0.01
  MONTH TO DATE    0.58          1.37  -0.79     0.72
  SINCE SEP 1      7.18          8.63  -1.45    10.44
  SINCE JAN 1     28.49         36.17  -7.68    24.67

DEGREE DAYS
 HEATING
  YESTERDAY       24            25     -1       20
  MONTH TO DATE  300           310    -10      200
  SINCE SEP 1    877          1059   -182      851
  SINCE JUL 1    899          1131   -232      890

 COOLING
  YESTERDAY        0             0      0        0
  MONTH TO DATE    0             0      0        0
  SINCE SEP 1     49            25     24       76
  SINCE JAN 1    488           313    175      444
......................................................


WIND (MPH)
  HIGHEST WIND SPEED    14   HIGHEST WIND DIRECTION    SW (240)
  HIGHEST GUST SPEED    21   HIGHEST GUST DIRECTION     W (250)
  AVERAGE WIND SPEED     4.8


SKY COVER
  AVERAGE SKY COVER 0.1



RELATIVE HUMIDITY (PERCENT)
 HIGHEST    89           900 PM
 LOWEST     45           300 PM
 AVERAGE    67

..........................................................


THE BENNINGTON VT CLIMATE NORMALS FOR TODAY
                         NORMAL
 MAXIMUM TEMPERATURE (F)   48
 MINIMUM TEMPERATURE (F)   30


SUNRISE AND SUNSET
NOVEMBER 14 2016......SUNRISE   644 AM EST   SUNSET   430 PM EST
NOVEMBER 15 2016......SUNRISE   646 AM EST   SUNSET   429 PM EST


-  INDICATES NEGATIVE NUMBERS.
R  INDICATES RECORD WAS SET OR TIED.
MM INDICATES DATA IS MISSING.
T  INDICATES TRACE AMOUNT.




$$
