267
CDUS41 KALY 102147
CLIDDH


CLIMATE REPORT
NATIONAL WEATHER SERVICE ALBANY NY
447 PM EST FRI NOV 10 2017


...................................

...THE BENNINGTON VT CLIMATE SUMMARY FOR NOVEMBER 10 2017...
VALID TODAY AS OF 0400 PM LOCAL TIME.

CLIMATE NORMAL PERIOD 1981 TO 2010
CLIMATE RECORD PERIOD 9999 TO 9999


WEATHER ITEM   OBSERVED TIME   NORMAL DEPARTURE LAST
                VALUE   (LST)  VALUE  FROM      YEAR
                                      NORMAL
......................................................
TEMPERATURE (F)
 TODAY
  MAXIMUM         48    114 AM  50     -2       48
  MINIMUM         23    445 PM  31     -8       31
  AVERAGE         36            40     -4       40

PRECIPITATION (IN)
  TODAY            0.02          0.10  -0.08     0.00
  MONTH TO DATE    0.59          1.11  -0.52     0.58
  SINCE SEP 1      6.35          8.37  -2.02     7.18
  SINCE JAN 1     38.70         35.91   2.79    28.49

DEGREE DAYS
 HEATING
  TODAY           29            25      4       25
  MONTH TO DATE  206           235    -29      221
  SINCE SEP 1    640           984   -344      798
  SINCE JUL 1    707          1056   -349      820

 COOLING
  TODAY            0             0      0        0
  MONTH TO DATE    0             0      0        0
  SINCE SEP 1     88            25     63       49
  SINCE JAN 1    395           313     82      488
......................................................


WIND (MPH)
  HIGHEST WIND SPEED    21   HIGHEST WIND DIRECTION     W (290)
  HIGHEST GUST SPEED    36   HIGHEST GUST DIRECTION     W (290)
  AVERAGE WIND SPEED    13.7


SKY COVER
  AVERAGE SKY COVER 0.5



RELATIVE HUMIDITY (PERCENT)
 HIGHEST    71
 LOWEST     32
 AVERAGE    52

..........................................................


THE BENNINGTON VT CLIMATE NORMALS FOR TOMORROW
                         NORMAL
 MAXIMUM TEMPERATURE (F)   49
 MINIMUM TEMPERATURE (F)   31


SUNRISE AND SUNSET
NOVEMBER 10 2017......SUNRISE   639 AM EST   SUNSET   434 PM EST
NOVEMBER 11 2017......SUNRISE   640 AM EST   SUNSET   433 PM EST


-  INDICATES NEGATIVE NUMBERS.
R  INDICATES RECORD WAS SET OR TIED.
MM INDICATES DATA IS MISSING.
T  INDICATES TRACE AMOUNT.




$$
