410
CDUS41 KALY 120623
CLIDDH


CLIMATE REPORT
NATIONAL WEATHER SERVICE ALBANY NY
222 AM EDT WED JUL 12 2017


...................................

...THE BENNINGTON VT CLIMATE SUMMARY FOR JULY 11 2017...

CLIMATE NORMAL PERIOD 1981 TO 2010
CLIMATE RECORD PERIOD 9999 TO 9999


WEATHER ITEM   OBSERVED TIME   NORMAL DEPARTURE LAST
                VALUE   (LST)  VALUE  FROM      YEAR
                                      NORMAL
......................................................
TEMPERATURE (F)
 YESTERDAY
  MAXIMUM         80    532 PM  80      0       76
  MINIMUM         64   1159 PM  57      7       54
  AVERAGE         72            68      4       65

PRECIPITATION (IN)
  YESTERDAY        0.05          0.15  -0.10     0.00
  MONTH TO DATE    3.81          1.49   2.32     0.68
  SINCE JUN 1     10.89          5.62   5.27     2.42
  SINCE JAN 1     27.13         20.69   6.44    15.47

DEGREE DAYS
 HEATING
  YESTERDAY        0             1     -1        0
  MONTH TO DATE    0            11    -11        2
  SINCE JUN 1     95           108    -13       71
  SINCE JUL 1      0            11    -11        2

 COOLING
  YESTERDAY        7             4      3        0
  MONTH TO DATE   47            43      4       43
  SINCE JUN 1    134           101     33      101
  SINCE JAN 1    149           115     34      143
......................................................


WIND (MPH)
  HIGHEST WIND SPEED     9   HIGHEST WIND DIRECTION     W (250)
  HIGHEST GUST SPEED    14   HIGHEST GUST DIRECTION    NW (300)
  AVERAGE WIND SPEED     2.5


SKY COVER
  AVERAGE SKY COVER 0.5



RELATIVE HUMIDITY (PERCENT)
 HIGHEST    93           200 AM
 LOWEST     58           500 PM
 AVERAGE    76

..........................................................


THE BENNINGTON VT CLIMATE NORMALS FOR TODAY
                         NORMAL
 MAXIMUM TEMPERATURE (F)   80
 MINIMUM TEMPERATURE (F)   57


SUNRISE AND SUNSET
JULY 12 2017..........SUNRISE   526 AM EDT   SUNSET   831 PM EDT
JULY 13 2017..........SUNRISE   526 AM EDT   SUNSET   831 PM EDT


-  INDICATES NEGATIVE NUMBERS.
R  INDICATES RECORD WAS SET OR TIED.
MM INDICATES DATA IS MISSING.
T  INDICATES TRACE AMOUNT.




$$
