000
CDUS41 KALY 110626
CLIDDH


CLIMATE REPORT
NATIONAL WEATHER SERVICE ALBANY NY
225 AM EDT MON JUL 11 2016


...................................

...THE BENNINGTON VT CLIMATE SUMMARY FOR JULY 10 2016...

CLIMATE NORMAL PERIOD 1981 TO 2010
CLIMATE RECORD PERIOD 9999 TO 9999


WEATHER ITEM   OBSERVED TIME   NORMAL DEPARTURE LAST
                VALUE   (LST)  VALUE  FROM      YEAR
                                      NORMAL
......................................................
TEMPERATURE (F)
 YESTERDAY
  MAXIMUM         74    222 PM  80     -6       81
  MINIMUM         60   1159 PM  57      3       58
  AVERAGE         67            68     -1       70

PRECIPITATION (IN)
  YESTERDAY        0.23          0.14   0.09     0.00
  MONTH TO DATE    0.68          1.34  -0.66     0.90
  SINCE JUN 1      2.42          5.47  -3.05     3.85
  SINCE JAN 1     15.47         20.54  -5.07    11.41

DEGREE DAYS
 HEATING
  YESTERDAY        0             1     -1        0
  MONTH TO DATE    2            10     -8       14
  SINCE JUN 1     71           107    -36      109
  SINCE JUL 1      2            10     -8       14

 COOLING
  YESTERDAY        2             4     -2        5
  MONTH TO DATE   43            39      4       24
  SINCE JUN 1    101            97      4       71
  SINCE JAN 1    143           111     32      135
......................................................


WIND (MPH)
  HIGHEST WIND SPEED    13   HIGHEST WIND DIRECTION    NW (330)
  HIGHEST GUST SPEED    19   HIGHEST GUST DIRECTION     N (20)
  AVERAGE WIND SPEED     4.2


SKY COVER
  AVERAGE SKY COVER 0.9



RELATIVE HUMIDITY (PERCENT)
 HIGHEST    93           100 AM
 LOWEST     73          1200 PM
 AVERAGE    83

..........................................................


THE BENNINGTON VT CLIMATE NORMALS FOR TODAY
                         NORMAL
 MAXIMUM TEMPERATURE (F)   80
 MINIMUM TEMPERATURE (F)   57


SUNRISE AND SUNSET
JULY 11 2016..........SUNRISE   525 AM EDT   SUNSET   832 PM EDT
JULY 12 2016..........SUNRISE   526 AM EDT   SUNSET   831 PM EDT


-  INDICATES NEGATIVE NUMBERS.
R  INDICATES RECORD WAS SET OR TIED.
MM INDICATES DATA IS MISSING.
T  INDICATES TRACE AMOUNT.




$$
