000
CDUS41 KALY 260625
CLIDDH


CLIMATE REPORT
NATIONAL WEATHER SERVICE ALBANY NY
224 AM EDT THU MAR 26 2015


...................................

...THE BENNINGTON VT CLIMATE SUMMARY FOR MARCH 25 2015...

CLIMATE NORMAL PERIOD 1981 TO 2010
CLIMATE RECORD PERIOD 9999 TO 9999


WEATHER ITEM   OBSERVED TIME   NORMAL DEPARTURE LAST
                VALUE   (LST)  VALUE  FROM      YEAR
                                      NORMAL
......................................................
TEMPERATURE (F)
 YESTERDAY
  MAXIMUM         50    238 PM  47      3       35
  MINIMUM         14    600 AM  26    -12        9
  AVERAGE         32            36     -4       22

PRECIPITATION (IN)
  YESTERDAY        0.10          0.11  -0.01     0.00
  MONTH TO DATE    0.59          2.52  -1.93     1.27
  SINCE MAR 1      0.59          2.52  -1.93     1.27
  SINCE JAN 1      4.00          7.51  -3.51     7.13

DEGREE DAYS
 HEATING
  YESTERDAY       33            28      5       43
  MONTH TO DATE  976           822    154     1035
  SINCE MAR 1    976           822    154     1035
  SINCE JUL 1   6478          6073    405     6283

 COOLING
  YESTERDAY        0             0      0        0
  MONTH TO DATE    0             0      0        0
  SINCE MAR 1      0             0      0        0
  SINCE JAN 1      0             0      0        0
......................................................


WIND (MPH)
  HIGHEST WIND SPEED    20   HIGHEST WIND DIRECTION     S (180)
  HIGHEST GUST SPEED    26   HIGHEST GUST DIRECTION     S (170)
  AVERAGE WIND SPEED     5.7


SKY COVER
  AVERAGE SKY COVER 0.4



RELATIVE HUMIDITY (PERCENT)
 HIGHEST    88           600 AM
 LOWEST     24           200 PM
 AVERAGE    56

..........................................................


THE BENNINGTON VT CLIMATE NORMALS FOR TODAY
                         NORMAL
 MAXIMUM TEMPERATURE (F)   48
 MINIMUM TEMPERATURE (F)   26


SUNRISE AND SUNSET
MARCH 26 2015.........SUNRISE   646 AM EDT   SUNSET   712 PM EDT
MARCH 27 2015.........SUNRISE   644 AM EDT   SUNSET   713 PM EDT


-  INDICATES NEGATIVE NUMBERS.
R  INDICATES RECORD WAS SET OR TIED.
MM INDICATES DATA IS MISSING.
T  INDICATES TRACE AMOUNT.




$$
