000
CDUS41 KALY 090623
CLIDDH


CLIMATE REPORT
NATIONAL WEATHER SERVICE ALBANY NY
222 AM EDT SUN APR 9 2017


...................................

...THE BENNINGTON VT CLIMATE SUMMARY FOR APRIL 8 2017...

CLIMATE NORMAL PERIOD 1981 TO 2010
CLIMATE RECORD PERIOD 9999 TO 9999


WEATHER ITEM   OBSERVED TIME   NORMAL DEPARTURE LAST
                VALUE   (LST)  VALUE  FROM      YEAR
                                      NORMAL
......................................................
TEMPERATURE (F)
 YESTERDAY
  MAXIMUM         48    250 PM  54     -6       43
  MINIMUM         31   1137 PM  32     -1       30
  AVERAGE         40            43     -3       37

PRECIPITATION (IN)
  YESTERDAY        0.00          0.13  -0.13     0.20
  MONTH TO DATE    1.41          1.00   0.41     1.48
  SINCE MAR 1      4.52          4.15   0.37     3.94
  SINCE JAN 1      8.15          9.14  -0.99     8.98

DEGREE DAYS
 HEATING
  YESTERDAY       25            22      3       28
  MONTH TO DATE  183           191     -8      241
  SINCE MAR 1   1289          1175    114     1005
  SINCE JUL 1   5824          6426   -602     5338

 COOLING
  YESTERDAY        0             0      0        0
  MONTH TO DATE    0             0      0        0
  SINCE MAR 1      0             0      0        0
  SINCE JAN 1      0             0      0        0
......................................................


WIND (MPH)
  HIGHEST WIND SPEED    21   HIGHEST WIND DIRECTION     W (280)
  HIGHEST GUST SPEED    30   HIGHEST GUST DIRECTION     W (280)
  AVERAGE WIND SPEED    10.6


SKY COVER
  AVERAGE SKY COVER 0.7



RELATIVE HUMIDITY (PERCENT)
 HIGHEST    70           100 AM
 LOWEST     37           500 PM
 AVERAGE    54

..........................................................


THE BENNINGTON VT CLIMATE NORMALS FOR TODAY
                         NORMAL
 MAXIMUM TEMPERATURE (F)   54
 MINIMUM TEMPERATURE (F)   32


SUNRISE AND SUNSET
APRIL  9 2017.........SUNRISE   621 AM EDT   SUNSET   729 PM EDT
APRIL 10 2017.........SUNRISE   619 AM EDT   SUNSET   730 PM EDT


-  INDICATES NEGATIVE NUMBERS.
R  INDICATES RECORD WAS SET OR TIED.
MM INDICATES DATA IS MISSING.
T  INDICATES TRACE AMOUNT.




$$
