000
CDUS41 KALY 170622
CLIDDH


CLIMATE REPORT
NATIONAL WEATHER SERVICE ALBANY NY
222 AM EDT SUN APR 17 2016


...................................

...THE BENNINGTON VT CLIMATE SUMMARY FOR APRIL 16 2016...

CLIMATE NORMAL PERIOD 1981 TO 2010
CLIMATE RECORD PERIOD 9999 TO 9999


WEATHER ITEM   OBSERVED TIME   NORMAL DEPARTURE LAST
                VALUE   (LST)  VALUE  FROM      YEAR
                                      NORMAL
......................................................
TEMPERATURE (F)
 YESTERDAY
  MAXIMUM         67    202 PM  57     10       70
  MINIMUM         31    545 AM  35     -4       25
  AVERAGE         49            46      3       48

PRECIPITATION (IN)
  YESTERDAY        0.00          0.10  -0.10     0.00
  MONTH TO DATE    2.17          1.88   0.29     0.76
  SINCE MAR 1      4.63          5.03  -0.40     1.90
  SINCE JAN 1      9.67         10.02  -0.35     5.31

DEGREE DAYS
 HEATING
  YESTERDAY       16            19     -3       17
  MONTH TO DATE  431           356     75      354
  SINCE MAR 1   1195          1340   -145     1525
  SINCE JUL 1   5528          6591  -1063     7027

 COOLING
  YESTERDAY        0             0      0        0
  MONTH TO DATE    0             0      0        0
  SINCE MAR 1      0             0      0        0
  SINCE JAN 1      0             0      0        0
......................................................


WIND (MPH)
  HIGHEST WIND SPEED    13   HIGHEST WIND DIRECTION     W (270)
  HIGHEST GUST SPEED    16   HIGHEST GUST DIRECTION     N (360)
  AVERAGE WIND SPEED     3.5


SKY COVER
  AVERAGE SKY COVER 0.0



RELATIVE HUMIDITY (PERCENT)
 HIGHEST    66           300 AM
 LOWEST     11           300 PM
 AVERAGE    39

..........................................................


THE BENNINGTON VT CLIMATE NORMALS FOR TODAY
                         NORMAL
 MAXIMUM TEMPERATURE (F)   58
 MINIMUM TEMPERATURE (F)   35


SUNRISE AND SUNSET
APRIL 17 2016.........SUNRISE   607 AM EDT   SUNSET   738 PM EDT
APRIL 18 2016.........SUNRISE   606 AM EDT   SUNSET   739 PM EDT


-  INDICATES NEGATIVE NUMBERS.
R  INDICATES RECORD WAS SET OR TIED.
MM INDICATES DATA IS MISSING.
T  INDICATES TRACE AMOUNT.




$$
