356
CDUS41 KALY 090624
CLIDDH


CLIMATE REPORT
NATIONAL WEATHER SERVICE ALBANY NY
223 AM EDT WED AUG 9 2017


...................................

...THE BENNINGTON VT CLIMATE SUMMARY FOR AUGUST 8 2017...

CLIMATE NORMAL PERIOD 1981 TO 2010
CLIMATE RECORD PERIOD 9999 TO 9999


WEATHER ITEM   OBSERVED TIME   NORMAL DEPARTURE LAST
                VALUE   (LST)  VALUE  FROM      YEAR
                                      NORMAL
......................................................
TEMPERATURE (F)
 YESTERDAY
  MAXIMUM         77    253 PM  79     -2       81
  MINIMUM         53   1159 PM  56     -3       54
  AVERAGE         65            68     -3       68

PRECIPITATION (IN)
  YESTERDAY        0.03          0.14  -0.11     0.00
  MONTH TO DATE    0.87          1.17  -0.30     1.48
  SINCE JUN 1     14.15          9.64   4.51     5.61
  SINCE JAN 1     30.39         24.71   5.68    18.66

DEGREE DAYS
 HEATING
  YESTERDAY        0             1     -1        0
  MONTH TO DATE    6             8     -2        0
  SINCE JUN 1    114           129    -15       79
  SINCE JUL 1     19            32    -13       10

 COOLING
  YESTERDAY        0             4     -4        3
  MONTH TO DATE   28            32     -4       39
  SINCE JUN 1    234           213     21      263
  SINCE JAN 1    249           227     22      305
......................................................


WIND (MPH)
  HIGHEST WIND SPEED    10   HIGHEST WIND DIRECTION     W (270)
  HIGHEST GUST SPEED    17   HIGHEST GUST DIRECTION    NW (330)
  AVERAGE WIND SPEED     3.6


SKY COVER
  AVERAGE SKY COVER 0.6



RELATIVE HUMIDITY (PERCENT)
 HIGHEST    97          1200 AM
 LOWEST     50           300 PM
 AVERAGE    74

..........................................................


THE BENNINGTON VT CLIMATE NORMALS FOR TODAY
                         NORMAL
 MAXIMUM TEMPERATURE (F)   79
 MINIMUM TEMPERATURE (F)   56


SUNRISE AND SUNSET
AUGUST  9 2017........SUNRISE   553 AM EDT   SUNSET   803 PM EDT
AUGUST 10 2017........SUNRISE   554 AM EDT   SUNSET   802 PM EDT


-  INDICATES NEGATIVE NUMBERS.
R  INDICATES RECORD WAS SET OR TIED.
MM INDICATES DATA IS MISSING.
T  INDICATES TRACE AMOUNT.




$$
