000
CDUS41 KALY 160624
CLIDDH


CLIMATE REPORT
NATIONAL WEATHER SERVICE ALBANY NY
222 AM EDT THU OCT 16 2014


...................................

...THE BENNINGTON VT CLIMATE SUMMARY FOR OCTOBER 15 2014...

CLIMATE NORMAL PERIOD 1981 TO 2010
CLIMATE RECORD PERIOD 9999 TO 9999


WEATHER ITEM   OBSERVED TIME   NORMAL DEPARTURE LAST
                VALUE   (LST)  VALUE  FROM      YEAR
                                      NORMAL
......................................................
TEMPERATURE (F)
 YESTERDAY
  MAXIMUM         78    120 PM  59     19       66
  MINIMUM         69   1159 PM  36     33       55
  AVERAGE         74            48     26       61

PRECIPITATION (IN)
  YESTERDAY        0.11          0.14  -0.03      T
  MONTH TO DATE    0.89          1.88  -0.99     2.41
  SINCE SEP 1      1.91          5.45  -3.54     6.44
  SINCE JAN 1     27.87         32.99  -5.12    38.16

DEGREE DAYS
 HEATING
  YESTERDAY        0            17    -17        4
  MONTH TO DATE  158           223    -65      133
  SINCE SEP 1    352           429    -77      392
  SINCE JUL 1    405           501    -96      455

 COOLING
  YESTERDAY        9             0      9        0
  MONTH TO DATE   10             0     10        0
  SINCE SEP 1     54            23     31       44
  SINCE JAN 1    307           311     -4      503
......................................................


WIND (MPH)
  HIGHEST WIND SPEED    21   HIGHEST WIND DIRECTION     S (180)
  HIGHEST GUST SPEED    32   HIGHEST GUST DIRECTION     S (180)
  AVERAGE WIND SPEED    11.2


SKY COVER
  AVERAGE SKY COVER 0.7



RELATIVE HUMIDITY (PERCENT)
 HIGHEST    79          1000 PM
 LOWEST     56           100 PM
 AVERAGE    68

..........................................................


THE BENNINGTON VT CLIMATE NORMALS FOR TODAY
                         NORMAL
 MAXIMUM TEMPERATURE (F)   59
 MINIMUM TEMPERATURE (F)   36


SUNRISE AND SUNSET
OCTOBER 16 2014.......SUNRISE   707 AM EDT   SUNSET   609 PM EDT
OCTOBER 17 2014.......SUNRISE   709 AM EDT   SUNSET   607 PM EDT


-  INDICATES NEGATIVE NUMBERS.
R  INDICATES RECORD WAS SET OR TIED.
MM INDICATES DATA IS MISSING.
T  INDICATES TRACE AMOUNT.




$$
