441
CDUS41 KALY 110624
CLIDDH


CLIMATE REPORT
NATIONAL WEATHER SERVICE ALBANY NY
223 AM EDT WED OCT 11 2017


...................................

...THE BENNINGTON VT CLIMATE SUMMARY FOR OCTOBER 10 2017...

CLIMATE NORMAL PERIOD 1981 TO 2010
CLIMATE RECORD PERIOD 9999 TO 9999


WEATHER ITEM   OBSERVED TIME   NORMAL DEPARTURE LAST
                VALUE   (LST)  VALUE  FROM      YEAR
                                      NORMAL
......................................................
TEMPERATURE (F)
 YESTERDAY
  MAXIMUM         74    320 PM  61     13       54
  MINIMUM         52   1134 PM  38     14       31
  AVERAGE         63            49     14       43

PRECIPITATION (IN)
  YESTERDAY        0.00          0.12  -0.12     0.00
  MONTH TO DATE    0.45          1.23  -0.78     0.42
  SINCE SEP 1      3.95          4.80  -0.85     3.45
  SINCE JAN 1     36.30         32.34   3.96    24.76

DEGREE DAYS
 HEATING
  YESTERDAY        2            16    -14       22
  MONTH TO DATE   64           140    -76      101
  SINCE SEP 1    200           346   -146      224
  SINCE JUL 1    267           418   -151      246

 COOLING
  YESTERDAY        0             0      0        0
  MONTH TO DATE    8             0      8        0
  SINCE SEP 1     84            23     61       45
  SINCE JAN 1    391           311     80      484
......................................................


WIND (MPH)
  HIGHEST WIND SPEED    13   HIGHEST WIND DIRECTION     W (270)
  HIGHEST GUST SPEED    17   HIGHEST GUST DIRECTION     W (260)
  AVERAGE WIND SPEED     4.1


SKY COVER
  AVERAGE SKY COVER 0.4



RELATIVE HUMIDITY (PERCENT)
 HIGHEST    93          1200 AM
 LOWEST     57           200 PM
 AVERAGE    75

..........................................................


THE BENNINGTON VT CLIMATE NORMALS FOR TODAY
                         NORMAL
 MAXIMUM TEMPERATURE (F)   60
 MINIMUM TEMPERATURE (F)   38


SUNRISE AND SUNSET
OCTOBER 11 2017.......SUNRISE   702 AM EDT   SUNSET   617 PM EDT
OCTOBER 12 2017.......SUNRISE   703 AM EDT   SUNSET   615 PM EDT


-  INDICATES NEGATIVE NUMBERS.
R  INDICATES RECORD WAS SET OR TIED.
MM INDICATES DATA IS MISSING.
T  INDICATES TRACE AMOUNT.




$$
