000
CDUS41 KALY 130623
CLIDDH


CLIMATE REPORT
NATIONAL WEATHER SERVICE ALBANY NY
221 AM EDT THU JUL 13 2017


...................................

...THE BENNINGTON VT CLIMATE SUMMARY FOR JULY 12 2017...

CLIMATE NORMAL PERIOD 1981 TO 2010
CLIMATE RECORD PERIOD 9999 TO 9999


WEATHER ITEM   OBSERVED TIME   NORMAL DEPARTURE LAST
                VALUE   (LST)  VALUE  FROM      YEAR
                                      NORMAL
......................................................
TEMPERATURE (F)
 YESTERDAY
  MAXIMUM         86    119 PM  80      6       76
  MINIMUM         62    421 AM  57      5       50
  AVERAGE         74            68      6       63

PRECIPITATION (IN)
  YESTERDAY        0.13          0.14  -0.01     0.00
  MONTH TO DATE    3.94          1.63   2.31     0.68
  SINCE JUN 1     11.02          5.76   5.26     2.42
  SINCE JAN 1     27.26         20.83   6.43    15.47

DEGREE DAYS
 HEATING
  YESTERDAY        0             1     -1        2
  MONTH TO DATE    0            12    -12        4
  SINCE JUN 1     95           109    -14       73
  SINCE JUL 1      0            12    -12        4

 COOLING
  YESTERDAY        9             4      5        0
  MONTH TO DATE   56            47      9       43
  SINCE JUN 1    143           105     38      101
  SINCE JAN 1    158           119     39      143
......................................................


WIND (MPH)
  HIGHEST WIND SPEED     9   HIGHEST WIND DIRECTION    NW (330)
  HIGHEST GUST SPEED    14   HIGHEST GUST DIRECTION     N (360)
  AVERAGE WIND SPEED     1.8


SKY COVER
  AVERAGE SKY COVER 0.6



RELATIVE HUMIDITY (PERCENT)
 HIGHEST    93          1200 AM
 LOWEST     61           100 PM
 AVERAGE    77

..........................................................


THE BENNINGTON VT CLIMATE NORMALS FOR TODAY
                         NORMAL
 MAXIMUM TEMPERATURE (F)   80
 MINIMUM TEMPERATURE (F)   57


SUNRISE AND SUNSET
JULY 13 2017..........SUNRISE   526 AM EDT   SUNSET   831 PM EDT
JULY 14 2017..........SUNRISE   527 AM EDT   SUNSET   830 PM EDT


-  INDICATES NEGATIVE NUMBERS.
R  INDICATES RECORD WAS SET OR TIED.
MM INDICATES DATA IS MISSING.
T  INDICATES TRACE AMOUNT.




$$
