243
CDUS41 KALY 010630
CLIDDH


CLIMATE REPORT
NATIONAL WEATHER SERVICE ALBANY NY
129 AM EST THU DEC 1 2016


...................................

...THE BENNINGTON VT CLIMATE SUMMARY FOR NOVEMBER 30 2016...

CLIMATE NORMAL PERIOD 1981 TO 2010
CLIMATE RECORD PERIOD 9999 TO 9999


WEATHER ITEM   OBSERVED TIME   NORMAL DEPARTURE LAST
                VALUE   (LST)  VALUE  FROM      YEAR
                                      NORMAL
......................................................
TEMPERATURE (F)
 YESTERDAY
  MAXIMUM         54   1203 AM  42     12       38
  MINIMUM         42    339 AM  26     16       17
  AVERAGE         48            34     14       28

PRECIPITATION (IN)
  YESTERDAY        0.20          0.11   0.09     0.00
  MONTH TO DATE    2.63          3.11  -0.48     1.26
  SINCE SEP 1      9.23         10.37  -1.14    10.98
  SINCE JAN 1     30.54         37.91  -7.37    25.21

DEGREE DAYS
 HEATING
  YESTERDAY       17            31    -14       37
  MONTH TO DATE  771           792    -21      653
  SINCE SEP 1   1348          1541   -193     1304
  SINCE JUL 1   1370          1613   -243     1343

 COOLING
  YESTERDAY        0             0      0        0
  MONTH TO DATE    0             0      0        0
  SINCE SEP 1     49            25     24       76
  SINCE JAN 1    488           313    175      444
......................................................


WIND (MPH)
  HIGHEST WIND SPEED    29   HIGHEST WIND DIRECTION    SE (130)
  HIGHEST GUST SPEED    41   HIGHEST GUST DIRECTION    SE (130)
  AVERAGE WIND SPEED     6.3


SKY COVER
  AVERAGE SKY COVER 0.9



RELATIVE HUMIDITY (PERCENT)
 HIGHEST   100           400 AM
 LOWEST     71           500 PM
 AVERAGE    86

..........................................................


THE BENNINGTON VT CLIMATE NORMALS FOR TODAY
                         NORMAL
 MAXIMUM TEMPERATURE (F)   41
 MINIMUM TEMPERATURE (F)   26


SUNRISE AND SUNSET
DECEMBER  1 2016......SUNRISE   705 AM EST   SUNSET   420 PM EST
DECEMBER  2 2016......SUNRISE   706 AM EST   SUNSET   419 PM EST


-  INDICATES NEGATIVE NUMBERS.
R  INDICATES RECORD WAS SET OR TIED.
MM INDICATES DATA IS MISSING.
T  INDICATES TRACE AMOUNT.




$$
