000
CDUS41 KALY 130628
CLIDDH


CLIMATE REPORT
NATIONAL WEATHER SERVICE ALBANY NY
227 AM EDT WED MAY 13 2015


...................................

...THE BENNINGTON VT CLIMATE SUMMARY FOR MAY 12 2015...

CLIMATE NORMAL PERIOD 1981 TO 2010
CLIMATE RECORD PERIOD 9999 TO 9999


WEATHER ITEM   OBSERVED TIME   NORMAL DEPARTURE LAST
                VALUE   (LST)  VALUE  FROM      YEAR
                                      NORMAL
......................................................
TEMPERATURE (F)
 YESTERDAY
  MAXIMUM         79    110 PM  66     13       83
  MINIMUM         52   1054 PM  42     10       44
  AVERAGE         66            54     12       64

PRECIPITATION (IN)
  YESTERDAY        0.05          0.11  -0.06     0.00
  MONTH TO DATE    0.05          1.22  -1.17     0.49
  SINCE MAR 1      3.23          7.64  -4.41     5.10
  SINCE JAN 1      6.64         12.63  -5.99    10.96

DEGREE DAYS
 HEATING
  YESTERDAY        0            11    -11        1
  MONTH TO DATE   44           152   -108      121
  SINCE MAR 1   1824          1724    100     1866
  SINCE JUL 1   7326          6975    351     7114

 COOLING
  YESTERDAY        1             0      1        0
  MONTH TO DATE   26             0     26        4
  SINCE MAR 1     26             3     23        8
  SINCE JAN 1     26             3     23        8
......................................................


WIND (MPH)
  HIGHEST WIND SPEED    28   HIGHEST WIND DIRECTION     W (280)
  HIGHEST GUST SPEED    40   HIGHEST GUST DIRECTION     W (270)
  AVERAGE WIND SPEED     7.5


SKY COVER
  AVERAGE SKY COVER 0.7



RELATIVE HUMIDITY (PERCENT)
 HIGHEST    84           400 PM
 LOWEST     47           200 PM
 AVERAGE    66

..........................................................


THE BENNINGTON VT CLIMATE NORMALS FOR TODAY
                         NORMAL
 MAXIMUM TEMPERATURE (F)   66
 MINIMUM TEMPERATURE (F)   42


SUNRISE AND SUNSET
MAY 13 2015...........SUNRISE   533 AM EDT   SUNSET   807 PM EDT
MAY 14 2015...........SUNRISE   531 AM EDT   SUNSET   808 PM EDT


-  INDICATES NEGATIVE NUMBERS.
R  INDICATES RECORD WAS SET OR TIED.
MM INDICATES DATA IS MISSING.
T  INDICATES TRACE AMOUNT.




$$
