180
CDUS41 KALY 130626
CLIDDH


CLIMATE REPORT
NATIONAL WEATHER SERVICE ALBANY NY
225 AM EDT SUN AUG 13 2017


...................................

...THE BENNINGTON VT CLIMATE SUMMARY FOR AUGUST 12 2017...

CLIMATE NORMAL PERIOD 1981 TO 2010
CLIMATE RECORD PERIOD 9999 TO 9999


WEATHER ITEM   OBSERVED TIME   NORMAL DEPARTURE LAST
                VALUE   (LST)  VALUE  FROM      YEAR
                                      NORMAL
......................................................
TEMPERATURE (F)
 YESTERDAY
  MAXIMUM         81    228 PM  78      3       88
  MINIMUM         62   1159 PM  56      6       69
  AVERAGE         72            67      5       79

PRECIPITATION (IN)
  YESTERDAY        0.31          0.13   0.18     0.28
  MONTH TO DATE    1.18          1.71  -0.53     2.84
  SINCE JUN 1     14.46         10.18   4.28     6.97
  SINCE JAN 1     30.70         25.25   5.45    20.02

DEGREE DAYS
 HEATING
  YESTERDAY        0             1     -1        0
  MONTH TO DATE    6            12     -6        0
  SINCE JUN 1    114           133    -19       79
  SINCE JUL 1     19            36    -17       10

 COOLING
  YESTERDAY        7             4      3       14
  MONTH TO DATE   44            48     -4       78
  SINCE JUN 1    250           229     21      302
  SINCE JAN 1    265           243     22      344
......................................................


WIND (MPH)
  HIGHEST WIND SPEED    17   HIGHEST WIND DIRECTION     S (190)
  HIGHEST GUST SPEED    25   HIGHEST GUST DIRECTION    NW (320)
  AVERAGE WIND SPEED     4.1


SKY COVER
  AVERAGE SKY COVER 0.8



RELATIVE HUMIDITY (PERCENT)
 HIGHEST    93           300 AM
 LOWEST     58           300 PM
 AVERAGE    76

..........................................................


THE BENNINGTON VT CLIMATE NORMALS FOR TODAY
                         NORMAL
 MAXIMUM TEMPERATURE (F)   78
 MINIMUM TEMPERATURE (F)   56


SUNRISE AND SUNSET
AUGUST 13 2017........SUNRISE   557 AM EDT   SUNSET   758 PM EDT
AUGUST 14 2017........SUNRISE   558 AM EDT   SUNSET   756 PM EDT


-  INDICATES NEGATIVE NUMBERS.
R  INDICATES RECORD WAS SET OR TIED.
MM INDICATES DATA IS MISSING.
T  INDICATES TRACE AMOUNT.




$$
