000
CDUS41 KALY 170626
CLIDDH


CLIMATE REPORT
NATIONAL WEATHER SERVICE ALBANY NY
225 AM EDT TUE MAR 17 2015


...................................

...THE BENNINGTON VT CLIMATE SUMMARY FOR MARCH 16 2015...

CLIMATE NORMAL PERIOD 1981 TO 2010
CLIMATE RECORD PERIOD 9999 TO 9999


WEATHER ITEM   OBSERVED TIME   NORMAL DEPARTURE LAST
                VALUE   (LST)  VALUE  FROM      YEAR
                                      NORMAL
......................................................
TEMPERATURE (F)
 YESTERDAY
  MAXIMUM         42    352 PM  44     -2       27
  MINIMUM         23    629 AM  22      1       13
  AVERAGE         33            33      0       20

PRECIPITATION (IN)
  YESTERDAY        0.00          0.11  -0.11      T
  MONTH TO DATE    0.28          1.49  -1.21     0.86
  SINCE MAR 1      0.28          1.49  -1.21     0.86
  SINCE JAN 1      3.69          6.48  -2.79     6.72

DEGREE DAYS
 HEATING
  YESTERDAY       32            32      0       45
  MONTH TO DATE  625           551     74      685
  SINCE MAR 1    625           551     74      685
  SINCE JUL 1   6127          5802    325     5933

 COOLING
  YESTERDAY        0             0      0        0
  MONTH TO DATE    0             0      0        0
  SINCE MAR 1      0             0      0        0
  SINCE JAN 1      0             0      0        0
......................................................


WIND (MPH)
  HIGHEST WIND SPEED    13   HIGHEST WIND DIRECTION     N (340)
  HIGHEST GUST SPEED    17   HIGHEST GUST DIRECTION    NW (330)
  AVERAGE WIND SPEED     2.2


SKY COVER
  AVERAGE SKY COVER 0.5



RELATIVE HUMIDITY (PERCENT)
 HIGHEST    81           600 AM
 LOWEST     41           400 PM
 AVERAGE    61

..........................................................


THE BENNINGTON VT CLIMATE NORMALS FOR TODAY
                         NORMAL
 MAXIMUM TEMPERATURE (F)   44
 MINIMUM TEMPERATURE (F)   23


SUNRISE AND SUNSET
MARCH 17 2015.........SUNRISE   702 AM EDT   SUNSET   701 PM EDT
MARCH 18 2015.........SUNRISE   700 AM EDT   SUNSET   703 PM EDT


-  INDICATES NEGATIVE NUMBERS.
R  INDICATES RECORD WAS SET OR TIED.
MM INDICATES DATA IS MISSING.
T  INDICATES TRACE AMOUNT.




$$
