000
CDUS41 KALY 050623
CLIDDH


CLIMATE REPORT
NATIONAL WEATHER SERVICE ALBANY NY
122 AM EST SUN NOV 5 2017


...................................

...THE BENNINGTON VT CLIMATE SUMMARY FOR NOVEMBER 4 2017...

CLIMATE NORMAL PERIOD 1981 TO 2010
CLIMATE RECORD PERIOD 9999 TO 9999


WEATHER ITEM   OBSERVED TIME   NORMAL DEPARTURE LAST
                VALUE   (LST)  VALUE  FROM      YEAR
                                      NORMAL
......................................................
TEMPERATURE (F)
 YESTERDAY
  MAXIMUM         51    204 PM  52     -1       52
  MINIMUM         30    632 AM  32     -2       28
  AVERAGE         41            42     -1       40

PRECIPITATION (IN)
  YESTERDAY        0.00          0.11  -0.11     0.01
  MONTH TO DATE    0.15          0.45  -0.30     0.48
  SINCE SEP 1      5.91          7.71  -1.80     7.08
  SINCE JAN 1     38.26         35.25   3.01    28.39

DEGREE DAYS
 HEATING
  YESTERDAY       24            23      1       25
  MONTH TO DATE   62            91    -29       77
  SINCE SEP 1    496           840   -344      654
  SINCE JUL 1    563           912   -349      676

 COOLING
  YESTERDAY        0             0      0        0
  MONTH TO DATE    0             0      0        0
  SINCE SEP 1     88            25     63       49
  SINCE JAN 1    395           313     82      488
......................................................


WIND (MPH)
  HIGHEST WIND SPEED    15   HIGHEST WIND DIRECTION    SE (140)
  HIGHEST GUST SPEED    19   HIGHEST GUST DIRECTION    SE (150)
  AVERAGE WIND SPEED     3.5


SKY COVER
  AVERAGE SKY COVER 0.0



RELATIVE HUMIDITY (PERCENT)
 HIGHEST    89           300 AM
 LOWEST     46          1200 PM
 AVERAGE    68

..........................................................


THE BENNINGTON VT CLIMATE NORMALS FOR TODAY
                         NORMAL
 MAXIMUM TEMPERATURE (F)   52
 MINIMUM TEMPERATURE (F)   32


SUNRISE AND SUNSET
NOVEMBER  5 2017......SUNRISE   633 AM EST   SUNSET   440 PM EST
NOVEMBER  6 2017......SUNRISE   634 AM EST   SUNSET   439 PM EST


-  INDICATES NEGATIVE NUMBERS.
R  INDICATES RECORD WAS SET OR TIED.
MM INDICATES DATA IS MISSING.
T  INDICATES TRACE AMOUNT.




$$
