000
CDUS41 KALY 040624
CLIDDH


CLIMATE REPORT
NATIONAL WEATHER SERVICE ALBANY NY
223 AM EDT MON SEP 4 2017


...................................

...THE BENNINGTON VT CLIMATE SUMMARY FOR SEPTEMBER 3 2017...

CLIMATE NORMAL PERIOD 1981 TO 2010
CLIMATE RECORD PERIOD 9999 TO 9999


WEATHER ITEM   OBSERVED TIME   NORMAL DEPARTURE LAST
                VALUE   (LST)  VALUE  FROM      YEAR
                                      NORMAL
......................................................
TEMPERATURE (F)
 YESTERDAY
  MAXIMUM         58   1134 PM  75    -17       74
  MINIMUM         51    615 AM  52     -1       46
  AVERAGE         55            63     -8       60

PRECIPITATION (IN)
  YESTERDAY        0.87          0.11   0.76     0.00
  MONTH TO DATE    0.87          0.30   0.57     0.00
  SINCE SEP 1      0.87          0.30   0.57     0.00
  SINCE JAN 1     33.22         27.84   5.38    21.31

DEGREE DAYS
 HEATING
  YESTERDAY       10             3      7        5
  MONTH TO DATE   37             9     28        8
  SINCE SEP 1     37             9     28        8
  SINCE JUL 1    104            81     23       30

 COOLING
  YESTERDAY        0             2     -2        0
  MONTH TO DATE    0             6     -6        0
  SINCE SEP 1      0             6     -6        0
  SINCE JAN 1    307           294     13      439
......................................................


WIND (MPH)
  HIGHEST WIND SPEED    12   HIGHEST WIND DIRECTION     E (110)
  HIGHEST GUST SPEED    18   HIGHEST GUST DIRECTION    SE (150)
  AVERAGE WIND SPEED     2.8


SKY COVER
  AVERAGE SKY COVER 1.0



RELATIVE HUMIDITY (PERCENT)
 HIGHEST    93          1100 AM
 LOWEST     77           100 AM
 AVERAGE    85

..........................................................


THE BENNINGTON VT CLIMATE NORMALS FOR TODAY
                         NORMAL
 MAXIMUM TEMPERATURE (F)   74
 MINIMUM TEMPERATURE (F)   51


SUNRISE AND SUNSET
SEPTEMBER  4 2017.....SUNRISE   621 AM EDT   SUNSET   722 PM EDT
SEPTEMBER  5 2017.....SUNRISE   622 AM EDT   SUNSET   720 PM EDT


-  INDICATES NEGATIVE NUMBERS.
R  INDICATES RECORD WAS SET OR TIED.
MM INDICATES DATA IS MISSING.
T  INDICATES TRACE AMOUNT.




$$
