000
CDUS41 KALY 090625
CLIDDH


CLIMATE REPORT
NATIONAL WEATHER SERVICE ALBANY NY
225 AM EDT FRI SEP 9 2016


...................................

...THE BENNINGTON VT CLIMATE SUMMARY FOR SEPTEMBER 8 2016...

CLIMATE NORMAL PERIOD 1981 TO 2010
CLIMATE RECORD PERIOD 9999 TO 9999


WEATHER ITEM   OBSERVED TIME   NORMAL DEPARTURE LAST
                VALUE   (LST)  VALUE  FROM      YEAR
                                      NORMAL
......................................................
TEMPERATURE (F)
 YESTERDAY
  MAXIMUM         84    312 PM  73     11       91
  MINIMUM         60    437 AM  50     10       62
  AVERAGE         72            62     10       77

PRECIPITATION (IN)
  YESTERDAY        0.40          0.11   0.29     0.74
  MONTH TO DATE    0.40          0.83  -0.43     0.74
  SINCE SEP 1      0.40          0.83  -0.43     0.74
  SINCE JAN 1     21.71         28.37  -6.66    14.97

DEGREE DAYS
 HEATING
  YESTERDAY        0             4     -4        0
  MONTH TO DATE    9            29    -20        0
  SINCE SEP 1      9            29    -20        0
  SINCE JUL 1     31           101    -70       39

 COOLING
  YESTERDAY        7             1      6       12
  MONTH TO DATE   17            12      5       51
  SINCE SEP 1     17            12      5       51
  SINCE JAN 1    456           300    156      419
......................................................


WIND (MPH)
  HIGHEST WIND SPEED    23   HIGHEST WIND DIRECTION     W (270)
  HIGHEST GUST SPEED    32   HIGHEST GUST DIRECTION     W (260)
  AVERAGE WIND SPEED     2.2


SKY COVER
  AVERAGE SKY COVER 0.4



RELATIVE HUMIDITY (PERCENT)
 HIGHEST   100          1100 PM
 LOWEST     58           100 PM
 AVERAGE    79

..........................................................


THE BENNINGTON VT CLIMATE NORMALS FOR TODAY
                         NORMAL
 MAXIMUM TEMPERATURE (F)   73
 MINIMUM TEMPERATURE (F)   50


SUNRISE AND SUNSET
SEPTEMBER  9 2016.....SUNRISE   627 AM EDT   SUNSET   713 PM EDT
SEPTEMBER 10 2016.....SUNRISE   628 AM EDT   SUNSET   711 PM EDT


-  INDICATES NEGATIVE NUMBERS.
R  INDICATES RECORD WAS SET OR TIED.
MM INDICATES DATA IS MISSING.
T  INDICATES TRACE AMOUNT.




$$
