000
CDUS41 KALY 070630
CLIDDH


CLIMATE REPORT
NATIONAL WEATHER SERVICE ALBANY NY
229 AM EDT FRI JUL 7 2017


...................................

...THE BENNINGTON VT CLIMATE SUMMARY FOR JULY 6 2017...

CLIMATE NORMAL PERIOD 1981 TO 2010
CLIMATE RECORD PERIOD 9999 TO 9999


WEATHER ITEM   OBSERVED TIME   NORMAL DEPARTURE LAST
                VALUE   (LST)  VALUE  FROM      YEAR
                                      NORMAL
......................................................
TEMPERATURE (F)
 YESTERDAY
  MAXIMUM         79    238 PM  79      0       87
  MINIMUM         60    353 AM  57      3       57
  AVERAGE         70            68      2       72

PRECIPITATION (IN)
  YESTERDAY        T             0.13  -0.13     0.00
  MONTH TO DATE    3.47          0.78   2.69     0.31
  SINCE JUN 1     10.55          4.91   5.64     2.05
  SINCE JAN 1     26.79         19.98   6.81    15.10

DEGREE DAYS
 HEATING
  YESTERDAY        0             1     -1        0
  MONTH TO DATE    0             6     -6        1
  SINCE JUN 1     95           103     -8       70
  SINCE JUL 1      0             6     -6        1

 COOLING
  YESTERDAY        5             4      1        7
  MONTH TO DATE   25            23      2       19
  SINCE JUN 1    112            81     31       77
  SINCE JAN 1    127            95     32      119
......................................................


WIND (MPH)
  HIGHEST WIND SPEED    12   HIGHEST WIND DIRECTION     S (180)
  HIGHEST GUST SPEED    17   HIGHEST GUST DIRECTION     S (170)
  AVERAGE WIND SPEED     2.8


SKY COVER
  AVERAGE SKY COVER 0.6



RELATIVE HUMIDITY (PERCENT)
 HIGHEST    78           900 PM
 LOWEST     53           900 AM
 AVERAGE    66

..........................................................


THE BENNINGTON VT CLIMATE NORMALS FOR TODAY
                         NORMAL
 MAXIMUM TEMPERATURE (F)   79
 MINIMUM TEMPERATURE (F)   57


SUNRISE AND SUNSET
JULY  7 2017..........SUNRISE   522 AM EDT   SUNSET   834 PM EDT
JULY  8 2017..........SUNRISE   523 AM EDT   SUNSET   833 PM EDT


-  INDICATES NEGATIVE NUMBERS.
R  INDICATES RECORD WAS SET OR TIED.
MM INDICATES DATA IS MISSING.
T  INDICATES TRACE AMOUNT.




$$
