000
CDUS41 KALY 150624
CLIDDH


CLIMATE REPORT
NATIONAL WEATHER SERVICE ALBANY NY
224 AM EDT FRI APR 15 2016


...................................

...THE BENNINGTON VT CLIMATE SUMMARY FOR APRIL 14 2016...

CLIMATE NORMAL PERIOD 1981 TO 2010
CLIMATE RECORD PERIOD 9999 TO 9999


WEATHER ITEM   OBSERVED TIME   NORMAL DEPARTURE LAST
                VALUE   (LST)  VALUE  FROM      YEAR
                                      NORMAL
......................................................
TEMPERATURE (F)
 YESTERDAY
  MAXIMUM         56    342 PM  56      0       64
  MINIMUM         26    512 AM  34     -8       38
  AVERAGE         41            45     -4       51

PRECIPITATION (IN)
  YESTERDAY        0.00          0.10  -0.10      T
  MONTH TO DATE    2.17          1.68   0.49     0.76
  SINCE MAR 1      4.63          4.83  -0.20     1.90
  SINCE JAN 1      9.67          9.82  -0.15     5.31

DEGREE DAYS
 HEATING
  YESTERDAY       24            20      4       14
  MONTH TO DATE  394           317     77      318
  SINCE MAR 1   1158          1301   -143     1489
  SINCE JUL 1   5491          6552  -1061     6991

 COOLING
  YESTERDAY        0             0      0        0
  MONTH TO DATE    0             0      0        0
  SINCE MAR 1      0             0      0        0
  SINCE JAN 1      0             0      0        0
......................................................


WIND (MPH)
  HIGHEST WIND SPEED    15   HIGHEST WIND DIRECTION     N (340)
  HIGHEST GUST SPEED    20   HIGHEST GUST DIRECTION    NW (330)
  AVERAGE WIND SPEED     3.6


SKY COVER
  AVERAGE SKY COVER 0.0



RELATIVE HUMIDITY (PERCENT)
 HIGHEST    81           500 AM
 LOWEST     20           400 PM
 AVERAGE    51

..........................................................


THE BENNINGTON VT CLIMATE NORMALS FOR TODAY
                         NORMAL
 MAXIMUM TEMPERATURE (F)   57
 MINIMUM TEMPERATURE (F)   34


SUNRISE AND SUNSET
APRIL 15 2016.........SUNRISE   611 AM EDT   SUNSET   736 PM EDT
APRIL 16 2016.........SUNRISE   609 AM EDT   SUNSET   737 PM EDT


-  INDICATES NEGATIVE NUMBERS.
R  INDICATES RECORD WAS SET OR TIED.
MM INDICATES DATA IS MISSING.
T  INDICATES TRACE AMOUNT.




$$
