000
CDUS41 KALY 140623
CLIDDH


CLIMATE REPORT
NATIONAL WEATHER SERVICE ALBANY NY
222 AM EDT TUE MAR 14 2017


...................................

...THE BENNINGTON VT CLIMATE SUMMARY FOR MARCH 13 2017...

CLIMATE NORMAL PERIOD 1981 TO 2010
CLIMATE RECORD PERIOD 9999 TO 9999


WEATHER ITEM   OBSERVED TIME   NORMAL DEPARTURE LAST
                VALUE   (LST)  VALUE  FROM      YEAR
                                      NORMAL
......................................................
TEMPERATURE (F)
 YESTERDAY
  MAXIMUM         26    357 PM  43    -17       57
  MINIMUM          5    649 AM  21    -16       34
  AVERAGE         16            32    -16       46

PRECIPITATION (IN)
  YESTERDAY        0.00          0.09  -0.09     0.00
  MONTH TO DATE    0.47          1.18  -0.71     0.93
  SINCE MAR 1      0.47          1.18  -0.71     0.93
  SINCE JAN 1      4.10          6.17  -2.07     5.97

DEGREE DAYS
 HEATING
  YESTERDAY       49            33     16       19
  MONTH TO DATE  484           454     30      351
  SINCE MAR 1    484           454     30      351
  SINCE JUL 1   5019          5705   -686     4684

 COOLING
  YESTERDAY        0             0      0        0
  MONTH TO DATE    0             0      0        0
  SINCE MAR 1      0             0      0        0
  SINCE JAN 1      0             0      0        0
......................................................


WIND (MPH)
  HIGHEST WIND SPEED    12   HIGHEST WIND DIRECTION    NW (330)
  HIGHEST GUST SPEED    16   HIGHEST GUST DIRECTION    NW (320)
  AVERAGE WIND SPEED     2.7


SKY COVER
  AVERAGE SKY COVER 0.1



RELATIVE HUMIDITY (PERCENT)
 HIGHEST    76           700 AM
 LOWEST     29           300 PM
 AVERAGE    53

..........................................................


THE BENNINGTON VT CLIMATE NORMALS FOR TODAY
                         NORMAL
 MAXIMUM TEMPERATURE (F)   43
 MINIMUM TEMPERATURE (F)   22


SUNRISE AND SUNSET
MARCH 14 2017.........SUNRISE   706 AM EDT   SUNSET   658 PM EDT
MARCH 15 2017.........SUNRISE   705 AM EDT   SUNSET   700 PM EDT


-  INDICATES NEGATIVE NUMBERS.
R  INDICATES RECORD WAS SET OR TIED.
MM INDICATES DATA IS MISSING.
T  INDICATES TRACE AMOUNT.




$$
